000
CDUS41 KOKX 230617
CLILGA


CLIMATE REPORT
NATIONAL WEATHER SERVICE NEW YORK NY
217 AM EDT MON OCT 23 2017


...................................

...THE LAGUARDIA NY CLIMATE SUMMARY FOR OCTOBER 22 2017...

CLIMATE NORMAL PERIOD 1981 TO 2010
CLIMATE RECORD PERIOD 1939 TO 2017


WEATHER ITEM   OBSERVED TIME   RECORD YEAR NORMAL DEPARTURE LAST
                VALUE   (LST)  VALUE       VALUE  FROM      YEAR
                                                  NORMAL
..................................................................
TEMPERATURE (F)
 YESTERDAY
  MAXIMUM         76   1129 AM  83    1979  63     13       62
  MINIMUM         58    605 AM  33    1940  49      9       49
  AVERAGE         67                        56     11       56

PRECIPITATION (IN)
  YESTERDAY        0.00          2.15 1958   0.13  -0.13     0.31
  MONTH TO DATE    0.71                      2.73  -2.02     2.74
  SINCE SEP 1      2.55                      6.46  -3.91     5.27
  SINCE JAN 1     35.54                     36.71  -1.17    28.99

SNOWFALL (IN)
  YESTERDAY        0.0          MM      MM   0.0    0.0      0.0
  MONTH TO DATE    0.0                       0.0    0.0      0.0
  SINCE OCT 1      0.0                       0.0    0.0      0.0
  SINCE JUL 1      0.0                       0.0    0.0      0.0
  SNOW DEPTH       0

DEGREE DAYS
 HEATING
  YESTERDAY        0                         9     -9        9
  MONTH TO DATE   31                       140   -109       57
  SINCE SEP 1     41                       174   -133       62
  SINCE JUL 1     41                       175   -134       62

 COOLING
  YESTERDAY        2                         0      2        0
  MONTH TO DATE   86                        20     66       47
  SINCE SEP 1    298                       177    121      323
  SINCE JAN 1   1429                      1210    219     1740
..................................................................


WIND (MPH)
  HIGHEST WIND SPEED    14   HIGHEST WIND DIRECTION     S (160)
  HIGHEST GUST SPEED    17   HIGHEST GUST DIRECTION     S (170)
  AVERAGE WIND SPEED     5.1


SKY COVER
  AVERAGE SKY COVER 0.6


WEATHER CONDITIONS
 THE FOLLOWING WEATHER WAS RECORDED YESTERDAY.
  NO SIGNIFICANT WEATHER WAS OBSERVED.


RELATIVE HUMIDITY (PERCENT)
 HIGHEST    84          1100 PM
 LOWEST     27          1200 PM
 AVERAGE    56

..........................................................


THE LAGUARDIA NY CLIMATE NORMALS FOR TODAY
                         NORMAL    RECORD    YEAR
 MAXIMUM TEMPERATURE (F)   63        86      1947
 MINIMUM TEMPERATURE (F)   49        32      1969


SUNRISE AND SUNSET
OCTOBER 23 2017.......SUNRISE   716 AM EDT   SUNSET   603 PM EDT
OCTOBER 24 2017.......SUNRISE   717 AM EDT   SUNSET   602 PM EDT


-  INDICATES NEGATIVE NUMBERS.
R  INDICATES RECORD WAS SET OR TIED.
MM INDICATES DATA IS MISSING.
T  INDICATES TRACE AMOUNT.




$$
