000
CDUS41 KOKX 160707
CLILGA


CLIMATE REPORT
NATIONAL WEATHER SERVICE NEW YORK NY
207 AM EST TUE JAN 16 2018


...................................

...THE LAGUARDIA NY CLIMATE SUMMARY FOR JANUARY 15 2018...

CLIMATE NORMAL PERIOD 1981 TO 2010
CLIMATE RECORD PERIOD 1939 TO 2018


WEATHER ITEM   OBSERVED TIME   RECORD YEAR NORMAL DEPARTURE LAST
                VALUE   (LST)  VALUE       VALUE  FROM      YEAR
                                                  NORMAL
..................................................................
TEMPERATURE (F)
 YESTERDAY
  MAXIMUM         30    300 PM  62    1995  39     -9       41
  MINIMUM         16    305 AM   0    1957  26    -10       33
  AVERAGE         23                        33    -10       37

PRECIPITATION (IN)
  YESTERDAY        0.00          0.88 1999   0.11  -0.11     0.00
  MONTH TO DATE    1.31                      1.57  -0.26     1.62
  SINCE DEC 1      3.37                      5.13  -1.76     4.57
  SINCE JAN 1      1.31                      1.57  -0.26     1.62

SNOWFALL (IN)
  YESTERDAY        0.0           4.6  2004   0.2   -0.2      0.0
  MONTH TO DATE    7.4                       3.6    3.8      8.9
  SINCE OCT 1     15.4                       9.1    6.3     11.9
  SINCE JUL 1     15.4                       9.1    6.3     11.9
  SNOW DEPTH       0

DEGREE DAYS
 HEATING
  YESTERDAY       42                        32     10       28
  MONTH TO DATE  587                       476    111      409
  SINCE DEC 1   1472                      1307    165     1167
  SINCE JUL 1   2063                      2082    -19     1705

 COOLING
  YESTERDAY        0                         0      0        0
  MONTH TO DATE    0                         0      0        0
  SINCE DEC 1      0                         0      0        0
  SINCE JAN 1      0                         0      0        0
..................................................................


WIND (MPH)
  HIGHEST WIND SPEED    22   HIGHEST WIND DIRECTION    NE (40)
  HIGHEST GUST SPEED    27   HIGHEST GUST DIRECTION    NE (50)
  AVERAGE WIND SPEED    13.2


SKY COVER
  AVERAGE SKY COVER 0.5


WEATHER CONDITIONS
 THE FOLLOWING WEATHER WAS RECORDED YESTERDAY.
  NO SIGNIFICANT WEATHER WAS OBSERVED.


RELATIVE HUMIDITY (PERCENT)
 HIGHEST    68           900 AM
 LOWEST     54          1200 AM
 AVERAGE    61

..........................................................


THE LAGUARDIA NY CLIMATE NORMALS FOR TODAY
                         NORMAL    RECORD    YEAR
 MAXIMUM TEMPERATURE (F)   39        59      1953
 MINIMUM TEMPERATURE (F)   26         2      1994


SUNRISE AND SUNSET
JANUARY 16 2018.......SUNRISE   717 AM EST   SUNSET   454 PM EST
JANUARY 17 2018.......SUNRISE   717 AM EST   SUNSET   455 PM EST


-  INDICATES NEGATIVE NUMBERS.
R  INDICATES RECORD WAS SET OR TIED.
MM INDICATES DATA IS MISSING.
T  INDICATES TRACE AMOUNT.




$$
