000
CDUS41 KOKX 312038
CLILGA


CLIMATE REPORT
NATIONAL WEATHER SERVICE NEW YORK NY
437 PM EDT TUE MAY 31 2016


...................................

...THE LAGUARDIA NY CLIMATE SUMMARY FOR MAY 31 2016...
VALID TODAY AS OF 0400 PM LOCAL TIME.

CLIMATE NORMAL PERIOD 1981 TO 2010
CLIMATE RECORD PERIOD 1945 TO 2016


WEATHER ITEM   OBSERVED TIME   RECORD YEAR NORMAL DEPARTURE LAST
                VALUE   (LST)  VALUE       VALUE  FROM      YEAR
                                                  NORMAL
..................................................................
TEMPERATURE (F)
 TODAY
  MAXIMUM         84    227 PM  96    1987  76      8       86
  MINIMUM         69    150 AM  50    1961  59     10       57
                                      1947
  AVERAGE         77                        67     10       72

PRECIPITATION (IN)
  TODAY            0.00          1.77 1993   0.14  -0.14     1.28
  MONTH TO DATE    3.92                      3.79   0.13     1.61
  SINCE MAR 1      6.84                     11.76  -4.92     7.97
  SINCE JAN 1     15.37                     17.69  -2.32    15.05

SNOWFALL (IN)
  TODAY            0.0           T    2002   0.0    0.0      0.0
  MONTH TO DATE    0.0                       0.0    0.0      0.0
  SINCE OCT 1     36.2                      26.9    9.3     53.8
  SINCE JUL 1     36.2                      26.9    9.3     53.8
  SNOW DEPTH       0

DEGREE DAYS
 HEATING
  TODAY            0                         2     -2        0
  MONTH TO DATE  141                       135      6       50
  SINCE MAR 1    990                      1219   -229     1228
  SINCE JUL 1   3652                      4648   -996     4950

 COOLING
  TODAY           12                         4      8        7
  MONTH TO DATE  108                        58     50      120
  SINCE MAR 1    121                        66     55      122
  SINCE JAN 1    121                        66     55      122
..................................................................


WIND (MPH)
  HIGHEST WIND SPEED    15   HIGHEST WIND DIRECTION     S (200)
  HIGHEST GUST SPEED    18   HIGHEST GUST DIRECTION    NE (60)
  AVERAGE WIND SPEED     7.1


SKY COVER
  AVERAGE SKY COVER 0.8


WEATHER CONDITIONS
 THE FOLLOWING WEATHER WAS RECORDED TODAY.
  NO SIGNIFICANT WEATHER WAS OBSERVED.


RELATIVE HUMIDITY (PERCENT)
 HIGHEST    93          1200 AM
 LOWEST     54          1000 AM
 AVERAGE    74

..........................................................


THE LAGUARDIA NY CLIMATE NORMALS FOR TOMORROW
                         NORMAL    RECORD    YEAR
 MAXIMUM TEMPERATURE (F)   76        94      1987
 MINIMUM TEMPERATURE (F)   59        46      1945


SUNRISE AND SUNSET
MAY 31 2016...........SUNRISE   527 AM EDT   SUNSET   820 PM EDT
JUNE  1 2016..........SUNRISE   526 AM EDT   SUNSET   821 PM EDT


-  INDICATES NEGATIVE NUMBERS.
R  INDICATES RECORD WAS SET OR TIED.
MM INDICATES DATA IS MISSING.
T  INDICATES TRACE AMOUNT.




$$
