000
CDUS46 KLOX 060909
CLILGB


CLIMATE REPORT
NATIONAL WEATHER SERVICE LOS ANGELES/OXNARD CA
209 AM PDT FRI MAY 6 2016


...................................

...THE LONG BEACH AIRPORT CA CLIMATE SUMMARY FOR MAY 5 2016...

CLIMATE NORMAL PERIOD 1981 TO 2010
CLIMATE RECORD PERIOD 1958 TO 2016


WEATHER ITEM   OBSERVED TIME   RECORD YEAR NORMAL DEPARTURE LAST
                VALUE   (LST)  VALUE       VALUE  FROM      YEAR
                                                  NORMAL
..................................................................
TEMPERATURE (F)
 YESTERDAY
  MAXIMUM         69   1254 PM 102    1990  73     -4       69
  MINIMUM         60   1159 PM  47    1964  56      4       59
                                      1960
  AVERAGE         65                        65      0       64

PRECIPITATION (IN)
  YESTERDAY        0.04          0.25 1998   0.01   0.03     0.00
  MONTH TO DATE    0.04                      0.05  -0.01     0.00
  SINCE OCT 1      4.97                     11.79  -6.82     7.08
  SINCE JAN 1      3.97                      8.21  -4.24     1.82

SNOWFALL (IN)
  YESTERDAY        0.0
  MONTH TO DATE    0.0
  SINCE MAR 1      0.0
  SINCE JUL 1      0.0

DEGREE DAYS
 HEATING
  YESTERDAY        0                         2     -2        1
  MONTH TO DATE    3                        10     -7        2
  SINCE MAR 1    137                       295   -158       80
  SINCE JUL 1    780                      1186   -406      503

 COOLING
  YESTERDAY        0                         2     -2        0
  MONTH TO DATE    4                        10     -6       16
  SINCE MAR 1     73                        49     24      206
  SINCE JAN 1    120                        57     63      243
..................................................................


WIND (MPH)
  HIGHEST WIND SPEED    14   HIGHEST WIND DIRECTION    SW (220)
  HIGHEST GUST SPEED    20   HIGHEST GUST DIRECTION    SW (220)
  AVERAGE WIND SPEED     5.4


SKY COVER
  POSSIBLE SUNSHINE  MM
  AVERAGE SKY COVER 1.0


WEATHER CONDITIONS
 THE FOLLOWING WEATHER WAS RECORDED YESTERDAY.
  LIGHT RAIN


RELATIVE HUMIDITY (PERCENT)
 HIGHEST    84           900 PM
 LOWEST     49           100 PM
 AVERAGE    67

..........................................................


THE LONG BEACH AIRPORT CA CLIMATE NORMALS FOR TODAY
                         NORMAL    RECORD    YEAR
 MAXIMUM TEMPERATURE (F)   73       100      1990
 MINIMUM TEMPERATURE (F)   56        46      1967
                                             1964


SUNRISE AND SUNSET
MAY  6 2016...........SUNRISE   558 AM PDT   SUNSET   740 PM PDT
MAY  7 2016...........SUNRISE   558 AM PDT   SUNSET   741 PM PDT


-  INDICATES NEGATIVE NUMBERS.
R  INDICATES RECORD WAS SET OR TIED.
MM INDICATES DATA IS MISSING.
T  INDICATES TRACE AMOUNT.




$$
