000
CDUS46 KLOX 210858
CLILGB


CLIMATE REPORT
NATIONAL WEATHER SERVICE LOS ANGELES/OXNARD CA
1258 AM PST TUE NOV 21 2017


...................................

...THE LONG BEACH AIRPORT CA CLIMATE SUMMARY FOR NOVEMBER 20 2017...

CLIMATE NORMAL PERIOD 1981 TO 2010
CLIMATE RECORD PERIOD 1958 TO 2017


WEATHER ITEM   OBSERVED TIME   RECORD YEAR NORMAL DEPARTURE LAST
                VALUE   (LST)  VALUE       VALUE  FROM      YEAR
                                                  NORMAL
..................................................................
TEMPERATURE (F)
 YESTERDAY
  MAXIMUM         73   1242 PM  91    2002  71      2       64
  MINIMUM         50    622 AM  36    1994  50      0       55
  AVERAGE         62                        60      2       60

PRECIPITATION (IN)
  YESTERDAY        0.00          1.41 1967   0.03  -0.03     0.42
  MONTH TO DATE    0.04                      0.57  -0.53     0.42
  SINCE OCT 1      0.04                      1.20  -1.16     0.83
  SINCE JAN 1     14.94                      9.88   5.06     4.82

SNOWFALL (IN)
  YESTERDAY        0.0
  MONTH TO DATE    0.0
  SINCE SEP 1      0.0
  SINCE JUL 1      0.0

DEGREE DAYS
 HEATING
  YESTERDAY        3                         5     -2        5
  MONTH TO DATE   10                        65    -55       16
  SINCE SEP 1     10                        86    -76       19
  SINCE JUL 1     10                        86    -76       19

 COOLING
  YESTERDAY        0                         0      0        0
  MONTH TO DATE   22                        19      3       81
  SINCE SEP 1    526                       355    171      501
  SINCE JAN 1   1492                      1123    369     1445
..................................................................


WIND (MPH)
  HIGHEST WIND SPEED     9   HIGHEST WIND DIRECTION     S (180)
  HIGHEST GUST SPEED    12   HIGHEST GUST DIRECTION     S (190)
  AVERAGE WIND SPEED     2.1


SKY COVER
  POSSIBLE SUNSHINE  MM
  AVERAGE SKY COVER 0.0


WEATHER CONDITIONS
 THE FOLLOWING WEATHER WAS RECORDED YESTERDAY.
  NO SIGNIFICANT WEATHER WAS OBSERVED.


RELATIVE HUMIDITY (PERCENT)
 HIGHEST    90           800 PM
 LOWEST     37          1100 AM
 AVERAGE    64

..........................................................


THE LONG BEACH AIRPORT CA CLIMATE NORMALS FOR TODAY
                         NORMAL    RECORD    YEAR
 MAXIMUM TEMPERATURE (F)   71        90      2015
 MINIMUM TEMPERATURE (F)   49        37      1979


SUNRISE AND SUNSET
NOVEMBER 21 2017......SUNRISE   631 AM PST   SUNSET   446 PM PST
NOVEMBER 22 2017......SUNRISE   632 AM PST   SUNSET   446 PM PST


-  INDICATES NEGATIVE NUMBERS.
R  INDICATES RECORD WAS SET OR TIED.
MM INDICATES DATA IS MISSING.
T  INDICATES TRACE AMOUNT.




$$
