000
CDUS46 KLOX 260112
CLILGB


CLIMATE REPORT
NATIONAL WEATHER SERVICE LOS ANGELES/OXNARD CA
611 PM PDT THU MAY 25 2017


...................................

...THE LONG BEACH AIRPORT CA CLIMATE SUMMARY FOR MAY 25 2017...
VALID TODAY AS OF 0600 PM LOCAL TIME.

CLIMATE NORMAL PERIOD 1981 TO 2010
CLIMATE RECORD PERIOD 1958 TO 2017


WEATHER ITEM   OBSERVED TIME   RECORD YEAR NORMAL DEPARTURE LAST
                VALUE   (LST)  VALUE       VALUE  FROM      YEAR
                                                  NORMAL
..................................................................
TEMPERATURE (F)
 TODAY
  MAXIMUM         69    327 PM  91    1974  74     -5       71
  MINIMUM         60    528 AM  47    1980  59      1       57
                                      1962
  AVERAGE         65                        66     -1       64

PRECIPITATION (IN)
  TODAY            0.00          0.03 2000   0.00   0.00     0.00
  MONTH TO DATE    0.40                      0.18   0.22     0.05
  SINCE OCT 1     19.98                     11.92   8.06     4.98
  SINCE JAN 1     14.78                      8.34   6.44     3.98

SNOWFALL (IN)
  TODAY            0.0
  MONTH TO DATE    0.0
  SINCE MAR 1      0.0
  SINCE JUL 1      0.0

DEGREE DAYS
 HEATING
  TODAY            0                         1     -1        1
  MONTH TO DATE   34                        34      0       17
  SINCE MAR 1    133                       319   -186      151
  SINCE JUL 1    911                      1210   -299      794

 COOLING
  TODAY            0                         2     -2        0
  MONTH TO DATE   65                        50     15       17
  SINCE MAR 1    155                        89     66       86
  SINCE JAN 1    156                        97     59      133
..................................................................


WIND (MPH)
  HIGHEST WIND SPEED    12   HIGHEST WIND DIRECTION    SW (210)
  HIGHEST GUST SPEED    18   HIGHEST GUST DIRECTION    SW (230)
  AVERAGE WIND SPEED     5.8


SKY COVER
  POSSIBLE SUNSHINE  MM
  AVERAGE SKY COVER 0.8


WEATHER CONDITIONS
 THE FOLLOWING WEATHER WAS RECORDED TODAY.
  NO SIGNIFICANT WEATHER WAS OBSERVED.


RELATIVE HUMIDITY (PERCENT)
 HIGHEST    72          1200 AM
 LOWEST     45           200 PM
 AVERAGE    59

..........................................................


THE LONG BEACH AIRPORT CA CLIMATE NORMALS FOR TOMORROW
                         NORMAL    RECORD    YEAR
 MAXIMUM TEMPERATURE (F)   74        93      1968
 MINIMUM TEMPERATURE (F)   59        49      1980


SUNRISE AND SUNSET
MAY 25 2017...........SUNRISE   545 AM PDT   SUNSET   754 PM PDT
MAY 26 2017...........SUNRISE   545 AM PDT   SUNSET   755 PM PDT


-  INDICATES NEGATIVE NUMBERS.
R  INDICATES RECORD WAS SET OR TIED.
MM INDICATES DATA IS MISSING.
T  INDICATES TRACE AMOUNT.




$$
