000
CDUS46 KLOX 220904
CLILGB


CLIMATE REPORT
NATIONAL WEATHER SERVICE LOS ANGELES/OXNARD CA
104 AM PST WED FEB 22 2017


...................................

...THE LONG BEACH AIRPORT CA CLIMATE SUMMARY FOR FEBRUARY 21 2017...

CLIMATE NORMAL PERIOD 1981 TO 2010
CLIMATE RECORD PERIOD 1958 TO 2017


WEATHER ITEM   OBSERVED TIME   RECORD YEAR NORMAL DEPARTURE LAST
                VALUE   (LST)  VALUE       VALUE  FROM      YEAR
                                                  NORMAL
..................................................................
TEMPERATURE (F)
 YESTERDAY
  MAXIMUM         67    230 PM  89    2002  67      0       72
  MINIMUM         57   1130 PM  36    1971  49      8       49
  AVERAGE         62                        58      4       61

PRECIPITATION (IN)
  YESTERDAY        0.00          1.49 2005   0.12  -0.12     0.00
  MONTH TO DATE    4.66                      2.32   2.34     0.61
  SINCE OCT 1     19.19                      8.50  10.69     3.90
  SINCE JAN 1     13.99                      4.92   9.07     2.90

SNOWFALL (IN)
  YESTERDAY        0.0
  MONTH TO DATE    0.0
  SINCE DEC 1      0.0
  SINCE JUL 1      0.0

DEGREE DAYS
 HEATING
  YESTERDAY        3                         7     -4        4
  MONTH TO DATE  113                       164    -51       80
  SINCE DEC 1    621                       694    -73      546
  SINCE JUL 1    701                       843   -142      638

 COOLING
  YESTERDAY        0                         0      0        0
  MONTH TO DATE    1                         0      1       39
  SINCE DEC 1      2                         4     -2       45
  SINCE JAN 1      1                         3     -2       39
..................................................................


WIND (MPH)
  HIGHEST WIND SPEED    12   HIGHEST WIND DIRECTION     W (290)
  HIGHEST GUST SPEED    MM   HIGHEST GUST DIRECTION    MM
  AVERAGE WIND SPEED     6.3


SKY COVER
  POSSIBLE SUNSHINE  MM
  AVERAGE SKY COVER 0.6


WEATHER CONDITIONS
 THE FOLLOWING WEATHER WAS RECORDED YESTERDAY.
  FOG


RELATIVE HUMIDITY (PERCENT)
 HIGHEST   100          1100 PM
 LOWEST     63           400 PM
 AVERAGE    82

..........................................................


THE LONG BEACH AIRPORT CA CLIMATE NORMALS FOR TODAY
                         NORMAL    RECORD    YEAR
 MAXIMUM TEMPERATURE (F)   67        90      2002
 MINIMUM TEMPERATURE (F)   49        38      1967


SUNRISE AND SUNSET
FEBRUARY 22 2017......SUNRISE   629 AM PST   SUNSET   543 PM PST
FEBRUARY 23 2017......SUNRISE   628 AM PST   SUNSET   544 PM PST


-  INDICATES NEGATIVE NUMBERS.
R  INDICATES RECORD WAS SET OR TIED.
MM INDICATES DATA IS MISSING.
T  INDICATES TRACE AMOUNT.




$$
