000
CDUS46 KLOX 030915
CLILGB


CLIMATE REPORT
NATIONAL WEATHER SERVICE LOS ANGELES/OXNARD CA
215 AM PDT THU SEP 3 2015


...................................

...THE LONG BEACH AIRPORT CA CLIMATE SUMMARY FOR SEPTEMBER 2 2015...

CLIMATE NORMAL PERIOD 1981 TO 2010
CLIMATE RECORD PERIOD 1958 TO 2015


WEATHER ITEM   OBSERVED TIME   RECORD YEAR NORMAL DEPARTURE LAST
                VALUE   (LST)  VALUE       VALUE  FROM      YEAR
                                                  NORMAL
..................................................................
TEMPERATURE (F)
 YESTERDAY
  MAXIMUM         MM        MM 101    1982  84     MM       81
  MINIMUM         MM        MM  55    1964  64     MM       68
  AVERAGE         MM                        74     MM       75

PRECIPITATION (IN)
  YESTERDAY        0.00          T    1972   0.00   0.00     0.00
                                      1961
  MONTH TO DATE    0.00                      0.00   0.00     0.00
  SINCE OCT 1      8.40                     12.08  -3.68     4.51
  SINCE JAN 1      3.14                      8.50  -5.36     3.27

SNOWFALL (IN)
  YESTERDAY        0.0
  MONTH TO DATE    0.0
  SINCE SEP 1      0.0
  SINCE JUL 1      0.0

DEGREE DAYS
 HEATING
  YESTERDAY       MM                         0     MM        0
  MONTH TO DATE    0                         0      0        0
  SINCE SEP 1      0                         0      0        0
  SINCE JUL 1      0                         0      0        0

 COOLING
  YESTERDAY       MM                         9     MM       10
  MONTH TO DATE   10                        18     -8       20
  SINCE SEP 1     10                        18     -8       20
  SINCE JAN 1   1207                       786    421     1090
..................................................................


WIND (MPH)
  HIGHEST WIND SPEED     8   HIGHEST WIND DIRECTION    SW (210)
  HIGHEST GUST SPEED    MM   HIGHEST GUST DIRECTION    MM
  AVERAGE WIND SPEED     5.3


SKY COVER
  POSSIBLE SUNSHINE  MM
  AVERAGE SKY COVER 1.0


WEATHER CONDITIONS
 THE FOLLOWING WEATHER WAS RECORDED YESTERDAY.
  NO SIGNIFICANT WEATHER WAS OBSERVED.


RELATIVE HUMIDITY (PERCENT)
 HIGHEST    73          1200 AM
 LOWEST     68           100 AM
 AVERAGE    71

..........................................................


THE LONG BEACH AIRPORT CA CLIMATE NORMALS FOR TODAY
                         NORMAL    RECORD    YEAR
 MAXIMUM TEMPERATURE (F)   84       103      2007
                                             1988
 MINIMUM TEMPERATURE (F)   64        55      1964


SUNRISE AND SUNSET
SEPTEMBER  3 2015.....SUNRISE   628 AM PDT   SUNSET   716 PM PDT
SEPTEMBER  4 2015.....SUNRISE   628 AM PDT   SUNSET   714 PM PDT


-  INDICATES NEGATIVE NUMBERS.
R  INDICATES RECORD WAS SET OR TIED.
MM INDICATES DATA IS MISSING.
T  INDICATES TRACE AMOUNT.




$$
