000
CDUS46 KLOX 250856
CLILGB


CLIMATE REPORT
NATIONAL WEATHER SERVICE LOS ANGELES/OXNARD CA
1256 AM PST SUN FEB 25 2018


...................................

...THE LONG BEACH AIRPORT CA CLIMATE SUMMARY FOR FEBRUARY 24 2018...

CLIMATE NORMAL PERIOD 1981 TO 2010
CLIMATE RECORD PERIOD 1958 TO 2018


WEATHER ITEM   OBSERVED TIME   RECORD YEAR NORMAL DEPARTURE LAST
                VALUE   (LST)  VALUE       VALUE  FROM      YEAR
                                                  NORMAL
..................................................................
TEMPERATURE (F)
 YESTERDAY
  MAXIMUM         63    325 PM  91    1986  67     -4       61
  MINIMUM         40R   601 AM  40    2007  49     -9       41
                                      1987
  AVERAGE         52                        58     -6       51

PRECIPITATION (IN)
  YESTERDAY        0.00          0.87 2008   0.11  -0.11     0.00
                                      1998
  MONTH TO DATE    0.07                      2.66  -2.59     4.66
  SINCE OCT 1      1.62                      8.84  -7.22    19.19
  SINCE JAN 1      1.55                      5.26  -3.71    13.99

SNOWFALL (IN)
  YESTERDAY        0.0
  MONTH TO DATE    0.0
  SINCE DEC 1      0.0
  SINCE JUL 1      0.0

DEGREE DAYS
 HEATING
  YESTERDAY       13                         7      6       14
  MONTH TO DATE  121                       185    -64      142
  SINCE DEC 1    354                       715   -361      650
  SINCE JUL 1    378                       864   -486      730

 COOLING
  YESTERDAY        0                         0      0        0
  MONTH TO DATE   11                         0     11        1
  SINCE DEC 1     56                         4     52        2
  SINCE JAN 1     40                         3     37        1
..................................................................


WIND (MPH)
  HIGHEST WIND SPEED    17   HIGHEST WIND DIRECTION     W (290)
  HIGHEST GUST SPEED    21   HIGHEST GUST DIRECTION     W (280)
  AVERAGE WIND SPEED     4.4


SKY COVER
  POSSIBLE SUNSHINE  MM
  AVERAGE SKY COVER 0.0


WEATHER CONDITIONS
 THE FOLLOWING WEATHER WAS RECORDED YESTERDAY.
  NO SIGNIFICANT WEATHER WAS OBSERVED.


RELATIVE HUMIDITY (PERCENT)
 HIGHEST    51           600 AM
 LOWEST     17          1100 AM
 AVERAGE    34

..........................................................


THE LONG BEACH AIRPORT CA CLIMATE NORMALS FOR TODAY
                         NORMAL    RECORD    YEAR
 MAXIMUM TEMPERATURE (F)   67        89      1992
 MINIMUM TEMPERATURE (F)   49        37      1977
                                             1962


SUNRISE AND SUNSET
FEBRUARY 25 2018......SUNRISE   626 AM PST   SUNSET   546 PM PST
FEBRUARY 26 2018......SUNRISE   625 AM PST   SUNSET   547 PM PST


-  INDICATES NEGATIVE NUMBERS.
R  INDICATES RECORD WAS SET OR TIED.
MM INDICATES DATA IS MISSING.
T  INDICATES TRACE AMOUNT.




$$
