000
CDHW41 PHFO 280255
CLILIH


CLIMATE REPORT
NATIONAL WEATHER SERVICE HONOLULU HI
445 PM HST FRI FEB 27 2015


...................................

...THE LIHUE HI CLIMATE SUMMARY FOR FEBRUARY 27 2015...
VALID TODAY AS OF 0400 PM LOCAL TIME.

CLIMATE NORMAL PERIOD 1981 TO 2010
CLIMATE RECORD PERIOD 1946 TO 2015


WEATHER ITEM   OBSERVED TIME   RECORD YEAR NORMAL DEPARTURE LAST
                VALUE   (LST)  VALUE       VALUE  FROM      YEAR
                                                  NORMAL
..................................................................
TEMPERATURE (F)
 TODAY
  MAXIMUM         84R   133 PM  83    1978  78      6       76
                                      1963
  MINIMUM         65    649 AM  55    1965  66     -1       67
  AVERAGE         75                        72      3       72

PRECIPITATION (IN)
  TODAY            0.00          3.22 2004   0.12  -0.12     0.00
  MONTH TO DATE    0.74                      3.03  -2.29     8.45
  SINCE DEC 1      3.30                     11.98  -8.68    15.44
  SINCE JAN 1      1.90                      6.78  -4.88    10.16

SNOWFALL (IN)
  TODAY            0.0
  MONTH TO DATE    0.0
  SINCE DEC 1      0.0
  SINCE JUL 1      0.0
  SNOW DEPTH       0

DEGREE DAYS
 HEATING
  TODAY            0                         0      0        0
  MONTH TO DATE    0                         0      0        0
  SINCE DEC 1      0                         0      0        0
  SINCE JUL 1      0                         0      0        0

 COOLING
  TODAY           10                         7      3        7
  MONTH TO DATE  238                       189     49      169
  SINCE DEC 1    662                       652     10      650
  SINCE JAN 1    446                       398     48      365
..................................................................


WIND (MPH)
  HIGHEST WIND SPEED    21   HIGHEST WIND DIRECTION     N (20)
  HIGHEST GUST SPEED    24   HIGHEST GUST DIRECTION     N (10)
  AVERAGE WIND SPEED     9.9


SKY COVER
  POSSIBLE SUNSHINE  MM
  AVERAGE SKY COVER 0.1


WEATHER CONDITIONS
 THE FOLLOWING WEATHER WAS RECORDED TODAY.
  NO SIGNIFICANT WEATHER WAS OBSERVED.


RELATIVE HUMIDITY (PERCENT)
 HIGHEST    87           200 AM
 LOWEST     51           200 PM
 AVERAGE    69

..........................................................


THE LIHUE HI CLIMATE NORMALS FOR TOMORROW
                         NORMAL    RECORD    YEAR
 MAXIMUM TEMPERATURE (F)   78        84      1986
 MINIMUM TEMPERATURE (F)   66        56      1965


SUNRISE AND SUNSET
FEBRUARY 27 2015......SUNRISE   700 AM HST   SUNSET   640 PM HST
FEBRUARY 28 2015......SUNRISE   659 AM HST   SUNSET   641 PM HST


-  INDICATES NEGATIVE NUMBERS.
R  INDICATES RECORD WAS SET OR TIED.
MM INDICATES DATA IS MISSING.
T  INDICATES TRACE AMOUNT.




$$
