000
CDHW41 PHFO 291245
CLILIH


CLIMATE REPORT
NATIONAL WEATHER SERVICE HONOLULU HI
245 AM HST TUE JUL 29 2014


...................................

...THE LIHUE HI CLIMATE SUMMARY FOR JULY 28 2014...

CLIMATE NORMAL PERIOD 1981 TO 2010
CLIMATE RECORD PERIOD 1946 TO 2014


WEATHER ITEM   OBSERVED TIME   RECORD YEAR NORMAL DEPARTURE LAST
                VALUE   (LST)  VALUE       VALUE  FROM      YEAR
                                                  NORMAL
..................................................................
TEMPERATURE (F)
 YESTERDAY
  MAXIMUM         85    330 PM  88    1982  84      1       82
  MINIMUM         77    623 AM  68    1965  74      3       73
  AVERAGE         81                        79      2       78

PRECIPITATION (IN)
  YESTERDAY        T             0.64 1954   0.07  -0.07     0.02
  MONTH TO DATE    1.44                      1.66  -0.22     0.68
  SINCE JUN 1      4.57                      3.27   1.30     1.38
  SINCE JAN 1     20.36                     19.11   1.25    16.18

SNOWFALL (IN)
  YESTERDAY        0.0
  MONTH TO DATE    0.0
  SINCE JUN 1      0.0
  SINCE JUL 1      0.0
  SNOW DEPTH       0

DEGREE DAYS
 HEATING
  YESTERDAY        0                         0      0        0
  MONTH TO DATE    0                         0      0        0
  SINCE JUN 1      0                         0      0        0
  SINCE JUL 1      0                         0      0        0

 COOLING
  YESTERDAY       16                        14      2       13
  MONTH TO DATE  413                       392     21      337
  SINCE JUN 1    793                       786      7      719
  SINCE JAN 1   2014                      2025    -11     1801
..................................................................


WIND (MPH)
  HIGHEST WIND SPEED    16   HIGHEST WIND DIRECTION    NE (40)
  HIGHEST GUST SPEED    18   HIGHEST GUST DIRECTION    NE (40)
  AVERAGE WIND SPEED    12.6


SKY COVER
  POSSIBLE SUNSHINE  MM
  AVERAGE SKY COVER 0.5


WEATHER CONDITIONS
 THE FOLLOWING WEATHER WAS RECORDED YESTERDAY.
  NO SIGNIFICANT WEATHER WAS OBSERVED.


RELATIVE HUMIDITY (PERCENT)
 HIGHEST    79          1200 AM
 LOWEST     61          1200 PM
 AVERAGE    70

..........................................................


THE LIHUE HI CLIMATE NORMALS FOR TODAY
                         NORMAL    RECORD    YEAR
 MAXIMUM TEMPERATURE (F)   84        88      2008
                                             1982
 MINIMUM TEMPERATURE (F)   75        67      1965


SUNRISE AND SUNSET
JULY 29 2014..........SUNRISE   609 AM HST   SUNSET   719 PM HST
JULY 30 2014..........SUNRISE   609 AM HST   SUNSET   718 PM HST


-  INDICATES NEGATIVE NUMBERS.
R  INDICATES RECORD WAS SET OR TIED.
MM INDICATES DATA IS MISSING.
T  INDICATES TRACE AMOUNT.




$$
