000
CDHW41 PHFO 260245
CLILIH


CLIMATE REPORT
NATIONAL WEATHER SERVICE HONOLULU HI
445 PM HST THU MAY 25 2017


...................................

...THE LIHUE HI CLIMATE SUMMARY FOR MAY 25 2017...
VALID TODAY AS OF 0400 PM LOCAL TIME.

CLIMATE NORMAL PERIOD 1981 TO 2010
CLIMATE RECORD PERIOD 1946 TO 2017


WEATHER ITEM   OBSERVED TIME   RECORD YEAR NORMAL DEPARTURE LAST
                VALUE   (LST)  VALUE       VALUE  FROM      YEAR
                                                  NORMAL
..................................................................
TEMPERATURE (F)
 TODAY
  MAXIMUM         83    120 PM  84    2007  82      1       81
                                      2005
                                      2004
  MINIMUM         73    114 AM  64    1959  71      2       74
  AVERAGE         78                        77      1       78

PRECIPITATION (IN)
  TODAY            0.01          1.44 1959   0.05  -0.04     0.00
  MONTH TO DATE    0.75                      1.76  -1.01     0.88
  SINCE MAR 1      7.25                      8.62  -1.37     4.34
  SINCE JAN 1     13.73                     15.53  -1.80     5.51

SNOWFALL (IN)
  TODAY            0.0
  MONTH TO DATE    0.0
  SINCE MAR 1      0.0
  SINCE JUL 1      0.0
  SNOW DEPTH      MM

DEGREE DAYS
 HEATING
  TODAY            0                         0      0        0
  MONTH TO DATE    0                         0      0        0
  SINCE MAR 1      0                         0      0        0
  SINCE JUL 1      0                         0      0        0

 COOLING
  TODAY           13                        12      1       13
  MONTH TO DATE  334                       264     70      316
  SINCE MAR 1    955                       773    182      884
  SINCE JAN 1   1396                      1168    228     1339
..................................................................


WIND (MPH)
  HIGHEST WIND SPEED    23   HIGHEST WIND DIRECTION     E (90)
  HIGHEST GUST SPEED    27   HIGHEST GUST DIRECTION     E (80)
  AVERAGE WIND SPEED    MM


SKY COVER
  POSSIBLE SUNSHINE  MM
  AVERAGE SKY COVER  MM


WEATHER CONDITIONS
 THE FOLLOWING WEATHER WAS RECORDED TODAY.
  FOG


RELATIVE HUMIDITY (PERCENT)
 HIGHEST    MM
 LOWEST     MM
 AVERAGE    MM

..........................................................


THE LIHUE HI CLIMATE NORMALS FOR TOMORROW
                         NORMAL    RECORD    YEAR
 MAXIMUM TEMPERATURE (F)   82        85      1979
                                             1960
 MINIMUM TEMPERATURE (F)   71        62      1959


SUNRISE AND SUNSET
MAY 25 2017...........SUNRISE   555 AM HST   SUNSET   714 PM HST
MAY 26 2017...........SUNRISE   554 AM HST   SUNSET   715 PM HST


-  INDICATES NEGATIVE NUMBERS.
R  INDICATES RECORD WAS SET OR TIED.
MM INDICATES DATA IS MISSING.
T  INDICATES TRACE AMOUNT.




$$
