000
CDHW41 PHFO 171245
CLILIH


CLIMATE REPORT
NATIONAL WEATHER SERVICE HONOLULU HI
245 AM HST WED SEP 17 2014


...................................

...THE LIHUE HI CLIMATE SUMMARY FOR SEPTEMBER 16 2014...

CLIMATE NORMAL PERIOD 1981 TO 2010
CLIMATE RECORD PERIOD 1946 TO 2014


WEATHER ITEM   OBSERVED TIME   RECORD YEAR NORMAL DEPARTURE LAST
                VALUE   (LST)  VALUE       VALUE  FROM      YEAR
                                                  NORMAL
..................................................................
TEMPERATURE (F)
 YESTERDAY
  MAXIMUM         87    216 PM  89    1959  85      2       85
  MINIMUM         72    656 AM  66    1981  74     -2       76
  AVERAGE         80                        80      0       81

PRECIPITATION (IN)
  YESTERDAY        0.00          0.65 2005   0.07  -0.07     0.14
  MONTH TO DATE    0.51                      0.98  -0.47     1.08
  SINCE SEP 1      0.51                      0.98  -0.47     1.08
  SINCE JAN 1     24.68                     22.43   2.25    18.29

SNOWFALL (IN)
  YESTERDAY        0.0
  MONTH TO DATE    0.0
  SINCE SEP 1      0.0
  SINCE JUL 1      0.0
  SNOW DEPTH       0

DEGREE DAYS
 HEATING
  YESTERDAY        0                         0      0        0
  MONTH TO DATE    0                         0      0        0
  SINCE SEP 1      0                         0      0        0
  SINCE JUL 1      0                         0      0        0

 COOLING
  YESTERDAY       15                        14      1       16
  MONTH TO DATE  246                       239      7      244
  SINCE SEP 1    246                       239      7      244
  SINCE JAN 1   2764                      2765     -1     2540
..................................................................


WIND (MPH)
  HIGHEST WIND SPEED    16   HIGHEST WIND DIRECTION    NE (40)
  HIGHEST GUST SPEED    18   HIGHEST GUST DIRECTION    NE (30)
  AVERAGE WIND SPEED     9.2


SKY COVER
  POSSIBLE SUNSHINE  MM
  AVERAGE SKY COVER 0.3


WEATHER CONDITIONS
 THE FOLLOWING WEATHER WAS RECORDED YESTERDAY.
  NO SIGNIFICANT WEATHER WAS OBSERVED.


RELATIVE HUMIDITY (PERCENT)
 HIGHEST    90           600 AM
 LOWEST     59           100 PM
 AVERAGE    75

..........................................................


THE LIHUE HI CLIMATE NORMALS FOR TODAY
                         NORMAL    RECORD    YEAR
 MAXIMUM TEMPERATURE (F)   85        88      1995
 MINIMUM TEMPERATURE (F)   74        65      1981


SUNRISE AND SUNSET
SEPTEMBER 17 2014.....SUNRISE   625 AM HST   SUNSET   638 PM HST
SEPTEMBER 18 2014.....SUNRISE   625 AM HST   SUNSET   637 PM HST


-  INDICATES NEGATIVE NUMBERS.
R  INDICATES RECORD WAS SET OR TIED.
MM INDICATES DATA IS MISSING.
T  INDICATES TRACE AMOUNT.




$$
