000
CDHW41 PHFO 201245
CLILIH


CLIMATE REPORT
NATIONAL WEATHER SERVICE HONOLULU HI
245 AM HST MON OCT 20 2014


...................................

...THE LIHUE HI CLIMATE SUMMARY FOR OCTOBER 19 2014...

CLIMATE NORMAL PERIOD 1981 TO 2010
CLIMATE RECORD PERIOD 1946 TO 2014


WEATHER ITEM   OBSERVED TIME   RECORD YEAR NORMAL DEPARTURE LAST
                VALUE   (LST)  VALUE       VALUE  FROM      YEAR
                                                  NORMAL
..................................................................
TEMPERATURE (F)
 YESTERDAY
  MAXIMUM         80    125 AM  88    1957  83     -3       82
  MINIMUM         76   1041 PM  64    1981  73      3       68
                                      1955
  AVERAGE         78                        78      0       75

PRECIPITATION (IN)
  YESTERDAY        0.34          1.24 1999   0.13   0.21     0.01
  MONTH TO DATE    1.34                      2.12  -0.78     7.42
  SINCE SEP 1      2.74                      4.24  -1.50     9.78
  SINCE JAN 1     26.91                     25.69   1.22    26.99

SNOWFALL (IN)
  YESTERDAY        0.0
  MONTH TO DATE    0.0
  SINCE SEP 1      0.0
  SINCE JUL 1      0.0
  SNOW DEPTH       0

DEGREE DAYS
 HEATING
  YESTERDAY        0                         0      0        0
  MONTH TO DATE    0                         0      0        0
  SINCE SEP 1      0                         0      0        0
  SINCE JUL 1      0                         0      0        0

 COOLING
  YESTERDAY       13                        13      0       10
  MONTH TO DATE  297                       258     39      242
  SINCE SEP 1    774                       691     83      702
  SINCE JAN 1   3292                      3217     75     2998
..................................................................


WIND (MPH)
  HIGHEST WIND SPEED    29   HIGHEST WIND DIRECTION     E (90)
  HIGHEST GUST SPEED    35   HIGHEST GUST DIRECTION     E (90)
  AVERAGE WIND SPEED    21.0


SKY COVER
  POSSIBLE SUNSHINE  MM
  AVERAGE SKY COVER 0.9


WEATHER CONDITIONS
 THE FOLLOWING WEATHER WAS RECORDED YESTERDAY.
  RAIN
  LIGHT RAIN
  FOG


RELATIVE HUMIDITY (PERCENT)
 HIGHEST    88           400 AM
 LOWEST     79          1200 AM
 AVERAGE    84

..........................................................


THE LIHUE HI CLIMATE NORMALS FOR TODAY
                         NORMAL    RECORD    YEAR
 MAXIMUM TEMPERATURE (F)   83        86      2004
                                             1984
                                             1962
 MINIMUM TEMPERATURE (F)   73        62      1981


SUNRISE AND SUNSET
OCTOBER 20 2014.......SUNRISE   636 AM HST   SUNSET   608 PM HST
OCTOBER 21 2014.......SUNRISE   636 AM HST   SUNSET   608 PM HST


-  INDICATES NEGATIVE NUMBERS.
R  INDICATES RECORD WAS SET OR TIED.
MM INDICATES DATA IS MISSING.
T  INDICATES TRACE AMOUNT.




$$
