000
CDHW41 PHFO 261245
CLILIH


CLIMATE REPORT
NATIONAL WEATHER SERVICE HONOLULU HI
245 AM HST TUE JUL 26 2016


...................................

...THE LIHUE HI CLIMATE SUMMARY FOR JULY 25 2016...

CLIMATE NORMAL PERIOD 1981 TO 2010
CLIMATE RECORD PERIOD 1946 TO 2016


WEATHER ITEM   OBSERVED TIME   RECORD YEAR NORMAL DEPARTURE LAST
                VALUE   (LST)  VALUE       VALUE  FROM      YEAR
                                                  NORMAL
..................................................................
TEMPERATURE (F)
 YESTERDAY
  MAXIMUM         87    400 PM  88    1982  84      3       MM
  MINIMUM         75    452 AM  67    1962  74      1       MM
  AVERAGE         81                        79      2       MM

PRECIPITATION (IN)
  YESTERDAY        T             1.34 1986   0.07  -0.07    MM
  MONTH TO DATE    1.43                      1.46  -0.03     0.42
  SINCE JUN 1      2.51                      3.07  -0.56     1.40
  SINCE JAN 1      8.95                     18.91  -9.96     7.29

SNOWFALL (IN)
  YESTERDAY        0.0
  MONTH TO DATE    0.0
  SINCE JUN 1      0.0
  SINCE JUL 1      0.0
  SNOW DEPTH       0

DEGREE DAYS
 HEATING
  YESTERDAY        0                         0      0       MM
  MONTH TO DATE    0                         0      0        0
  SINCE JUN 1      0                         0      0        0
  SINCE JUL 1      0                         0      0        0

 COOLING
  YESTERDAY       16                        14      2       MM
  MONTH TO DATE  322                       350    -28      347
  SINCE JUN 1    667                       744    -77      756
  SINCE JAN 1   2069                      1983     86     2175
..................................................................


WIND (MPH)
  HIGHEST WIND SPEED    15   HIGHEST WIND DIRECTION     S (190)
  HIGHEST GUST SPEED    19   HIGHEST GUST DIRECTION     S (190)
  AVERAGE WIND SPEED     7.5


SKY COVER
  POSSIBLE SUNSHINE  MM
  AVERAGE SKY COVER 0.5


WEATHER CONDITIONS
 THE FOLLOWING WEATHER WAS RECORDED YESTERDAY.
  LIGHT RAIN
  FOG
  HAZE


RELATIVE HUMIDITY (PERCENT)
 HIGHEST    94           400 AM
 LOWEST     65           400 PM
 AVERAGE    80

..........................................................


THE LIHUE HI CLIMATE NORMALS FOR TODAY
                         NORMAL    RECORD    YEAR
 MAXIMUM TEMPERATURE (F)   84        88      1982
                                             1957
 MINIMUM TEMPERATURE (F)   74        67      1961


SUNRISE AND SUNSET
JULY 26 2016..........SUNRISE   608 AM HST   SUNSET   720 PM HST
JULY 27 2016..........SUNRISE   608 AM HST   SUNSET   719 PM HST


-  INDICATES NEGATIVE NUMBERS.
R  INDICATES RECORD WAS SET OR TIED.
MM INDICATES DATA IS MISSING.
T  INDICATES TRACE AMOUNT.




$$
