000
CDHW41 PHFO 290234
CLILIH


CLIMATE REPORT
NATIONAL WEATHER SERVICE HONOLULU HI
434 PM HST SUN DEC 28 2014


...................................

...THE LIHUE HI CLIMATE SUMMARY FOR DECEMBER 28 2014...
VALID TODAY AS OF 0400 PM LOCAL TIME.

CLIMATE NORMAL PERIOD 1981 TO 2010
CLIMATE RECORD PERIOD 1946 TO 2014


WEATHER ITEM   OBSERVED TIME   RECORD YEAR NORMAL DEPARTURE LAST
                VALUE   (LST)  VALUE       VALUE  FROM      YEAR
                                                  NORMAL
..................................................................
TEMPERATURE (F)
 TODAY
  MAXIMUM         77    215 PM  84    2005  78     -1       80
  MINIMUM         62    356 AM  52    1953  66     -4       70
  AVERAGE         70                        72     -2       75

PRECIPITATION (IN)
  TODAY            0.00          0.90 1989   0.16  -0.16      T
  MONTH TO DATE    1.12                      4.75  -3.63     5.27
  SINCE DEC 1      1.12                      4.75  -3.63     5.27
  SINCE JAN 1     31.63                     36.60  -4.97    36.70

SNOWFALL (IN)
  TODAY            0.0
  MONTH TO DATE    0.0
  SINCE DEC 1      0.0
  SINCE JUL 1      0.0
  SNOW DEPTH       0

DEGREE DAYS
 HEATING
  TODAY            0                         0      0        0
  MONTH TO DATE    0                         0      0        0
  SINCE DEC 1      0                         0      0        0
  SINCE JUL 1      0                         0      0        0

 COOLING
  TODAY            5                         7     -2       10
  MONTH TO DATE  201                       232    -31      263
  SINCE DEC 1    201                       232    -31      263
  SINCE JAN 1   4017                      3923     94     3688
..................................................................


WIND (MPH)
  HIGHEST WIND SPEED    17   HIGHEST WIND DIRECTION    NE (40)
  HIGHEST GUST SPEED    21   HIGHEST GUST DIRECTION    NE (40)
  AVERAGE WIND SPEED    10.8


SKY COVER
  POSSIBLE SUNSHINE  MM
  AVERAGE SKY COVER 0.4


WEATHER CONDITIONS
 THE FOLLOWING WEATHER WAS RECORDED TODAY.
  NO SIGNIFICANT WEATHER WAS OBSERVED.


RELATIVE HUMIDITY (PERCENT)
 HIGHEST    72           400 AM
 LOWEST     50          1100 AM
 AVERAGE    61

..........................................................


THE LIHUE HI CLIMATE NORMALS FOR TOMORROW
                         NORMAL    RECORD    YEAR
 MAXIMUM TEMPERATURE (F)   78        85      2005
                                             1981
 MINIMUM TEMPERATURE (F)   66        56      1996
                                             1967
                                             1953


SUNRISE AND SUNSET
DECEMBER 28 2014......SUNRISE   715 AM HST   SUNSET   603 PM HST
DECEMBER 29 2014......SUNRISE   715 AM HST   SUNSET   604 PM HST


-  INDICATES NEGATIVE NUMBERS.
R  INDICATES RECORD WAS SET OR TIED.
MM INDICATES DATA IS MISSING.
T  INDICATES TRACE AMOUNT.




$$
