000
CDHW41 PHFO 251245
CLILIH


CLIMATE REPORT
NATIONAL WEATHER SERVICE HONOLULU HI
245 AM HST MON MAY 25 2015


...................................

...THE LIHUE HI CLIMATE SUMMARY FOR MAY 24 2015...

CLIMATE NORMAL PERIOD 1981 TO 2010
CLIMATE RECORD PERIOD 1946 TO 2015


WEATHER ITEM   OBSERVED TIME   RECORD YEAR NORMAL DEPARTURE LAST
                VALUE   (LST)  VALUE       VALUE  FROM      YEAR
                                                  NORMAL
..................................................................
TEMPERATURE (F)
 YESTERDAY
  MAXIMUM         78   1244 PM  85    1996  82     -4       82
                                      1981
  MINIMUM         66    609 AM  62    1985  71     -5       70
  AVERAGE         72                        76     -4       76

PRECIPITATION (IN)
  YESTERDAY        0.03          0.83 2014   0.06  -0.03     0.83
  MONTH TO DATE    0.58                      1.71  -1.13     2.06
  SINCE MAR 1      3.70                      8.57  -4.87     4.64
  SINCE JAN 1      5.61                     15.48  -9.87    15.04

SNOWFALL (IN)
  YESTERDAY        0.0
  MONTH TO DATE    0.0
  SINCE MAR 1      0.0
  SINCE JUL 1      0.0
  SNOW DEPTH       0

DEGREE DAYS
 HEATING
  YESTERDAY        0                         0      0        0
  MONTH TO DATE    0                         0      0        0
  SINCE MAR 1      0                         0      0        0
  SINCE JUL 1      0                         0      0        0

 COOLING
  YESTERDAY        7                        12     -5       11
  MONTH TO DATE  294                       252     42      261
  SINCE MAR 1    899                       761    138      761
  SINCE JAN 1   1355                      1156    199     1137
..................................................................


WIND (MPH)
  HIGHEST WIND SPEED    22   HIGHEST WIND DIRECTION     N (10)
  HIGHEST GUST SPEED    28   HIGHEST GUST DIRECTION     N (10)
  AVERAGE WIND SPEED    12.7


SKY COVER
  POSSIBLE SUNSHINE  MM
  AVERAGE SKY COVER 1.0


WEATHER CONDITIONS
 THE FOLLOWING WEATHER WAS RECORDED YESTERDAY.
  LIGHT RAIN


RELATIVE HUMIDITY (PERCENT)
 HIGHEST    81          1000 PM
 LOWEST     54          1100 AM
 AVERAGE    68

..........................................................


THE LIHUE HI CLIMATE NORMALS FOR TODAY
                         NORMAL    RECORD    YEAR
 MAXIMUM TEMPERATURE (F)   82        84      2007
                                             2005
                                             2004
 MINIMUM TEMPERATURE (F)   71        64      1959


SUNRISE AND SUNSET
MAY 25 2015...........SUNRISE   555 AM HST   SUNSET   714 PM HST
MAY 26 2015...........SUNRISE   555 AM HST   SUNSET   714 PM HST


-  INDICATES NEGATIVE NUMBERS.
R  INDICATES RECORD WAS SET OR TIED.
MM INDICATES DATA IS MISSING.
T  INDICATES TRACE AMOUNT.




$$
