000
CDHW41 PHFO 200242
CLILIH


CLIMATE REPORT
NATIONAL WEATHER SERVICE HONOLULU HI
433 PM HST THU JAN 19 2017


...................................

...THE LIHUE HI CLIMATE SUMMARY FOR JANUARY 19 2017...
VALID TODAY AS OF 0400 PM LOCAL TIME.

CLIMATE NORMAL PERIOD 1981 TO 2010
CLIMATE RECORD PERIOD 1946 TO 2017


WEATHER ITEM   OBSERVED TIME   RECORD YEAR NORMAL DEPARTURE LAST
                VALUE   (LST)  VALUE       VALUE  FROM      YEAR
                                                  NORMAL
..................................................................
TEMPERATURE (F)
 TODAY
  MAXIMUM         82    301 PM  84    1981  78      4       80
                                      1979
  MINIMUM         69    607 AM  56    1954  65      4       62
  AVERAGE         76                        72      4       71

PRECIPITATION (IN)
  TODAY            0.00          2.70 1981   0.11  -0.11     0.00
  MONTH TO DATE    0.13                      2.35  -2.22     0.08
  SINCE DEC 1      1.30                      7.55  -6.25     1.50
  SINCE JAN 1      0.13                      2.35  -2.22     0.08

SNOWFALL (IN)
  TODAY            0.0
  MONTH TO DATE    0.0
  SINCE DEC 1      0.0
  SINCE JUL 1      0.0
  SNOW DEPTH       0

DEGREE DAYS
 HEATING
  TODAY            0                         0      0        0
  MONTH TO DATE    0                         0      0        0
  SINCE DEC 1      0                         0      0        0
  SINCE JUL 1      0                         0      0        0

 COOLING
  TODAY           11                         7      4        6
  MONTH TO DATE  136                       133      3      134
  SINCE DEC 1    406                       387     19      490
  SINCE JAN 1    136                       133      3      134
..................................................................


WIND (MPH)
  HIGHEST WIND SPEED    18   HIGHEST WIND DIRECTION     E (70)
  HIGHEST GUST SPEED    21   HIGHEST GUST DIRECTION     E (70)
  AVERAGE WIND SPEED    10.4


SKY COVER
  POSSIBLE SUNSHINE  MM
  AVERAGE SKY COVER 0.7


WEATHER CONDITIONS
 THE FOLLOWING WEATHER WAS RECORDED TODAY.
  NO SIGNIFICANT WEATHER WAS OBSERVED.


RELATIVE HUMIDITY (PERCENT)
 HIGHEST    78           500 AM
 LOWEST     54           300 PM
 AVERAGE    66

..........................................................


THE LIHUE HI CLIMATE NORMALS FOR TOMORROW
                         NORMAL    RECORD    YEAR
 MAXIMUM TEMPERATURE (F)   78        84      1962
 MINIMUM TEMPERATURE (F)   65        51      1969


SUNRISE AND SUNSET
JANUARY 19 2017.......SUNRISE   718 AM HST   SUNSET   618 PM HST
JANUARY 20 2017.......SUNRISE   718 AM HST   SUNSET   619 PM HST


-  INDICATES NEGATIVE NUMBERS.
R  INDICATES RECORD WAS SET OR TIED.
MM INDICATES DATA IS MISSING.
T  INDICATES TRACE AMOUNT.




$$
