000
CDUS44 KLZK 272201
CLILIT


CLIMATE REPORT
NATIONAL WEATHER SERVICE LITTLE ROCK AR
401 PM CST FRI FEB 27 2015


...................................

...THE LITTLE ROCK ADAMS FIELD CLIMATE SUMMARY FOR FEBRUARY 27 2015...
VALID TODAY AS OF 0400 PM LOCAL TIME.

CLIMATE NORMAL PERIOD 1981 TO 2010
CLIMATE RECORD PERIOD 1874 TO 2015


WEATHER ITEM   OBSERVED TIME   RECORD YEAR NORMAL DEPARTURE LAST
                VALUE   (LST)  VALUE       VALUE  FROM      YEAR
                                                  NORMAL
..................................................................
TEMPERATURE (F)
 TODAY
  MAXIMUM         31    255 PM  81    1918  59    -28       53
  MINIMUM         21    736 AM  15    1934  38    -17       22
  AVERAGE         26                        48    -22       38

PRECIPITATION (IN)
  TODAY            0.00          2.61 1880   0.14  -0.14     0.00
  MONTH TO DATE    3.84                      3.51   0.33     3.22
  SINCE DEC 1      9.97                     12.03  -2.06    12.50
  SINCE JAN 1      6.81                      7.06  -0.25     5.56

SNOWFALL (IN)
  TODAY            0.0           2.2  1925   0.1   -0.1      0.0
  MONTH TO DATE    5.3                       1.3    4.0      2.7
  SINCE DEC 1      5.3                       3.1    2.2      4.0
  SINCE JUL 1      5.4                       3.1    2.3      4.0
  SNOW DEPTH       T

DEGREE DAYS
 HEATING
  TODAY           39                        17     22       27
  MONTH TO DATE  713                       551    162      643
  SINCE DEC 1   2042                      1983     59     2162
  SINCE JUL 1   2613                      2497    116     2746

 COOLING
  TODAY            0                         0      0        0
  MONTH TO DATE    0                         0      0        0
  SINCE DEC 1      0                         3     -3        5
  SINCE JAN 1      0                         1     -1        0
..................................................................


WIND (MPH)
  HIGHEST WIND SPEED    17   HIGHEST WIND DIRECTION    NE (40)
  HIGHEST GUST SPEED    22   HIGHEST GUST DIRECTION    NE (30)
  AVERAGE WIND SPEED    10.6


SKY COVER
  POSSIBLE SUNSHINE  MM
  AVERAGE SKY COVER 0.4


WEATHER CONDITIONS
 THE FOLLOWING WEATHER WAS RECORDED TODAY.
  NO SIGNIFICANT WEATHER WAS OBSERVED.


RELATIVE HUMIDITY (PERCENT)
 HIGHEST    62           400 AM
 LOWEST     32           300 PM
 AVERAGE    47

..........................................................


THE LITTLE ROCK ADAMS FIELD CLIMATE NORMALS FOR TOMORROW
                         NORMAL    RECORD    YEAR
 MAXIMUM TEMPERATURE (F)   59        84      1980
 MINIMUM TEMPERATURE (F)   38        18      2002


SUNRISE AND SUNSET
FEBRUARY 27 2015......SUNRISE   641 AM CST   SUNSET   603 PM CST
FEBRUARY 28 2015......SUNRISE   640 AM CST   SUNSET   604 PM CST


-  INDICATES NEGATIVE NUMBERS.
R  INDICATES RECORD WAS SET OR TIED.
MM INDICATES DATA IS MISSING.
T  INDICATES TRACE AMOUNT.




$$
