000
CDUS44 KLZK 232103
CLILIT


CLIMATE REPORT
NATIONAL WEATHER SERVICE LITTLE ROCK AR
403 PM CDT TUE SEP 23 2014


...................................

...THE LITTLE ROCK ADAMS FIELD CLIMATE SUMMARY FOR SEPTEMBER 23 2014...
VALID TODAY AS OF 0400 PM LOCAL TIME.

CLIMATE NORMAL PERIOD 1981 TO 2010
CLIMATE RECORD PERIOD 1874 TO 2014


WEATHER ITEM   OBSERVED TIME   RECORD YEAR NORMAL DEPARTURE LAST
                VALUE   (LST)  VALUE       VALUE  FROM      YEAR
                                                  NORMAL
..................................................................
TEMPERATURE (F)
 TODAY
  MAXIMUM         80    257 PM  98    1993  83     -3       82
  MINIMUM         53    540 AM  44    1995  62     -9       56
  AVERAGE         67                        72     -5       69

PRECIPITATION (IN)
  TODAY            0.00          3.02 1997   0.10  -0.10     0.00
  MONTH TO DATE    2.01                      2.35  -0.34     2.52
  SINCE SEP 1      2.01                      2.35  -0.34     2.52
  SINCE JAN 1     39.14                     33.76   5.38    37.12

SNOWFALL (IN)
  TODAY            0.0          MM      MM   0.0    0.0      0.0
  MONTH TO DATE    0.0                       0.0    0.0      0.0
  SINCE SEP 1      0.0                       0.0    0.0      0.0
  SINCE JUL 1      0.0                       0.0    0.0      0.0
  SNOW DEPTH       0

DEGREE DAYS
 HEATING
  TODAY            0                         1     -1        0
  MONTH TO DATE    4                         2      2        0
  SINCE SEP 1      4                         2      2        0
  SINCE JUL 1      4                         2      2        0

 COOLING
  TODAY            2                         8     -6        4
  MONTH TO DATE  264                       267     -3      333
  SINCE SEP 1    264                       267     -3      333
  SINCE JAN 1   1874                      2068   -194     2039
..................................................................


WIND (MPH)
  HIGHEST WIND SPEED    12   HIGHEST WIND DIRECTION    NE (60)
  HIGHEST GUST SPEED    14   HIGHEST GUST DIRECTION     E (70)
  AVERAGE WIND SPEED     4.8


SKY COVER
  POSSIBLE SUNSHINE  MM
  AVERAGE SKY COVER 0.2


WEATHER CONDITIONS
 THE FOLLOWING WEATHER WAS RECORDED TODAY.
  NO SIGNIFICANT WEATHER WAS OBSERVED.


RELATIVE HUMIDITY (PERCENT)
 HIGHEST    83           400 AM
 LOWEST     30           100 PM
 AVERAGE    57

..........................................................


THE LITTLE ROCK ADAMS FIELD CLIMATE NORMALS FOR TOMORROW
                         NORMAL    RECORD    YEAR
 MAXIMUM TEMPERATURE (F)   83        94      1961
                                             1907
 MINIMUM TEMPERATURE (F)   61        42      1989


SUNRISE AND SUNSET
SEPTEMBER 23 2014.....SUNRISE   658 AM CDT   SUNSET   704 PM CDT
SEPTEMBER 24 2014.....SUNRISE   658 AM CDT   SUNSET   703 PM CDT


-  INDICATES NEGATIVE NUMBERS.
R  INDICATES RECORD WAS SET OR TIED.
MM INDICATES DATA IS MISSING.
T  INDICATES TRACE AMOUNT.




$$
