000
CDUS44 KLZK 282059
CLILIT


CLIMATE REPORT
NATIONAL WEATHER SERVICE LITTLE ROCK AR
359 PM CDT TUE MAR 28 2017


...................................

...THE LITTLE ROCK ADAMS FIELD CLIMATE SUMMARY FOR MARCH 28 2017...
VALID TODAY AS OF 0300 PM LOCAL TIME.

CLIMATE NORMAL PERIOD 1981 TO 2010
CLIMATE RECORD PERIOD 1874 TO 2017


WEATHER ITEM   OBSERVED TIME   RECORD YEAR NORMAL DEPARTURE LAST
                VALUE   (LST)  VALUE       VALUE  FROM      YEAR
                                                  NORMAL
..................................................................
TEMPERATURE (F)
 TODAY
  MAXIMUM         75    251 PM  86    1907  68      7       66
  MINIMUM         53    627 AM  26    1937  46      7       40
  AVERAGE         64                        57      7       53

PRECIPITATION (IN)
  TODAY            0.00          2.99 1938   0.16  -0.16     0.00
  MONTH TO DATE    3.79                      4.19  -0.40     8.22
  SINCE MAR 1      3.79                      4.19  -0.40     8.22
  SINCE JAN 1      8.79                     11.40  -2.61    13.91

SNOWFALL (IN)
  TODAY            0.0           2.0  1894   0.0    0.0      0.0
  MONTH TO DATE    0.0                       0.4   -0.4      0.0
  SINCE MAR 1      0.0                       0.4   -0.4      0.0
  SINCE JUL 1      0.2                       3.5   -3.3      5.7
  SNOW DEPTH       0

DEGREE DAYS
 HEATING
  TODAY            1                         9     -8       12
  MONTH TO DATE  272                       349    -77      216
  SINCE MAR 1    272                       349    -77      216
  SINCE JUL 1   2186                      2862   -676     2105

 COOLING
  TODAY            0                         1     -1        0
  MONTH TO DATE   17                         8      9       14
  SINCE MAR 1     17                         8      9       14
  SINCE JAN 1     29                        10     19       20
..................................................................


WIND (MPH)
  HIGHEST WIND SPEED    13   HIGHEST WIND DIRECTION     E (100)
  HIGHEST GUST SPEED    20   HIGHEST GUST DIRECTION     W (280)
  AVERAGE WIND SPEED     7.2


SKY COVER
  POSSIBLE SUNSHINE  MM
  AVERAGE SKY COVER 0.5


WEATHER CONDITIONS
 THE FOLLOWING WEATHER WAS RECORDED TODAY.
  NO SIGNIFICANT WEATHER WAS OBSERVED.


RELATIVE HUMIDITY (PERCENT)
 HIGHEST   100           200 AM
 LOWEST     68           200 PM
 AVERAGE    84

..........................................................


THE LITTLE ROCK ADAMS FIELD CLIMATE NORMALS FOR TOMORROW
                         NORMAL    RECORD    YEAR
 MAXIMUM TEMPERATURE (F)   68        85      1974
                                             1963
 MINIMUM TEMPERATURE (F)   46        26      1894


SUNRISE AND SUNSET
MARCH 28 2017.........SUNRISE   701 AM CDT   SUNSET   727 PM CDT
MARCH 29 2017.........SUNRISE   700 AM CDT   SUNSET   728 PM CDT


-  INDICATES NEGATIVE NUMBERS.
R  INDICATES RECORD WAS SET OR TIED.
MM INDICATES DATA IS MISSING.
T  INDICATES TRACE AMOUNT.




$$
