000
CDUS44 KLZK 242105
CLILIT


CLIMATE REPORT
NATIONAL WEATHER SERVICE LITTLE ROCK AR
405 PM CDT WED MAY 24 2017


...................................

...THE LITTLE ROCK ADAMS FIELD CLIMATE SUMMARY FOR MAY 24 2017...
VALID TODAY AS OF 0400 PM LOCAL TIME.

CLIMATE NORMAL PERIOD 1981 TO 2010
CLIMATE RECORD PERIOD 1874 TO 2017


WEATHER ITEM   OBSERVED TIME   RECORD YEAR NORMAL DEPARTURE LAST
                VALUE   (LST)  VALUE       VALUE  FROM      YEAR
                                                  NORMAL
..................................................................
TEMPERATURE (F)
 TODAY
  MAXIMUM         71    256 PM  95    1978  83    -12       88
  MINIMUM         57    542 AM  48    1963  64     -7       64
  AVERAGE         64                        74    -10       76

PRECIPITATION (IN)
  TODAY            T             2.42 2009   0.14  -0.14      T
  MONTH TO DATE    4.58                      3.92   0.66     2.08
  SINCE MAR 1     18.58                     13.74   4.84    22.14
  SINCE JAN 1     23.58                     20.95   2.63    27.83

SNOWFALL (IN)
  TODAY            0.0          MM      MM   0.0    0.0      0.0
  MONTH TO DATE    0.0                       0.0    0.0      0.0
  SINCE MAR 1      0.0                       0.4   -0.4      0.0
  SINCE JUL 1      0.2                       3.5   -3.3      5.7
  SNOW DEPTH       0

DEGREE DAYS
 HEATING
  TODAY            1                         0      1        0
  MONTH TO DATE   25                        18      7        8
  SINCE MAR 1    379                       537   -158      302
  SINCE JUL 1   2293                      3050   -757     2191

 COOLING
  TODAY            0                         9     -9       11
  MONTH TO DATE   97                       141    -44       98
  SINCE MAR 1    192                       211    -19      187
  SINCE JAN 1    204                       213     -9      193
..................................................................


WIND (MPH)
  HIGHEST WIND SPEED    21   HIGHEST WIND DIRECTION     W (270)
  HIGHEST GUST SPEED    26   HIGHEST GUST DIRECTION    NW (310)
  AVERAGE WIND SPEED    12.0


SKY COVER
  POSSIBLE SUNSHINE  MM
  AVERAGE SKY COVER 0.6


WEATHER CONDITIONS
 THE FOLLOWING WEATHER WAS RECORDED TODAY.
  LIGHT RAIN


RELATIVE HUMIDITY (PERCENT)
 HIGHEST   100           200 AM
 LOWEST     47           200 PM
 AVERAGE    74

..........................................................


THE LITTLE ROCK ADAMS FIELD CLIMATE NORMALS FOR TOMORROW
                         NORMAL    RECORD    YEAR
 MAXIMUM TEMPERATURE (F)   84        94      1978
                                             1964
                                             1962
 MINIMUM TEMPERATURE (F)   64        46      1925


SUNRISE AND SUNSET
MAY 24 2017...........SUNRISE   600 AM CDT   SUNSET   812 PM CDT
MAY 25 2017...........SUNRISE   600 AM CDT   SUNSET   813 PM CDT


-  INDICATES NEGATIVE NUMBERS.
R  INDICATES RECORD WAS SET OR TIED.
MM INDICATES DATA IS MISSING.
T  INDICATES TRACE AMOUNT.




$$
