000
CDUS45 KPIH 262329
CLILLJ


CLIMATE REPORT
NATIONAL WEATHER SERVICE POCATELLO ID
428 PM MST SUN FEB 26 2017


...................................

...THE CHALLIS ID CLIMATE SUMMARY FOR FEBRUARY 26 2017...
VALID TODAY AS OF 0400 PM LOCAL TIME.

CLIMATE NORMAL PERIOD 1981 TO 2010
CLIMATE RECORD PERIOD 1898 TO 2017


WEATHER ITEM   OBSERVED TIME   RECORD YEAR NORMAL DEPARTURE LAST
                VALUE   (LST)  VALUE       VALUE  FROM      YEAR
                                                  NORMAL
..................................................................
TEMPERATURE (F)
 TODAY
  MAXIMUM         27    359 PM  65    1950  40    -13       48
  MINIMUM         15    402 AM -12    1962  18     -3       21
  AVERAGE         21                        29     -8       35

PRECIPITATION (IN)
  TODAY            0.00          0.30 1967   0.03  -0.03     0.00
  MONTH TO DATE    0.98                      0.57   0.41     0.08
  SINCE OCT 1      5.89                      3.01   2.88     2.98
  SINCE JAN 1      2.48                      1.08   1.40     0.64

SNOWFALL (IN)
  TODAY           MM
  MONTH TO DATE   MM
  SINCE DEC 1     MM
  SINCE JUL 1     MM
  SNOW DEPTH      MM

DEGREE DAYS
 HEATING
  TODAY           44                        36      8       30
  MONTH TO DATE  969                      1056    -87     1015
  SINCE DEC 1   4570                      3935    635     3987
  SINCE JUL 1   6357                      5978    379     5853

 COOLING
  TODAY            0                         0      0        0
  MONTH TO DATE    0                         0      0        0
  SINCE DEC 1      0                         0      0        0
  SINCE JAN 1      0                         0      0        0
..................................................................


WIND (MPH)
  HIGHEST WIND SPEED    21   HIGHEST WIND DIRECTION     S (170)
  HIGHEST GUST SPEED    27   HIGHEST GUST DIRECTION     S (170)
  AVERAGE WIND SPEED     5.4


SKY COVER
  POSSIBLE SUNSHINE  MM
  AVERAGE SKY COVER 0.9


WEATHER CONDITIONS
 THE FOLLOWING WEATHER WAS RECORDED TODAY.
  NO SIGNIFICANT WEATHER WAS OBSERVED.


RELATIVE HUMIDITY (PERCENT)
 HIGHEST    80           400 AM
 LOWEST     54          1200 PM
 AVERAGE    67

..........................................................


THE CHALLIS ID CLIMATE NORMALS FOR TOMORROW
                         NORMAL    RECORD    YEAR
 MAXIMUM TEMPERATURE (F)   41        60      1938
 MINIMUM TEMPERATURE (F)   18       -16      1962


SUNRISE AND SUNSET
FEBRUARY 26 2017......SUNRISE   719 AM MST   SUNSET   621 PM MST
FEBRUARY 27 2017......SUNRISE   717 AM MST   SUNSET   623 PM MST


-  INDICATES NEGATIVE NUMBERS.
R  INDICATES RECORD WAS SET OR TIED.
MM INDICATES DATA IS MISSING.
T  INDICATES TRACE AMOUNT.




$$
