000
CDUS45 KPIH 242329
CLILLJ


CLIMATE REPORT
NATIONAL WEATHER SERVICE POCATELLO ID
526 PM MDT THU APR 24 2014


...................................

...THE CHALLIS ID CLIMATE SUMMARY FOR APRIL 24 2014...
VALID TODAY AS OF 0500 PM LOCAL TIME.

CLIMATE NORMAL PERIOD 1981 TO 2010
CLIMATE RECORD PERIOD 1898 TO 2014


WEATHER ITEM   OBSERVED TIME   RECORD YEAR NORMAL DEPARTURE LAST
                VALUE   (LST)  VALUE       VALUE  FROM      YEAR
                                                  NORMAL
..................................................................
TEMPERATURE (F)
 TODAY
  MAXIMUM         59    259 PM  85    1977  59      0       60
  MINIMUM         40    442 AM  15    1915  31      9       18
  AVERAGE         50                        45      5       39

PRECIPITATION (IN)
  TODAY            0.00          0.46 1930   0.03  -0.03     0.00
  MONTH TO DATE    0.67                      0.62   0.05     0.03
  SINCE OCT 1      3.08                      4.39  -1.31     2.55
  SINCE JAN 1      2.35                      2.46  -0.11     0.48

SNOWFALL (IN)
  TODAY           MM
  MONTH TO DATE   MM
  SINCE MAR 1     MM
  SINCE JUL 1     MM
  SNOW DEPTH      MM

DEGREE DAYS
 HEATING
  TODAY           15                        20     -5       26
  MONTH TO DATE  495                       534    -39      578
  SINCE MAR 1   1348                      1430    -82     1470
  SINCE JUL 1   7097                      7479   -382     7178

 COOLING
  TODAY            0                         0      0        0
  MONTH TO DATE    0                         0      0        0
  SINCE MAR 1      0                         0      0        0
  SINCE JAN 1      0                         0      0        0
..................................................................


WIND (MPH)
  HIGHEST WIND SPEED    22   HIGHEST WIND DIRECTION    NW (310)
  HIGHEST GUST SPEED    35   HIGHEST GUST DIRECTION     W (250)
  AVERAGE WIND SPEED    12.0


SKY COVER
  POSSIBLE SUNSHINE  MM
  AVERAGE SKY COVER 0.9


WEATHER CONDITIONS
 THE FOLLOWING WEATHER WAS RECORDED TODAY.
  NO SIGNIFICANT WEATHER WAS OBSERVED.


RELATIVE HUMIDITY (PERCENT)
 HIGHEST    58          1000 AM
 LOWEST     24           300 PM
 AVERAGE    41

..........................................................


THE CHALLIS ID CLIMATE NORMALS FOR TOMORROW
                         NORMAL    RECORD    YEAR
 MAXIMUM TEMPERATURE (F)   60        83      1977
 MINIMUM TEMPERATURE (F)   31        18      1921


SUNRISE AND SUNSET
APRIL 24 2014.........SUNRISE   638 AM MDT   SUNSET   833 PM MDT
APRIL 25 2014.........SUNRISE   636 AM MDT   SUNSET   834 PM MDT


-  INDICATES NEGATIVE NUMBERS.
R  INDICATES RECORD WAS SET OR TIED.
MM INDICATES DATA IS MISSING.
T  INDICATES TRACE AMOUNT.




$$
