000
CDUS45 KPIH 200732
CLILLJ


CLIMATE REPORT
NATIONAL WEATHER SERVICE POCATELLO ID
1229 AM MST FRI JAN 20 2017


...................................

...THE CHALLIS ID CLIMATE SUMMARY FOR JANUARY 19 2017...

CLIMATE NORMAL PERIOD 1981 TO 2010
CLIMATE RECORD PERIOD 1898 TO 2017


WEATHER ITEM   OBSERVED TIME   RECORD YEAR NORMAL DEPARTURE LAST
                VALUE   (LST)  VALUE       VALUE  FROM      YEAR
                                                  NORMAL
..................................................................
TEMPERATURE (F)
 YESTERDAY
  MAXIMUM         27    155 PM  50    1919  30     -3       26
  MINIMUM         11   1159 PM -28    1922   9      2        5
  AVERAGE         19                        19      0       16

PRECIPITATION (IN)
  YESTERDAY        0.03          0.21 1974   0.01   0.02     0.02
  MONTH TO DATE    1.39                      0.34   1.05     0.33
  SINCE OCT 1      4.80                      2.27   2.53     2.67
  SINCE JAN 1      1.39                      0.34   1.05     0.33

SNOWFALL (IN)
  YESTERDAY       MM
  MONTH TO DATE   MM
  SINCE DEC 1     MM
  SINCE JUL 1     MM
  SNOW DEPTH      MM

DEGREE DAYS
 HEATING
  YESTERDAY       46                        46      0       49
  MONTH TO DATE 1272                       888    384      981
  SINCE DEC 1   2950                      2341    609     2411
  SINCE JUL 1   4737                      4384    353     4277

 COOLING
  YESTERDAY        0                         0      0        0
  MONTH TO DATE    0                         0      0        0
  SINCE DEC 1      0                         0      0        0
  SINCE JAN 1      0                         0      0        0
..................................................................


WIND (MPH)
  HIGHEST WIND SPEED     7   HIGHEST WIND DIRECTION     S (160)
  HIGHEST GUST SPEED     8   HIGHEST GUST DIRECTION     S (160)
  AVERAGE WIND SPEED     1.6


SKY COVER
  POSSIBLE SUNSHINE  MM
  AVERAGE SKY COVER 0.8


WEATHER CONDITIONS
 THE FOLLOWING WEATHER WAS RECORDED YESTERDAY.
  LIGHT SNOW
  FOG


RELATIVE HUMIDITY (PERCENT)
 HIGHEST   100           200 AM
 LOWEST     84           200 PM
 AVERAGE    92

..........................................................


THE CHALLIS ID CLIMATE NORMALS FOR TODAY
                         NORMAL    RECORD    YEAR
 MAXIMUM TEMPERATURE (F)   30        56      1950
 MINIMUM TEMPERATURE (F)    9       -26      1937


SUNRISE AND SUNSET
JANUARY 20 2017.......SUNRISE   806 AM MST   SUNSET   530 PM MST
JANUARY 21 2017.......SUNRISE   806 AM MST   SUNSET   531 PM MST


-  INDICATES NEGATIVE NUMBERS.
R  INDICATES RECORD WAS SET OR TIED.
MM INDICATES DATA IS MISSING.
T  INDICATES TRACE AMOUNT.




$$
