000
CDUS45 KPIH 220733
CLILLJ


CLIMATE REPORT
NATIONAL WEATHER SERVICE POCATELLO ID
132 AM MDT WED OCT 22 2014


...................................

...THE CHALLIS ID CLIMATE SUMMARY FOR OCTOBER 21 2014...

CLIMATE NORMAL PERIOD 1981 TO 2010
CLIMATE RECORD PERIOD 1898 TO 2014


WEATHER ITEM   OBSERVED TIME   RECORD YEAR NORMAL DEPARTURE LAST
                VALUE   (LST)  VALUE       VALUE  FROM      YEAR
                                                  NORMAL
..................................................................
TEMPERATURE (F)
 YESTERDAY
  MAXIMUM         54   1233 AM  76    2003  57     -3       61
  MINIMUM         34   1158 PM  14    1945  28      6       27
  AVERAGE         44                        42      2       44

PRECIPITATION (IN)
  YESTERDAY        0.19          0.20 1914   0.03   0.16     0.00
  MONTH TO DATE    0.27                      0.42  -0.15     0.25
  SINCE OCT 1      0.27                      0.42  -0.15     0.25
  SINCE JAN 1      6.20                      8.55  -2.35     4.45

SNOWFALL (IN)
  YESTERDAY       MM
  MONTH TO DATE   MM
  SINCE SEP 1     MM
  SINCE JUL 1     MM
  SNOW DEPTH      MM

DEGREE DAYS
 HEATING
  YESTERDAY       21                        23     -2       21
  MONTH TO DATE  299                       395    -96      484
  SINCE SEP 1    451                       671   -220      702
  SINCE JUL 1    519                       744   -225      708

 COOLING
  YESTERDAY        0                         0      0        0
  MONTH TO DATE    0                         0      0        0
  SINCE SEP 1      5                         6     -1       30
  SINCE JAN 1    310                       248     62      420
..................................................................


WIND (MPH)
  HIGHEST WIND SPEED    26   HIGHEST WIND DIRECTION     W (260)
  HIGHEST GUST SPEED    33   HIGHEST GUST DIRECTION     W (260)
  AVERAGE WIND SPEED     5.5


SKY COVER
  POSSIBLE SUNSHINE  MM
  AVERAGE SKY COVER 0.7


WEATHER CONDITIONS
 THE FOLLOWING WEATHER WAS RECORDED YESTERDAY.
  THUNDERSTORM
  HEAVY RAIN
  LIGHT RAIN


RELATIVE HUMIDITY (PERCENT)
 HIGHEST    92           900 PM
 LOWEST     60          1100 AM
 AVERAGE    76

..........................................................


THE CHALLIS ID CLIMATE NORMALS FOR TODAY
                         NORMAL    RECORD    YEAR
 MAXIMUM TEMPERATURE (F)   56        73      2003
 MINIMUM TEMPERATURE (F)   28        17      2008
                                             1958


SUNRISE AND SUNSET
OCTOBER 22 2014.......SUNRISE   801 AM MDT   SUNSET   641 PM MDT
OCTOBER 23 2014.......SUNRISE   802 AM MDT   SUNSET   639 PM MDT


-  INDICATES NEGATIVE NUMBERS.
R  INDICATES RECORD WAS SET OR TIED.
MM INDICATES DATA IS MISSING.
T  INDICATES TRACE AMOUNT.




$$
