000
CDUS45 KPIH 010733
CLILLJ


CLIMATE REPORT
NATIONAL WEATHER SERVICE POCATELLO ID
1232 AM MST SUN MAR 1 2015


...................................

...THE CHALLIS ID CLIMATE SUMMARY FOR FEBRUARY 28 2015...

CLIMATE NORMAL PERIOD 1981 TO 2010
CLIMATE RECORD PERIOD 1898 TO 2015


WEATHER ITEM   OBSERVED TIME   RECORD YEAR NORMAL DEPARTURE LAST
                VALUE   (LST)  VALUE       VALUE  FROM      YEAR
                                                  NORMAL
..................................................................
TEMPERATURE (F)
 YESTERDAY
  MAXIMUM         38    211 PM  57    1992  41     -3       50
  MINIMUM         21   1159 PM -11    1960  18      3       31
  AVERAGE         30                        30      0       41

PRECIPITATION (IN)
  YESTERDAY        0.00          0.30 1896   0.02  -0.02     0.00
  MONTH TO DATE    0.46                      0.62  -0.16     0.86
  SINCE OCT 1      2.37                      3.06  -0.69     1.82
  SINCE JAN 1      0.58                      1.13  -0.55     1.09

SNOWFALL (IN)
  YESTERDAY       MM
  MONTH TO DATE   MM
  SINCE DEC 1     MM
  SINCE JUL 1     MM
  SNOW DEPTH      MM

DEGREE DAYS
 HEATING
  YESTERDAY       35                        35      0       24
  MONTH TO DATE  833                      1127   -294     1080
  SINCE DEC 1   3304                      4006   -702     3823
  SINCE JUL 1   5138                      6049   -911     5749

 COOLING
  YESTERDAY        0                         0      0        0
  MONTH TO DATE    0                         0      0        0
  SINCE DEC 1      0                         0      0        0
  SINCE JAN 1      0                         0      0        0
..................................................................


WIND (MPH)
  HIGHEST WIND SPEED    20   HIGHEST WIND DIRECTION    NE (30)
  HIGHEST GUST SPEED    25   HIGHEST GUST DIRECTION    NE (30)
  AVERAGE WIND SPEED    11.0


SKY COVER
  POSSIBLE SUNSHINE  MM
  AVERAGE SKY COVER 0.5


WEATHER CONDITIONS
 THE FOLLOWING WEATHER WAS RECORDED YESTERDAY.
  NO SIGNIFICANT WEATHER WAS OBSERVED.


RELATIVE HUMIDITY (PERCENT)
 HIGHEST    74           600 AM
 LOWEST     40           200 PM
 AVERAGE    57

..........................................................


THE CHALLIS ID CLIMATE NORMALS FOR TODAY
                         NORMAL    RECORD    YEAR
 MAXIMUM TEMPERATURE (F)   42        60      1992
 MINIMUM TEMPERATURE (F)   19       -16      1922


SUNRISE AND SUNSET
MARCH  1 2015.........SUNRISE   715 AM MST   SUNSET   625 PM MST
MARCH  2 2015.........SUNRISE   713 AM MST   SUNSET   626 PM MST


-  INDICATES NEGATIVE NUMBERS.
R  INDICATES RECORD WAS SET OR TIED.
MM INDICATES DATA IS MISSING.
T  INDICATES TRACE AMOUNT.




$$
