000
CDUS45 KPIH 290736
CLILLJ


CLIMATE REPORT
NATIONAL WEATHER SERVICE POCATELLO ID
135 AM MDT THU SEP 29 2016


...................................

...THE CHALLIS ID CLIMATE SUMMARY FOR SEPTEMBER 28 2016...

CLIMATE NORMAL PERIOD 1981 TO 2010
CLIMATE RECORD PERIOD 1898 TO 2016


WEATHER ITEM   OBSERVED TIME   RECORD YEAR NORMAL DEPARTURE LAST
                VALUE   (LST)  VALUE       VALUE  FROM      YEAR
                                                  NORMAL
..................................................................
TEMPERATURE (F)
 YESTERDAY
  MAXIMUM         83    416 PM  86    2010  67     16       78
  MINIMUM         40    631 AM  19    1999  35      5       37
  AVERAGE         62                        51     11       58

PRECIPITATION (IN)
  YESTERDAY        0.00          0.56 1940   0.02  -0.02     0.00
  MONTH TO DATE    0.39                      0.71  -0.32     0.89
  SINCE OCT 1      6.21                     10.03  -3.82     6.67
  SINCE JAN 1      3.87                      8.10  -4.23     4.88

SNOWFALL (IN)
  YESTERDAY       MM
  MONTH TO DATE   MM
  SINCE SEP 1     MM
  SINCE JUL 1     MM
  SNOW DEPTH      MM

DEGREE DAYS
 HEATING
  YESTERDAY        3                        14    -11        7
  MONTH TO DATE  257                       249      8      167
  SINCE SEP 1    257                       249      8      167
  SINCE JUL 1    319                       322     -3      230

 COOLING
  YESTERDAY        0                         0      0        0
  MONTH TO DATE    4                         4      0        8
  SINCE SEP 1      4                         4      0        8
  SINCE JAN 1    277                       246     31      315
..................................................................


WIND (MPH)
  HIGHEST WIND SPEED    12   HIGHEST WIND DIRECTION    SE (140)
  HIGHEST GUST SPEED    15   HIGHEST GUST DIRECTION    SE (140)
  AVERAGE WIND SPEED     2.5


SKY COVER
  POSSIBLE SUNSHINE  MM
  AVERAGE SKY COVER 0.0


WEATHER CONDITIONS
 THE FOLLOWING WEATHER WAS RECORDED YESTERDAY.
  HAZE


RELATIVE HUMIDITY (PERCENT)
 HIGHEST    71           800 AM
 LOWEST     14           400 PM
 AVERAGE    43

..........................................................


THE CHALLIS ID CLIMATE NORMALS FOR TODAY
                         NORMAL    RECORD    YEAR
 MAXIMUM TEMPERATURE (F)   67        87      1967
 MINIMUM TEMPERATURE (F)   35        21      1985


SUNRISE AND SUNSET
SEPTEMBER 29 2016.....SUNRISE   733 AM MDT   SUNSET   720 PM MDT
SEPTEMBER 30 2016.....SUNRISE   734 AM MDT   SUNSET   718 PM MDT


-  INDICATES NEGATIVE NUMBERS.
R  INDICATES RECORD WAS SET OR TIED.
MM INDICATES DATA IS MISSING.
T  INDICATES TRACE AMOUNT.




$$
