000
CDUS45 KPIH 230731
CLILLJ


CLIMATE REPORT
NATIONAL WEATHER SERVICE POCATELLO ID
130 AM MDT WED JUL 23 2014


...................................

...THE CHALLIS ID CLIMATE SUMMARY FOR JULY 22 2014...

CLIMATE NORMAL PERIOD 1981 TO 2010
CLIMATE RECORD PERIOD 1898 TO 2014


WEATHER ITEM   OBSERVED TIME   RECORD YEAR NORMAL DEPARTURE LAST
                VALUE   (LST)  VALUE       VALUE  FROM      YEAR
                                                  NORMAL
..................................................................
TEMPERATURE (F)
 YESTERDAY
  MAXIMUM         90    351 PM 101    2006  88      2       93
  MINIMUM         54    526 AM  38    1954  52      2       47
  AVERAGE         72                        70      2       70

PRECIPITATION (IN)
  YESTERDAY        0.00          0.37 1925   0.03  -0.03     0.00
  MONTH TO DATE    0.03                      0.59  -0.56     0.54
  SINCE OCT 1      3.84                      8.29  -4.45     4.35
  SINCE JAN 1      3.11                      6.36  -3.25     2.28

SNOWFALL (IN)
  YESTERDAY       MM
  MONTH TO DATE   MM
  SINCE JUN 1     MM
  SINCE JUL 1     MM
  SNOW DEPTH      MM

DEGREE DAYS
 HEATING
  YESTERDAY        0                         0      0        0
  MONTH TO DATE    0                        18    -18        0
  SINCE JUN 1    166                       183    -17      121
  SINCE JUL 1      0                        18    -18        0

 COOLING
  YESTERDAY        7                         5      2        5
  MONTH TO DATE  187                        85    102      160
  SINCE JUN 1    193                       107     86      223
  SINCE JAN 1    193                       109     84      225
..................................................................


WIND (MPH)
  HIGHEST WIND SPEED    20   HIGHEST WIND DIRECTION     S (190)
  HIGHEST GUST SPEED    28   HIGHEST GUST DIRECTION    SE (130)
  AVERAGE WIND SPEED     4.4


SKY COVER
  POSSIBLE SUNSHINE  MM
  AVERAGE SKY COVER 0.2


WEATHER CONDITIONS
 THE FOLLOWING WEATHER WAS RECORDED YESTERDAY.
  NO SIGNIFICANT WEATHER WAS OBSERVED.


RELATIVE HUMIDITY (PERCENT)
 HIGHEST    67           500 AM
 LOWEST     13           400 PM
 AVERAGE    40

..........................................................


THE CHALLIS ID CLIMATE NORMALS FOR TODAY
                         NORMAL    RECORD    YEAR
 MAXIMUM TEMPERATURE (F)   88       101      1959
 MINIMUM TEMPERATURE (F)   52        40      1987


SUNRISE AND SUNSET
JULY 23 2014..........SUNRISE   614 AM MDT   SUNSET   912 PM MDT
JULY 24 2014..........SUNRISE   615 AM MDT   SUNSET   911 PM MDT


-  INDICATES NEGATIVE NUMBERS.
R  INDICATES RECORD WAS SET OR TIED.
MM INDICATES DATA IS MISSING.
T  INDICATES TRACE AMOUNT.




$$
