000
CDUS45 KPIH 232329
CLILLJ


CLIMATE REPORT
NATIONAL WEATHER SERVICE POCATELLO ID
528 PM MDT SUN JUL 23 2017


...................................

...THE CHALLIS ID CLIMATE SUMMARY FOR JULY 23 2017...
VALID TODAY AS OF 0500 PM LOCAL TIME.

CLIMATE NORMAL PERIOD 1981 TO 2010
CLIMATE RECORD PERIOD 1898 TO 2017


WEATHER ITEM   OBSERVED TIME   RECORD YEAR NORMAL DEPARTURE LAST
                VALUE   (LST)  VALUE       VALUE  FROM      YEAR
                                                  NORMAL
..................................................................
TEMPERATURE (F)
 TODAY
  MAXIMUM         94    359 PM 101    1959  88      6       87
  MINIMUM         50    457 AM  40    1987  52     -2       51
  AVERAGE         72                        70      2       69

PRECIPITATION (IN)
  TODAY            0.00          0.58 1984   0.02  -0.02     0.00
  MONTH TO DATE    0.14                      0.61  -0.47     0.01
  SINCE OCT 1      9.06                      8.31   0.75     5.63
  SINCE JAN 1      5.65                      6.38  -0.73     3.29

SNOWFALL (IN)
  TODAY           MM
  MONTH TO DATE   MM
  SINCE JUN 1     MM
  SINCE JUL 1     MM
  SNOW DEPTH      MM

DEGREE DAYS
 HEATING
  TODAY            0                         0      0        0
  MONTH TO DATE    0                        18    -18       28
  SINCE JUN 1    123                       183    -60      101
  SINCE JUL 1      0                        18    -18       28

 COOLING
  TODAY            7                         5      2        4
  MONTH TO DATE  166                        90     76       70
  SINCE JUN 1    203                       112     91      135
  SINCE JAN 1    205                       114     91      135
..................................................................


WIND (MPH)
  HIGHEST WIND SPEED    10   HIGHEST WIND DIRECTION    NE (50)
  HIGHEST GUST SPEED    16   HIGHEST GUST DIRECTION    NE (60)
  AVERAGE WIND SPEED     3.1


SKY COVER
  POSSIBLE SUNSHINE  MM
  AVERAGE SKY COVER 0.0


WEATHER CONDITIONS
 THE FOLLOWING WEATHER WAS RECORDED TODAY.
  NO SIGNIFICANT WEATHER WAS OBSERVED.


RELATIVE HUMIDITY (PERCENT)
 HIGHEST    56           500 AM
 LOWEST      7           200 PM
 AVERAGE    32

..........................................................


THE CHALLIS ID CLIMATE NORMALS FOR TOMORROW
                         NORMAL    RECORD    YEAR
 MAXIMUM TEMPERATURE (F)   88        98      1929
 MINIMUM TEMPERATURE (F)   52        40      1900


SUNRISE AND SUNSET
JULY 23 2017..........SUNRISE   614 AM MDT   SUNSET   912 PM MDT
JULY 24 2017..........SUNRISE   615 AM MDT   SUNSET   911 PM MDT


-  INDICATES NEGATIVE NUMBERS.
R  INDICATES RECORD WAS SET OR TIED.
MM INDICATES DATA IS MISSING.
T  INDICATES TRACE AMOUNT.




$$
