000
CDUS45 KPIH 212346
CLILLJ


CLIMATE REPORT
NATIONAL WEATHER SERVICE POCATELLO ID
443 PM MST TUE NOV 21 2017


...................................

...THE CHALLIS ID CLIMATE SUMMARY FOR NOVEMBER 21 2017...
VALID TODAY AS OF 0400 PM LOCAL TIME.

CLIMATE NORMAL PERIOD 1981 TO 2010
CLIMATE RECORD PERIOD 1898 TO 2017


WEATHER ITEM   OBSERVED TIME   RECORD YEAR NORMAL DEPARTURE LAST
                VALUE   (LST)  VALUE       VALUE  FROM      YEAR
                                                  NORMAL
..................................................................
TEMPERATURE (F)
 TODAY
  MAXIMUM         44    252 PM  58    1989  36      8       46
  MINIMUM         26    755 AM  -3    2015  18      8       24
  AVERAGE         35                        27      8       35

PRECIPITATION (IN)
  TODAY            0.00          0.85 1946   0.01  -0.01     0.00
  MONTH TO DATE    0.35                      0.37  -0.02     0.08
  SINCE OCT 1      0.63                      1.04  -0.41     1.96
  SINCE JAN 1      7.71                      9.17  -1.46     5.94

SNOWFALL (IN)
  TODAY           MM
  MONTH TO DATE   MM
  SINCE SEP 1     MM
  SINCE JUL 1     MM
  SNOW DEPTH      MM

DEGREE DAYS
 HEATING
  TODAY           30                        38     -8       30
  MONTH TO DATE  618                       682    -64      547
  SINCE SEP 1   1645                      1603     42     1410
  SINCE JUL 1   1649                      1676    -27     1472

 COOLING
  TODAY            0                         0      0        0
  MONTH TO DATE    0                         0      0        0
  SINCE SEP 1     37                         6     31        4
  SINCE JAN 1    378                       248    130      277
..................................................................


WIND (MPH)
  HIGHEST WIND SPEED     8   HIGHEST WIND DIRECTION    NE (50)
  HIGHEST GUST SPEED    10   HIGHEST GUST DIRECTION    NE (50)
  AVERAGE WIND SPEED     2.0


SKY COVER
  POSSIBLE SUNSHINE  MM
  AVERAGE SKY COVER 0.4


WEATHER CONDITIONS
 THE FOLLOWING WEATHER WAS RECORDED TODAY.
  FOG
  FOG W/VISIBILITY <= 1/4 MILE


RELATIVE HUMIDITY (PERCENT)
 HIGHEST    92           500 AM
 LOWEST     70           200 PM
 AVERAGE    81

..........................................................


THE CHALLIS ID CLIMATE NORMALS FOR TOMORROW
                         NORMAL    RECORD    YEAR
 MAXIMUM TEMPERATURE (F)   36        58      1954
 MINIMUM TEMPERATURE (F)   17       -14      1931


SUNRISE AND SUNSET
NOVEMBER 21 2017......SUNRISE   741 AM MST   SUNSET   504 PM MST
NOVEMBER 22 2017......SUNRISE   743 AM MST   SUNSET   503 PM MST


-  INDICATES NEGATIVE NUMBERS.
R  INDICATES RECORD WAS SET OR TIED.
MM INDICATES DATA IS MISSING.
T  INDICATES TRACE AMOUNT.




$$
