000
CDUS45 KPIH 302328
CLILLJ


CLIMATE REPORT
NATIONAL WEATHER SERVICE POCATELLO ID
525 PM MDT SAT JUL 30 2016


...................................

...THE CHALLIS ID CLIMATE SUMMARY FOR JULY 30 2016...
VALID TODAY AS OF 0500 PM LOCAL TIME.

CLIMATE NORMAL PERIOD 1981 TO 2010
CLIMATE RECORD PERIOD 1898 TO 2016


WEATHER ITEM   OBSERVED TIME   RECORD YEAR NORMAL DEPARTURE LAST
                VALUE   (LST)  VALUE       VALUE  FROM      YEAR
                                                  NORMAL
..................................................................
TEMPERATURE (F)
 TODAY
  MAXIMUM         96    207 PM  98    2012  88      8       89
  MINIMUM         52    530 AM  41    1916  52      0       49
  AVERAGE         74                        70      4       69

PRECIPITATION (IN)
  TODAY            0.00          0.38 1985   0.03  -0.03     0.00
  MONTH TO DATE    0.02                      0.81  -0.79     0.98
  SINCE OCT 1      5.64                      8.51  -2.87     5.28
  SINCE JAN 1      3.30                      6.58  -3.28     3.49

SNOWFALL (IN)
  TODAY           MM
  MONTH TO DATE   MM
  SINCE JUN 1     MM
  SINCE JUL 1     MM
  SNOW DEPTH      MM

DEGREE DAYS
 HEATING
  TODAY            0                         0      0        0
  MONTH TO DATE   28                        18     10       33
  SINCE JUN 1    101                       183    -82       80
  SINCE JUL 1     28                        18     10       33

 COOLING
  TODAY            9                         5      4        4
  MONTH TO DATE  121                       125     -4       85
  SINCE JUN 1    186                       147     39      194
  SINCE JAN 1    186                       149     37      197
..................................................................


WIND (MPH)
  HIGHEST WIND SPEED    26   HIGHEST WIND DIRECTION     W (260)
  HIGHEST GUST SPEED    36   HIGHEST GUST DIRECTION     W (260)
  AVERAGE WIND SPEED     6.6


SKY COVER
  POSSIBLE SUNSHINE  MM
  AVERAGE SKY COVER 0.1


WEATHER CONDITIONS
 THE FOLLOWING WEATHER WAS RECORDED TODAY.
  NO SIGNIFICANT WEATHER WAS OBSERVED.


RELATIVE HUMIDITY (PERCENT)
 HIGHEST    47           600 AM
 LOWEST     11           400 PM
 AVERAGE    29

..........................................................


THE CHALLIS ID CLIMATE NORMALS FOR TOMORROW
                         NORMAL    RECORD    YEAR
 MAXIMUM TEMPERATURE (F)   88        99      2003
 MINIMUM TEMPERATURE (F)   51        37      1937


SUNRISE AND SUNSET
JULY 30 2016..........SUNRISE   622 AM MDT   SUNSET   904 PM MDT
JULY 31 2016..........SUNRISE   623 AM MDT   SUNSET   903 PM MDT


-  INDICATES NEGATIVE NUMBERS.
R  INDICATES RECORD WAS SET OR TIED.
MM INDICATES DATA IS MISSING.
T  INDICATES TRACE AMOUNT.




$$
