000
CDUS46 KMFR 270041
CLILMT


CLIMATE REPORT
NATIONAL WEATHER SERVICE MEDFORD, OR
438 PM PST MON JAN 26 2015


...................................

...THE KLAMATH FALLS OR CLIMATE SUMMARY FOR JANUARY 26 2015...
VALID TODAY AS OF 0400 PM LOCAL TIME.

CLIMATE NORMAL PERIOD 1981 TO 2010
CLIMATE RECORD PERIOD 1928 TO 2015


WEATHER ITEM   OBSERVED TIME   RECORD YEAR NORMAL DEPARTURE LAST
                VALUE   (LST)  VALUE       VALUE  FROM      YEAR
                                                  NORMAL
..................................................................
TEMPERATURE (F)
 TODAY
  MAXIMUM         57R   219 PM  57    2014  41     16       57
  MINIMUM         27    646 AM -12    1972  21      6       16
  AVERAGE         42                        31     11       37

PRECIPITATION (IN)
  TODAY            0.00          0.55 1967   0.04  -0.04     0.00
  MONTH TO DATE    0.40                      1.68  -1.28     0.10
  SINCE OCT 1      6.86                      6.37   0.49     0.73
  SINCE JAN 1      0.40                      1.68  -1.28     0.10

SNOWFALL (IN)
  TODAY           MM                        MM     MM       MM
  MONTH TO DATE   MM                        MM     MM       MM
  SINCE JUL 1     MM                        MM     MM        0.0
  SNOW DEPTH      MM

DEGREE DAYS
 HEATING
  TODAY           23                        34    -11       28
  MONTH TO DATE  736                       911   -175      826
  SINCE DEC 1   1387                      2010   -623     2128
  SINCE JUL 1   2777                      3812  -1035     3864

 COOLING
  TODAY            0                         0      0        0
  MONTH TO DATE    0                         0      0        0
  SINCE DEC 1      0                         0      0        0
  SINCE JAN 1      0                         0      0        0
..................................................................


WIND (MPH)
  HIGHEST WIND SPEED     9   HIGHEST WIND DIRECTION     N (340)
  HIGHEST GUST SPEED    11   HIGHEST GUST DIRECTION     N (340)
  AVERAGE WIND SPEED     4.3


SKY COVER
  POSSIBLE SUNSHINE  MM
  AVERAGE SKY COVER 0.0


WEATHER CONDITIONS
 THE FOLLOWING WEATHER WAS RECORDED TODAY.
  NO SIGNIFICANT WEATHER WAS OBSERVED.


RELATIVE HUMIDITY (PERCENT)
 HIGHEST    92           300 AM
 LOWEST     43           100 PM

..........................................................


THE KLAMATH FALLS OR CLIMATE NORMALS FOR TOMORROW
                         NORMAL    RECORD    YEAR
 MAXIMUM TEMPERATURE (F)   41        52      2011
                                             1976
 MINIMUM TEMPERATURE (F)   21       -11      1957


SUNRISE AND SUNSET
JANUARY 26 2015.......SUNRISE   726 AM PST   SUNSET   514 PM PST
JANUARY 27 2015.......SUNRISE   725 AM PST   SUNSET   515 PM PST


-  INDICATES NEGATIVE NUMBERS.
R  INDICATES RECORD WAS SET OR TIED.
MM INDICATES DATA IS MISSING.
T  INDICATES TRACE AMOUNT.




$$
