000
CDUS46 KMFR 300835
CLILMT


CLIMATE REPORT
NATIONAL WEATHER SERVICE MEDFORD, OR
135 AM PDT SAT APR 30 2016


...................................

...THE KLAMATH FALLS OR CLIMATE SUMMARY FOR APRIL 29 2016...

CLIMATE NORMAL PERIOD 1981 TO 2010
CLIMATE RECORD PERIOD 1928 TO 2016


WEATHER ITEM   OBSERVED TIME   RECORD YEAR NORMAL DEPARTURE LAST
                VALUE   (LST)  VALUE       VALUE  FROM      YEAR
                                                  NORMAL
..................................................................
TEMPERATURE (F)
 YESTERDAY
  MAXIMUM         54   1227 PM  81    1981  61     -7       65
  MINIMUM         36   1042 PM  19    2000  33      3       33
  AVERAGE         45                        47     -2       49

PRECIPITATION (IN)
  YESTERDAY        T             0.77 1995   0.06  -0.06     0.00
  MONTH TO DATE    0.69                      1.31  -0.62     0.08
  SINCE OCT 1      9.59                     11.04  -1.45    10.06
  SINCE JAN 1      5.06                      6.35  -1.29     3.60

SNOWFALL (IN)
  YESTERDAY       MM                        MM     MM       MM
  MONTH TO DATE   MM                        MM     MM       MM
  SINCE JUL 1     MM                        MM     MM       MM
  SNOW DEPTH      MM

DEGREE DAYS
 HEATING
  YESTERDAY       20                        18      2       16
  MONTH TO DATE  480                       639   -159      630
  SINCE MAR 1   1207                      1460   -253     1276
  SINCE JUL 1   5697                      6301   -604     4850

 COOLING
  YESTERDAY        0                         0      0        0
  MONTH TO DATE    0                         0      0        0
  SINCE MAR 1      0                         0      0        0
  SINCE JAN 1      0                         0      0        0
..................................................................


WIND (MPH)
  HIGHEST WIND SPEED    31   HIGHEST WIND DIRECTION    NW (330)
  HIGHEST GUST SPEED    37   HIGHEST GUST DIRECTION    NW (330)
  AVERAGE WIND SPEED    12.5


SKY COVER
  POSSIBLE SUNSHINE  MM
  AVERAGE SKY COVER 0.3


WEATHER CONDITIONS
 THE FOLLOWING WEATHER WAS RECORDED YESTERDAY.
  NO SIGNIFICANT WEATHER WAS OBSERVED.


RELATIVE HUMIDITY (PERCENT)
 HIGHEST    85           100 AM
 LOWEST     41           300 PM

..........................................................


THE KLAMATH FALLS OR CLIMATE NORMALS FOR TODAY
                         NORMAL    RECORD    YEAR
 MAXIMUM TEMPERATURE (F)   61        82      1981
 MINIMUM TEMPERATURE (F)   33        19      2011


SUNRISE AND SUNSET
APRIL 30 2016.........SUNRISE   603 AM PDT   SUNSET   806 PM PDT
MAY  1 2016...........SUNRISE   602 AM PDT   SUNSET   807 PM PDT


-  INDICATES NEGATIVE NUMBERS.
R  INDICATES RECORD WAS SET OR TIED.
MM INDICATES DATA IS MISSING.
T  INDICATES TRACE AMOUNT.




$$
