000
CDUS46 KMFR 240836
CLILMT


CLIMATE REPORT
NATIONAL WEATHER SERVICE MEDFORD, OR
136 AM PDT SUN MAY 24 2015


...................................

...THE KLAMATH FALLS OR CLIMATE SUMMARY FOR MAY 23 2015...

CLIMATE NORMAL PERIOD 1981 TO 2010
CLIMATE RECORD PERIOD 1928 TO 2015


WEATHER ITEM   OBSERVED TIME   RECORD YEAR NORMAL DEPARTURE LAST
                VALUE   (LST)  VALUE       VALUE  FROM      YEAR
                                                  NORMAL
..................................................................
TEMPERATURE (F)
 YESTERDAY
  MAXIMUM         67    422 PM  88    2001  67      0       76
  MINIMUM         43    528 AM  22    2010  38      5       45
  AVERAGE         55                        52      3       61

PRECIPITATION (IN)
  YESTERDAY        T             0.63 1990   0.03  -0.03      T
  MONTH TO DATE    1.45                      1.24   0.21     1.25
  SINCE OCT 1     11.51                     12.34  -0.83     6.67
  SINCE JAN 1      5.05                      7.65  -2.60     6.04

SNOWFALL (IN)
  YESTERDAY       MM                        MM     MM       MM
  MONTH TO DATE   MM                        MM     MM       MM
  SINCE JUL 1     MM                        MM     MM        0.0
  SNOW DEPTH      MM

DEGREE DAYS
 HEATING
  YESTERDAY       10                        13     -3        4
  MONTH TO DATE  342                       345     -3      279
  SINCE MAR 1   1632                      1823   -191     1583
  SINCE JUL 1   5206                      6664  -1458     6366

 COOLING
  YESTERDAY        0                         0      0        0
  MONTH TO DATE    0                         0      0        0
  SINCE MAR 1      0                         0      0        0
  SINCE JAN 1      0                         0      0        0
..................................................................


WIND (MPH)
  HIGHEST WIND SPEED    16   HIGHEST WIND DIRECTION    NW (300)
  HIGHEST GUST SPEED    26   HIGHEST GUST DIRECTION     W (280)
  AVERAGE WIND SPEED     6.9


SKY COVER
  POSSIBLE SUNSHINE  MM
  AVERAGE SKY COVER 0.9


WEATHER CONDITIONS
 THE FOLLOWING WEATHER WAS RECORDED YESTERDAY.
  LIGHT RAIN


RELATIVE HUMIDITY (PERCENT)
 HIGHEST    83           200 AM
 LOWEST     43           300 PM

..........................................................


THE KLAMATH FALLS OR CLIMATE NORMALS FOR TODAY
                         NORMAL    RECORD    YEAR
 MAXIMUM TEMPERATURE (F)   67        89      1992
 MINIMUM TEMPERATURE (F)   38        25      2011


SUNRISE AND SUNSET
MAY 24 2015...........SUNRISE   538 AM PDT   SUNSET   830 PM PDT
MAY 25 2015...........SUNRISE   538 AM PDT   SUNSET   831 PM PDT


-  INDICATES NEGATIVE NUMBERS.
R  INDICATES RECORD WAS SET OR TIED.
MM INDICATES DATA IS MISSING.
T  INDICATES TRACE AMOUNT.




$$
