000
CDUS45 KRIW 230735
CLILND


CLIMATE REPORT
NATIONAL WEATHER SERVICE RIVERTON WY
1235 AM MST TUE JAN 23 2018


...................................

...THE LANDER WY CLIMATE SUMMARY FOR JANUARY 22 2018...

CLIMATE NORMAL PERIOD 1981 TO 2010
CLIMATE RECORD PERIOD 1891 TO 2018


WEATHER ITEM   OBSERVED TIME   RECORD YEAR NORMAL DEPARTURE LAST
                VALUE   (LST)  VALUE       VALUE  FROM      YEAR
                                                  NORMAL
..................................................................
TEMPERATURE (F)
 YESTERDAY
  MAXIMUM         15   1102 PM  53    2009  33    -18       31
                                      1934
  MINIMUM          0    712 AM -34    1917  11    -11       13
  AVERAGE          8                        22    -14       22

PRECIPITATION (IN)
  YESTERDAY        0.00          0.33 1943   0.02  -0.02     0.00
  MONTH TO DATE    0.68                      0.30   0.38     0.46
  SINCE DEC 1      1.91                      0.88   1.03     1.36
  SINCE JAN 1      0.68                      0.30   0.38     0.46

SNOWFALL (IN)
  YESTERDAY        0.0                       0.3   -0.3      0.0
  MONTH TO DATE   11.5                       5.4    6.1      7.7
  SINCE DEC 1     29.9                      15.5   14.4     16.8
  SINCE JUL 1     37.9                      41.1   -3.2     30.8
  SNOW DEPTH       9

DEGREE DAYS
 HEATING
  YESTERDAY       57                        43     14       43
  MONTH TO DATE  936                       955    -19     1187
  SINCE DEC 1   2260                      2328    -68     2678
  SINCE JUL 1   3860                      4201   -341     4234

 COOLING
  YESTERDAY        0                         0      0        0
  MONTH TO DATE    0                         0      0        0
  SINCE DEC 1      0                         0      0        0
  SINCE JAN 1      0                         0      0        0
..................................................................


WIND (MPH)
  HIGHEST WIND SPEED    14   HIGHEST WIND DIRECTION     W (250)
  HIGHEST GUST SPEED    15   HIGHEST GUST DIRECTION     W (250)
  AVERAGE WIND SPEED     1.6


SKY COVER
  POSSIBLE SUNSHINE  MM
  AVERAGE SKY COVER 0.3


WEATHER CONDITIONS
 THE FOLLOWING WEATHER WAS RECORDED YESTERDAY.
  HAZE


RELATIVE HUMIDITY (PERCENT)
 HIGHEST    91          1000 PM
 LOWEST     64          1200 PM
 AVERAGE    78

..........................................................


THE LANDER WY CLIMATE NORMALS FOR TODAY
                         NORMAL    RECORD    YEAR
 MAXIMUM TEMPERATURE (F)   33        58      1970
 MINIMUM TEMPERATURE (F)   11       -28      1962


SUNRISE AND SUNSET
JANUARY 23 2018.......SUNRISE   738 AM MST   SUNSET   516 PM MST
JANUARY 24 2018.......SUNRISE   737 AM MST   SUNSET   518 PM MST


-  INDICATES NEGATIVE NUMBERS.
R  INDICATES RECORD WAS SET OR TIED.
MM INDICATES DATA IS MISSING.
T  INDICATES TRACE AMOUNT.




$$
