000
CDUS45 KRIW 300742
CLILND


CLIMATE REPORT
NATIONAL WEATHER SERVICE RIVERTON WY
131 AM MDT SAT APR 30 2016


...................................

...THE LANDER WY CLIMATE SUMMARY FOR APRIL 29 2016...

CLIMATE NORMAL PERIOD 1981 TO 2010
CLIMATE RECORD PERIOD 1891 TO 2016


WEATHER ITEM   OBSERVED TIME   RECORD YEAR NORMAL DEPARTURE LAST
                VALUE   (LST)  VALUE       VALUE  FROM      YEAR
                                                  NORMAL
..................................................................
TEMPERATURE (F)
 YESTERDAY
  MAXIMUM         40    130 PM  82    2007  61    -21       76
                                      1992
  MINIMUM         32    549 AM  15    1935  35     -3       41
  AVERAGE         36                        48    -12       59

PRECIPITATION (IN)
  YESTERDAY        0.27          2.97 1895   0.07   0.20     0.00
  MONTH TO DATE    4.09                      1.79   2.30     2.31
  SINCE MAR 1      8.68                      2.95   5.73     2.86
  SINCE JAN 1      9.60                      3.94   5.66     4.42

SNOWFALL (IN)
  YESTERDAY        T                         0.5   -0.5      0.0
  MONTH TO DATE    4.3                      16.3  -12.0     10.3
  SINCE MAR 1     37.6                      32.4    5.2     19.2
  SINCE JUL 1     74.6                      86.0  -11.4     73.1
  SNOW DEPTH       0

DEGREE DAYS
 HEATING
  YESTERDAY       29                        17     12        6
  MONTH TO DATE  577                       617    -40      581
  SINCE MAR 1   1398                      1532   -134     1346
  SINCE JUL 1   6549                      7236   -687     6470

 COOLING
  YESTERDAY        0                         0      0        0
  MONTH TO DATE    0                         0      0        0
  SINCE MAR 1      0                         0      0        0
  SINCE JAN 1      0                         0      0        0
..................................................................


WIND (MPH)
  HIGHEST WIND SPEED    12   HIGHEST WIND DIRECTION     E (80)
  HIGHEST GUST SPEED    14   HIGHEST GUST DIRECTION     E (70)
  AVERAGE WIND SPEED     4.1


SKY COVER
  POSSIBLE SUNSHINE  MM
  AVERAGE SKY COVER 1.0


WEATHER CONDITIONS
 THE FOLLOWING WEATHER WAS RECORDED YESTERDAY.
  RAIN
  LIGHT RAIN
  LIGHT SNOW
  FOG


RELATIVE HUMIDITY (PERCENT)
 HIGHEST    96           900 PM
 LOWEST     75           100 AM
 AVERAGE    86

..........................................................


THE LANDER WY CLIMATE NORMALS FOR TODAY
                         NORMAL    RECORD    YEAR
 MAXIMUM TEMPERATURE (F)   61        80      1992
                                             1987
 MINIMUM TEMPERATURE (F)   35         6      1909


SUNRISE AND SUNSET
APRIL 30 2016.........SUNRISE   610 AM MDT   SUNSET   815 PM MDT
MAY  1 2016...........SUNRISE   608 AM MDT   SUNSET   816 PM MDT


-  INDICATES NEGATIVE NUMBERS.
R  INDICATES RECORD WAS SET OR TIED.
MM INDICATES DATA IS MISSING.
T  INDICATES TRACE AMOUNT.




$$
