000
CDUS45 KRIW 080735
CLILND


CLIMATE REPORT
NATIONAL WEATHER SERVICE RIVERTON WY
1233 AM MST MON FEB 8 2016


...................................

...THE LANDER WY CLIMATE SUMMARY FOR FEBRUARY 7 2016...

CLIMATE NORMAL PERIOD 1981 TO 2010
CLIMATE RECORD PERIOD 1891 TO 2016


WEATHER ITEM   OBSERVED TIME   RECORD YEAR NORMAL DEPARTURE LAST
                VALUE   (LST)  VALUE       VALUE  FROM      YEAR
                                                  NORMAL
..................................................................
TEMPERATURE (F)
 YESTERDAY
  MAXIMUM         34    127 PM  58    2015  34      0       58
                                      1996
                                      1963
  MINIMUM         14   1159 PM -29    1933  12      2       36
  AVERAGE         24                        23      1       47

PRECIPITATION (IN)
  YESTERDAY        0.00          0.33 1901   0.02  -0.02     0.00
  MONTH TO DATE    0.43                      0.12   0.31     0.31
  SINCE DEC 1      1.33                      1.11   0.22     2.13
  SINCE JAN 1      0.85                      0.53   0.32     0.31

SNOWFALL (IN)
  YESTERDAY        0.0                       0.3   -0.3      0.0
  MONTH TO DATE    3.9                       2.2    1.7      3.4
  SINCE DEC 1     18.0                      19.9   -1.9     24.8
  SINCE JUL 1     37.0                      45.5   -8.5     33.7
  SNOW DEPTH       8

DEGREE DAYS
 HEATING
  YESTERDAY       41                        42     -1       18
  MONTH TO DATE  315                       297     18      216
  SINCE DEC 1   3034                      3014     20     2814
  SINCE JUL 1   4546                      4887   -341     4355

 COOLING
  YESTERDAY        0                         0      0        0
  MONTH TO DATE    0                         0      0        0
  SINCE DEC 1      0                         0      0        0
  SINCE JAN 1      0                         0      0        0
..................................................................


WIND (MPH)
  HIGHEST WIND SPEED    12   HIGHEST WIND DIRECTION     E (80)
  HIGHEST GUST SPEED    14   HIGHEST GUST DIRECTION    NE (40)
  AVERAGE WIND SPEED     4.8


SKY COVER
  POSSIBLE SUNSHINE  MM
  AVERAGE SKY COVER 0.0


WEATHER CONDITIONS
 THE FOLLOWING WEATHER WAS RECORDED YESTERDAY.
  NO SIGNIFICANT WEATHER WAS OBSERVED.


RELATIVE HUMIDITY (PERCENT)
 HIGHEST    74          1100 PM
 LOWEST     45           300 PM
 AVERAGE    60

..........................................................


THE LANDER WY CLIMATE NORMALS FOR TODAY
                         NORMAL    RECORD    YEAR
 MAXIMUM TEMPERATURE (F)   34        64      2006
 MINIMUM TEMPERATURE (F)   12       -40      1936


SUNRISE AND SUNSET
FEBRUARY  8 2016......SUNRISE   722 AM MST   SUNSET   537 PM MST
FEBRUARY  9 2016......SUNRISE   721 AM MST   SUNSET   538 PM MST


-  INDICATES NEGATIVE NUMBERS.
R  INDICATES RECORD WAS SET OR TIED.
MM INDICATES DATA IS MISSING.
T  INDICATES TRACE AMOUNT.




$$
