764
CDUS43 KOAX 172132
CLILNK


CLIMATE REPORT
NATIONAL WEATHER SERVICE OMAHA NEBRASKA
429 PM CDT TUE OCT 17 2017


...................................

...THE LINCOLN, NEBRASKA CLIMATE SUMMARY FOR OCTOBER 17 2017...
VALID TODAY AS OF 0400 PM LOCAL TIME.

CLIMATE NORMAL PERIOD 1981 TO 2010
CLIMATE RECORD PERIOD 1887 TO 2017


WEATHER ITEM   OBSERVED TIME   RECORD YEAR NORMAL DEPARTURE LAST
                VALUE   (LST)  VALUE       VALUE  FROM      YEAR
                                                  NORMAL
..................................................................
TEMPERATURE (F)
 TODAY
  MAXIMUM         73    256 PM  85    1991  66      7       84
                                      1924
  MINIMUM         43    711 AM  15    1976  40      3       55
  AVERAGE         58                        53      5       70

PRECIPITATION (IN)
  TODAY            0.00          1.18 1946   0.06  -0.06     0.00
  MONTH TO DATE    4.89                      1.17   3.72     1.58
  SINCE SEP 1      6.74                      4.19   2.55     4.96
  SINCE JAN 1     36.57                     25.77  10.80    26.35

SNOWFALL (IN)
  TODAY            0.0                       0.0    0.0      0.0
  MONTH TO DATE    0.0                       0.2   -0.2      0.0
  SINCE JUL 1      0.0                       0.2   -0.2      0.0
  SNOW DEPTH       0

DEGREE DAYS
 HEATING
  TODAY            7                        12     -5        0
  MONTH TO DATE  118                       166    -48      116
  SINCE SEP 1    152                       258   -106      155
  SINCE JUL 1    152                       264   -112      156

 COOLING
  TODAY            0                         0      0        5
  MONTH TO DATE   18                        12      6       13
  SINCE SEP 1    220                       135     85      216
  SINCE JAN 1   1250                      1170     80     1445
..................................................................


WIND (MPH)
  HIGHEST WIND SPEED    16   HIGHEST WIND DIRECTION     S (200)
  HIGHEST GUST SPEED    21   HIGHEST GUST DIRECTION     S (200)
  AVERAGE WIND SPEED     7.8


SKY COVER
  POSSIBLE SUNSHINE  MM
  AVERAGE SKY COVER 0.0


WEATHER CONDITIONS
 THE FOLLOWING WEATHER WAS RECORDED TODAY.
  NO SIGNIFICANT WEATHER WAS OBSERVED.


RELATIVE HUMIDITY (PERCENT)
 HIGHEST    83           700 AM
 LOWEST     38           200 PM
 AVERAGE    61

..........................................................


THE LINCOLN, NEBRASKA CLIMATE NORMALS FOR TOMORROW
                         NORMAL    RECORD    YEAR
 MAXIMUM TEMPERATURE (F)   65        87      2005
                                             1945
 MINIMUM TEMPERATURE (F)   40        21      1972


SUNRISE AND SUNSET
OCTOBER 17 2017.......SUNRISE   741 AM CDT   SUNSET   643 PM CDT
OCTOBER 18 2017.......SUNRISE   742 AM CDT   SUNSET   642 PM CDT


-  INDICATES NEGATIVE NUMBERS.
R  INDICATES RECORD WAS SET OR TIED.
MM INDICATES DATA IS MISSING.
T  INDICATES TRACE AMOUNT.




$$
