000
CDUS43 KOAX 220631
CLILNK


CLIMATE REPORT
NATIONAL WEATHER SERVICE OMAHA NEBRASKA
130 AM CDT FRI MAY 22 2015


...................................

...THE LINCOLN, NEBRASKA CLIMATE SUMMARY FOR MAY 21 2015...

CLIMATE NORMAL PERIOD 1981 TO 2010
CLIMATE RECORD PERIOD 1887 TO 2015


WEATHER ITEM   OBSERVED TIME   RECORD YEAR NORMAL DEPARTURE LAST
                VALUE   (LST)  VALUE       VALUE  FROM      YEAR
                                                  NORMAL
..................................................................
TEMPERATURE (F)
 YESTERDAY
  MAXIMUM         71    435 PM  95    1925  76     -5       84
  MINIMUM         37    125 AM  36    2003  52    -15       60
                                      1892
  AVERAGE         54                        64    -10       72

PRECIPITATION (IN)
  YESTERDAY        0.00          1.56 1949   0.14  -0.14     0.00
  MONTH TO DATE   10.40                      2.92   7.48     3.33
  SINCE MAR 1     13.16                      7.56   5.60     6.96
  SINCE JAN 1     15.00                      8.97   6.03     7.82

SNOWFALL (IN)
  YESTERDAY        0.0                       0.0    0.0      0.0
  MONTH TO DATE    0.0                       0.1   -0.1      0.0
  SINCE JUL 1     21.9                      26.0   -4.1     18.2
  SNOW DEPTH       0

DEGREE DAYS
 HEATING
  YESTERDAY       11                         3      8        0
  MONTH TO DATE  119                       124     -5      134
  SINCE MAR 1   1115                      1314   -199     1365
  SINCE JUL 1   5802                      6017   -215     6482

 COOLING
  YESTERDAY        0                         2     -2        7
  MONTH TO DATE   30                        31     -1       55
  SINCE MAR 1     35                        45    -10       70
  SINCE JAN 1     35                        45    -10       70
..................................................................


WIND (MPH)
  HIGHEST WIND SPEED    14   HIGHEST WIND DIRECTION    NW (330)
  HIGHEST GUST SPEED    18   HIGHEST GUST DIRECTION     W (260)
  AVERAGE WIND SPEED     4.7


SKY COVER
  POSSIBLE SUNSHINE  MM
  AVERAGE SKY COVER 0.0


WEATHER CONDITIONS
 THE FOLLOWING WEATHER WAS RECORDED YESTERDAY.
  FOG


RELATIVE HUMIDITY (PERCENT)
 HIGHEST   100           300 AM
 LOWEST     31           500 PM
 AVERAGE    66

..........................................................


THE LINCOLN, NEBRASKA CLIMATE NORMALS FOR TODAY
                         NORMAL    RECORD    YEAR
 MAXIMUM TEMPERATURE (F)   76        96      1925
 MINIMUM TEMPERATURE (F)   53        36      1963


SUNRISE AND SUNSET
MAY 22 2015...........SUNRISE   604 AM CDT   SUNSET   844 PM CDT
MAY 23 2015...........SUNRISE   603 AM CDT   SUNSET   845 PM CDT


-  INDICATES NEGATIVE NUMBERS.
R  INDICATES RECORD WAS SET OR TIED.
MM INDICATES DATA IS MISSING.
T  INDICATES TRACE AMOUNT.




$$
