000
CDUS43 KOAX 240655
CLILNK


CLIMATE REPORT
NATIONAL WEATHER SERVICE OMAHA NEBRASKA
1254 AM CST FRI FEB 24 2017


...................................

...THE LINCOLN, NEBRASKA CLIMATE SUMMARY FOR FEBRUARY 23 2017...

CLIMATE NORMAL PERIOD 1981 TO 2010
CLIMATE RECORD PERIOD 1887 TO 2017


WEATHER ITEM   OBSERVED TIME   RECORD YEAR NORMAL DEPARTURE LAST
                VALUE   (LST)  VALUE       VALUE  FROM      YEAR
                                                  NORMAL
..................................................................
TEMPERATURE (F)
 YESTERDAY
  MAXIMUM         47   1215 AM  75    1918  43      4       51
  MINIMUM         33   1159 PM -16    1989  21     12       26
  AVERAGE         40                        32      8       39

PRECIPITATION (IN)
  YESTERDAY        0.44          0.65 1887   0.03   0.41      T
  MONTH TO DATE    0.46                      0.61  -0.15     0.75
  SINCE DEC 1      3.18                      2.20   0.98     6.00
  SINCE JAN 1      1.56                      1.25   0.31     1.58

SNOWFALL (IN)
  YESTERDAY        0.5                       0.2    0.3      0.0
  MONTH TO DATE    0.7                       4.7   -4.0      7.3
  SINCE JUL 1      5.6                      18.8  -13.2     20.5
  SNOW DEPTH       0

DEGREE DAYS
 HEATING
  YESTERDAY       25                        33     -8       26
  MONTH TO DATE  583                       845   -262      730
  SINCE DEC 1   2917                      3281   -364     2880
  SINCE JUL 1   3725                      4542   -817     3780

 COOLING
  YESTERDAY        0                         0      0        0
  MONTH TO DATE    0                         0      0        0
  SINCE DEC 1      0                         0      0        0
  SINCE JAN 1      0                         0      0        0
..................................................................


WIND (MPH)
  HIGHEST WIND SPEED    26   HIGHEST WIND DIRECTION    NE (050)
  HIGHEST GUST SPEED    34   HIGHEST GUST DIRECTION    NE (040)
  AVERAGE WIND SPEED    17.6


SKY COVER
  POSSIBLE SUNSHINE  MM
  AVERAGE SKY COVER 0.8


WEATHER CONDITIONS
 THE FOLLOWING WEATHER WAS RECORDED YESTERDAY.
  THUNDERSTORM
  LIGHT RAIN
  LIGHT SNOW
  FOG
  HAZE


RELATIVE HUMIDITY (PERCENT)
 HIGHEST   100           800 PM
 LOWEST     70           100 PM
 AVERAGE    85

..........................................................


THE LINCOLN, NEBRASKA CLIMATE NORMALS FOR TODAY
                         NORMAL    RECORD    YEAR
 MAXIMUM TEMPERATURE (F)   43        72      1981
 MINIMUM TEMPERATURE (F)   21        -9      1965


SUNRISE AND SUNSET
FEBRUARY 24 2017......SUNRISE   708 AM CST   SUNSET   613 PM CST
FEBRUARY 25 2017......SUNRISE   707 AM CST   SUNSET   614 PM CST


-  INDICATES NEGATIVE NUMBERS.
R  INDICATES RECORD WAS SET OR TIED.
MM INDICATES DATA IS MISSING.
T  INDICATES TRACE AMOUNT.




$$
