000
CDUS43 KOAX 110710
CLILNK


CLIMATE REPORT
NATIONAL WEATHER SERVICE OMAHA NEBRASKA
110 AM CST MON DEC 11 2017


...................................

...THE LINCOLN, NEBRASKA CLIMATE SUMMARY FOR DECEMBER 10 2017...

CLIMATE NORMAL PERIOD 1981 TO 2010
CLIMATE RECORD PERIOD 1887 TO 2017


WEATHER ITEM   OBSERVED TIME   RECORD YEAR NORMAL DEPARTURE LAST
                VALUE   (LST)  VALUE       VALUE  FROM      YEAR
                                                  NORMAL
..................................................................
TEMPERATURE (F)
 YESTERDAY
  MAXIMUM         59    307 PM  71    1890  38     21       33
  MINIMUM         26   1058 PM -20    1919  17      9       22
  AVERAGE         43                        28     15       28

PRECIPITATION (IN)
  YESTERDAY        0.00          0.66 1911   0.04  -0.04     0.00
  MONTH TO DATE    T                         0.36  -0.36     0.53
  SINCE DEC 1      T                         0.36  -0.36     0.53
  SINCE JAN 1     36.65                     28.36   8.29    27.81

SNOWFALL (IN)
  YESTERDAY        0.0                       0.2   -0.2      0.0
  MONTH TO DATE    T                         1.8   -1.8      1.5
  SINCE JUL 1      T                         4.6   -4.6      1.5
  SNOW DEPTH       0

DEGREE DAYS
 HEATING
  YESTERDAY       22                        37    -15       37
  MONTH TO DATE  284                       357    -73      373
  SINCE DEC 1    284                       357    -73      373
  SINCE JUL 1   1337                      1618   -281     1181

 COOLING
  YESTERDAY        0                         0      0        0
  MONTH TO DATE    0                         0      0        0
  SINCE DEC 1      0                         0      0        0
  SINCE JAN 1   1252                      1173     79     1449
..................................................................


WIND (MPH)
  HIGHEST WIND SPEED    23   HIGHEST WIND DIRECTION    NW (330)
  HIGHEST GUST SPEED    32   HIGHEST GUST DIRECTION     N (340)
  AVERAGE WIND SPEED     6.6


SKY COVER
  POSSIBLE SUNSHINE  MM
  AVERAGE SKY COVER 0.0


WEATHER CONDITIONS
 THE FOLLOWING WEATHER WAS RECORDED YESTERDAY.
  NO SIGNIFICANT WEATHER WAS OBSERVED.


RELATIVE HUMIDITY (PERCENT)
 HIGHEST    68          1100 PM
 LOWEST     23           300 PM
 AVERAGE    46

..........................................................


THE LINCOLN, NEBRASKA CLIMATE NORMALS FOR TODAY
                         NORMAL    RECORD    YEAR
 MAXIMUM TEMPERATURE (F)   38        66      1990
 MINIMUM TEMPERATURE (F)   17       -10      1932


SUNRISE AND SUNSET
DECEMBER 11 2017......SUNRISE   741 AM CST   SUNSET   459 PM CST
DECEMBER 12 2017......SUNRISE   742 AM CST   SUNSET   459 PM CST


-  INDICATES NEGATIVE NUMBERS.
R  INDICATES RECORD WAS SET OR TIED.
MM INDICATES DATA IS MISSING.
T  INDICATES TRACE AMOUNT.




$$
