000
CDUS43 KOAX 250625
CLILNK


CLIMATE REPORT
NATIONAL WEATHER SERVICE OMAHA NEBRASKA
123 AM CDT TUE APR 25 2017


...................................

...THE LINCOLN, NEBRASKA CLIMATE SUMMARY FOR APRIL 24 2017...

CLIMATE NORMAL PERIOD 1981 TO 2010
CLIMATE RECORD PERIOD 1887 TO 2017


WEATHER ITEM   OBSERVED TIME   RECORD YEAR NORMAL DEPARTURE LAST
                VALUE   (LST)  VALUE       VALUE  FROM      YEAR
                                                  NORMAL
..................................................................
TEMPERATURE (F)
 YESTERDAY
  MAXIMUM         76    354 PM  94    1989  67      9       82
  MINIMUM         46    130 AM  22    2013  42      4       56
  AVERAGE         61                        55      6       69

PRECIPITATION (IN)
  YESTERDAY        0.00          2.60 2007   0.11  -0.11     0.04
  MONTH TO DATE    1.62                      2.03  -0.41     2.32
  SINCE MAR 1      3.24                      3.96  -0.72     3.25
  SINCE JAN 1      4.89                      5.37  -0.48     4.84

SNOWFALL (IN)
  YESTERDAY        0.0                       0.0    0.0      0.0
  MONTH TO DATE    0.0                       1.3   -1.3      0.0
  SINCE JUL 1      7.5                      25.8  -18.3     20.5
  SNOW DEPTH       0

DEGREE DAYS
 HEATING
  YESTERDAY        4                        11     -7        0
  MONTH TO DATE  226                       357   -131      239
  SINCE MAR 1    880                      1130   -250      777
  SINCE JUL 1   4763                      5833  -1070     4694

 COOLING
  YESTERDAY        0                         1     -1        4
  MONTH TO DATE   12                         7      5        7
  SINCE MAR 1     13                         8      5        8
  SINCE JAN 1     13                         8      5        8
..................................................................


WIND (MPH)
  HIGHEST WIND SPEED    37   HIGHEST WIND DIRECTION     S (170)
  HIGHEST GUST SPEED    44   HIGHEST GUST DIRECTION     S (180)
  AVERAGE WIND SPEED    16.5


SKY COVER
  POSSIBLE SUNSHINE  MM
  AVERAGE SKY COVER 0.1


WEATHER CONDITIONS
 THE FOLLOWING WEATHER WAS RECORDED YESTERDAY.
  NO SIGNIFICANT WEATHER WAS OBSERVED.


RELATIVE HUMIDITY (PERCENT)
 HIGHEST    67          1100 PM
 LOWEST     27           100 PM
 AVERAGE    47

..........................................................


THE LINCOLN, NEBRASKA CLIMATE NORMALS FOR TODAY
                         NORMAL    RECORD    YEAR
 MAXIMUM TEMPERATURE (F)   68        92      2012
 MINIMUM TEMPERATURE (F)   43        28      2013


SUNRISE AND SUNSET
APRIL 25 2017.........SUNRISE   633 AM CDT   SUNSET   817 PM CDT
APRIL 26 2017.........SUNRISE   632 AM CDT   SUNSET   819 PM CDT


-  INDICATES NEGATIVE NUMBERS.
R  INDICATES RECORD WAS SET OR TIED.
MM INDICATES DATA IS MISSING.
T  INDICATES TRACE AMOUNT.


$$

BCM
