000
CDUS43 KOAX 220708
CLILNK


CLIMATE REPORT
NATIONAL WEATHER SERVICE OMAHA NEBRASKA
107 AM CST THU FEB 22 2018


...................................

...THE LINCOLN, NEBRASKA CLIMATE SUMMARY FOR FEBRUARY 21 2018...

CLIMATE NORMAL PERIOD 1981 TO 2010
CLIMATE RECORD PERIOD 1887 TO 2018


WEATHER ITEM   OBSERVED TIME   RECORD YEAR NORMAL DEPARTURE LAST
                VALUE   (LST)  VALUE       VALUE  FROM      YEAR
                                                  NORMAL
..................................................................
TEMPERATURE (F)
 YESTERDAY
  MAXIMUM         27    403 PM  76    2017  42    -15       76
  MINIMUM          4    541 AM  -9    1918  20    -16       26
  AVERAGE         16                        31    -15       51

PRECIPITATION (IN)
  YESTERDAY        0.01          1.31 1945   0.03  -0.02     0.00
  MONTH TO DATE    0.50                      0.55  -0.05     0.02
  SINCE DEC 1      1.29                      2.14  -0.85     2.74
  SINCE JAN 1      0.91                      1.19  -0.28     1.12

SNOWFALL (IN)
  YESTERDAY        0.1                       0.1    0.0      0.0
  MONTH TO DATE    7.9                       4.3    3.6      0.2
  SINCE JUL 1     15.6                      18.4   -2.8      5.1
  SNOW DEPTH       T

DEGREE DAYS
 HEATING
  YESTERDAY       49                        34     15       14
  MONTH TO DATE  924                       778    146      549
  SINCE DEC 1   3327                      3214    113     2883
  SINCE JUL 1   4380                      4475    -95     3691

 COOLING
  YESTERDAY        0                         0      0        0
  MONTH TO DATE    0                         0      0        0
  SINCE DEC 1      0                         0      0        0
  SINCE JAN 1      0                         0      0        0
..................................................................


WIND (MPH)
  HIGHEST WIND SPEED    14   HIGHEST WIND DIRECTION     E (070)
  HIGHEST GUST SPEED    20   HIGHEST GUST DIRECTION    NE (050)
  AVERAGE WIND SPEED     6.9


SKY COVER
  POSSIBLE SUNSHINE  MM
  AVERAGE SKY COVER 0.3


WEATHER CONDITIONS
 THE FOLLOWING WEATHER WAS RECORDED YESTERDAY.
  LIGHT SNOW
  FOG


RELATIVE HUMIDITY (PERCENT)
 HIGHEST    80           200 AM
 LOWEST     42           300 PM
 AVERAGE    61

..........................................................


THE LINCOLN, NEBRASKA CLIMATE NORMALS FOR TODAY
                         NORMAL    RECORD    YEAR
 MAXIMUM TEMPERATURE (F)   42        76      2017
 MINIMUM TEMPERATURE (F)   20       -10      1989


SUNRISE AND SUNSET
FEBRUARY 22 2018......SUNRISE   711 AM CST   SUNSET   610 PM CST
FEBRUARY 23 2018......SUNRISE   710 AM CST   SUNSET   611 PM CST


-  INDICATES NEGATIVE NUMBERS.
R  INDICATES RECORD WAS SET OR TIED.
MM INDICATES DATA IS MISSING.
T  INDICATES TRACE AMOUNT.




$$
