000
CDUS43 KLOT 260634
CLILOT


CLIMATE REPORT
NATIONAL WEATHER SERVICE CHICAGO IL
1233 AM CST FRI DEC 26 2014


...................................

...THE ROMEOVILLE  WFO CLIMATE SUMMARY FOR DECEMBER 25 2014...

CLIMATE NORMAL PERIOD 1981 TO 2010
CLIMATE RECORD PERIOD 1992 TO 2014


WEATHER ITEM   OBSERVED RECORD YEAR NORMAL DEPARTURE LAST
                VALUE   VALUE       VALUE  FROM      YEAR
                                           NORMAL
...........................................................
TEMPERATURE (F)
 YESTERDAY
  MAXIMUM         44     50    1994  32     12       26
  MINIMUM         32    -11    2000  17     15       18
  AVERAGE         38                 25     13       22

PRECIPITATION (IN)
  YESTERDAY        0.00   0.31 2009   0.07  -0.07     0.05
  MONTH TO DATE    1.05               1.81  -0.76     1.26
  SINCE DEC 1      1.05               1.81  -0.76     1.26
  SINCE JAN 1     48.73              39.63   9.10    40.61

SNOWFALL (IN)
  YESTERDAY        0.0    1.6  2010   0.4   -0.4      1.0
                               2002
  MONTH TO DATE    T                  7.3   -7.3     10.2
  SINCE DEC 1      T                  7.3   -7.3     10.2
  SINCE JUL 1      1.4                8.2   -6.8     11.1
  SNOW DEPTH       0

DEGREE DAYS
 HEATING
  YESTERDAY       27                 40    -13
  MONTH TO DATE  798                909   -111
  SINCE DEC 1    798                909   -111
  SINCE JUL 1   2274               2128    146

 COOLING
  YESTERDAY        0                  0      0
  MONTH TO DATE    0                  0      0
  SINCE DEC 1      0                  0      0
  SINCE JAN 1    748                862   -114
...........................................................







THE ROMEOVILLE  WFO CLIMATE NORMALS FOR TODAY
                         NORMAL    RECORD    YEAR
 MAXIMUM TEMPERATURE (F)   32        53      2008
 MINIMUM TEMPERATURE (F)   17         5      2001
                                             2000
                                             1993


SUNRISE AND SUNSET
DECEMBER 26 2014......SUNRISE   718 AM CST   SUNSET   428 PM CST
DECEMBER 27 2014......SUNRISE   718 AM CST   SUNSET   429 PM CST


-  INDICATES NEGATIVE NUMBERS.
R  INDICATES RECORD WAS SET OR TIED.
MM INDICATES DATA IS MISSING.
T  INDICATES TRACE AMOUNT.




$$
