000
CDUS43 KLOT 220640
CLILOT


CLIMATE REPORT
NATIONAL WEATHER SERVICE CHICAGO IL
139 AM CDT TUE JUL 22 2014


...................................

...THE ROMEOVILLE  WFO CLIMATE SUMMARY FOR JULY 21 2014...

CLIMATE NORMAL PERIOD 1981 TO 2010
CLIMATE RECORD PERIOD 1992 TO 2014


WEATHER ITEM   OBSERVED RECORD YEAR NORMAL DEPARTURE LAST
                VALUE   VALUE       VALUE  FROM      YEAR
                                           NORMAL
...........................................................
TEMPERATURE (F)
 YESTERDAY
  MAXIMUM         83     99    2011  84     -1       88
  MINIMUM         63     56    2000  64     -1       68
                               1992
  AVERAGE         73                 74     -1       78

PRECIPITATION (IN)
  YESTERDAY        0.00   0.52 1996   0.18  -0.18      T
  MONTH TO DATE    4.18               3.05   1.13     0.56
  SINCE JUN 1     13.40               7.39   6.01     5.00
  SINCE JAN 1     28.77              22.09   6.68    25.99

DEGREE DAYS
 HEATING
  YESTERDAY        0                  0      0
  MONTH TO DATE    8                  0      8
  SINCE JUN 1     20                 33    -13
  SINCE JUL 1      8                  0      8

 COOLING
  YESTERDAY        8                  9     -1
  MONTH TO DATE   97                189    -92
  SINCE JUN 1    295                369    -74
  SINCE JAN 1    383                427    -44
...........................................................







THE ROMEOVILLE  WFO CLIMATE NORMALS FOR TODAY
                         NORMAL    RECORD    YEAR
 MAXIMUM TEMPERATURE (F)   84        93      2001
 MINIMUM TEMPERATURE (F)   64        54      1996


SUNRISE AND SUNSET
JULY 22 2014..........SUNRISE   537 AM CDT   SUNSET   820 PM CDT
JULY 23 2014..........SUNRISE   538 AM CDT   SUNSET   819 PM CDT


-  INDICATES NEGATIVE NUMBERS.
R  INDICATES RECORD WAS SET OR TIED.
MM INDICATES DATA IS MISSING.
T  INDICATES TRACE AMOUNT.




$$
