000
CDUS43 KLOT 200634
CLILOT


CLIMATE REPORT
NATIONAL WEATHER SERVICE CHICAGO IL
1233 AM CST TUE FEB 20 2018


...................................

...THE ROMEOVILLE  WFO CLIMATE SUMMARY FOR FEBRUARY 19 2018...

CLIMATE NORMAL PERIOD 1981 TO 2010
CLIMATE RECORD PERIOD 1992 TO 2018


WEATHER ITEM   OBSERVED RECORD YEAR NORMAL DEPARTURE LAST
                VALUE   VALUE       VALUE  FROM      YEAR
                                           NORMAL
...........................................................
TEMPERATURE (F)
 YESTERDAY
  MAXIMUM         58     67    2017  37     21       67
  MINIMUM         36     -8    2015  21     15       34
  AVERAGE         47                 29     18       51

PRECIPITATION (IN)
  YESTERDAY        1.03R  0.85 1994   0.06   0.97     0.00
  MONTH TO DATE    2.54               1.09   1.45     0.54
  SINCE DEC 1      4.66               5.27  -0.61     4.73
  SINCE JAN 1      4.18               3.02   1.16     3.21

SNOWFALL (IN)
  YESTERDAY        0.0    0.2  2013   0.2   -0.2      0.0
  MONTH TO DATE   20.8                4.5   16.3      1.3
  SINCE DEC 1     31.6               24.6    7.0     19.4
  SINCE JUL 1     31.6               25.5    6.1     19.4
  SNOW DEPTH       0

DEGREE DAYS
 HEATING
  YESTERDAY       18                 36    -18
  MONTH TO DATE  841                739    102
  SINCE DEC 1   3356               3201    155
  SINCE JUL 1   4467               4420     47

 COOLING
  YESTERDAY        0                  0      0
  MONTH TO DATE    0                  0      0
  SINCE DEC 1      0                  0      0
  SINCE JAN 1      0                  0      0
...........................................................







THE ROMEOVILLE  WFO CLIMATE NORMALS FOR TODAY
                         NORMAL    RECORD    YEAR
 MAXIMUM TEMPERATURE (F)   37        69      2017
 MINIMUM TEMPERATURE (F)   21        -7      2015


SUNRISE AND SUNSET
FEBRUARY 20 2018......SUNRISE   641 AM CST   SUNSET   532 PM CST
FEBRUARY 21 2018......SUNRISE   639 AM CST   SUNSET   533 PM CST


-  INDICATES NEGATIVE NUMBERS.
R  INDICATES RECORD WAS SET OR TIED.
MM INDICATES DATA IS MISSING.
T  INDICATES TRACE AMOUNT.




$$
