000
CDUS43 KLOT 280636
CLILOT


CLIMATE REPORT
NATIONAL WEATHER SERVICE CHICAGO IL
134 AM CDT MON JUL 28 2014


...................................

...THE ROMEOVILLE  WFO CLIMATE SUMMARY FOR JULY 27 2014...

CLIMATE NORMAL PERIOD 1981 TO 2010
CLIMATE RECORD PERIOD 1992 TO 2014


WEATHER ITEM   OBSERVED RECORD YEAR NORMAL DEPARTURE LAST
                VALUE   VALUE       VALUE  FROM      YEAR
                                           NORMAL
...........................................................
TEMPERATURE (F)
 YESTERDAY
  MAXIMUM         84     94    1997  84      0       68
  MINIMUM         64     55    2013  64      0       55
                               1994
  AVERAGE         74                 74      0       62

PRECIPITATION (IN)
  YESTERDAY        T      4.90 2003   0.16  -0.16     0.00
  MONTH TO DATE    4.30               4.05   0.25     0.58
  SINCE JUN 1     13.52               8.39   5.13     5.02
  SINCE JAN 1     28.89              23.09   5.80    26.01

DEGREE DAYS
 HEATING
  YESTERDAY        0                  0      0
  MONTH TO DATE    9                  0      9
  SINCE JUN 1     21                 33    -12
  SINCE JUL 1      9                  0      9

 COOLING
  YESTERDAY        9                  9      0
  MONTH TO DATE  130                243   -113
  SINCE JUN 1    328                423    -95
  SINCE JAN 1    416                481    -65
...........................................................







THE ROMEOVILLE  WFO CLIMATE NORMALS FOR TODAY
                         NORMAL    RECORD    YEAR
 MAXIMUM TEMPERATURE (F)   83        91      2010
                                             2006
                                             1999
 MINIMUM TEMPERATURE (F)   64        50      2013


SUNRISE AND SUNSET
JULY 28 2014..........SUNRISE   543 AM CDT   SUNSET   814 PM CDT
JULY 29 2014..........SUNRISE   544 AM CDT   SUNSET   813 PM CDT


-  INDICATES NEGATIVE NUMBERS.
R  INDICATES RECORD WAS SET OR TIED.
MM INDICATES DATA IS MISSING.
T  INDICATES TRACE AMOUNT.




$$
