000
CDUS43 KLMK 032036
CLILOU


CLIMATE REPORT
NATIONAL WEATHER SERVICE LOUISVILLE KY
436 PM EDT TUE MAY 3 2016


...................................

...THE LOUISVILLE BOWMAN KY CLIMATE SUMMARY FOR MAY 3 2016...
VALID TODAY AS OF 0400 PM LOCAL TIME.

CLIMATE NORMAL PERIOD 1981 TO 2010
CLIMATE RECORD PERIOD 9999 TO 9999


WEATHER ITEM   OBSERVED TIME   RECORD YEAR NORMAL DEPARTURE LAST
                VALUE   (LST)  VALUE       VALUE  FROM      YEAR
                                                  NORMAL
..................................................................
TEMPERATURE (F)
 TODAY
  MAXIMUM         65    129 PM  MM      MM  73     -8       79
  MINIMUM         54    620 AM  MM      MM  52      2       50
  AVERAGE         60                        62     -2       65

PRECIPITATION (IN)
  TODAY            0.00         MM      MM   0.18  -0.18     0.00
  MONTH TO DATE    1.04                      0.56   0.48     0.00
  SINCE MAR 1      9.72                      8.80   0.92    16.57
  SINCE JAN 1     15.61                     15.36   0.25    19.35

SNOWFALL (IN)
  TODAY           MM            MM      MM  MM     MM       MM
  MONTH TO DATE   MM                        MM     MM       MM
  SINCE MAR 1     MM                        MM     MM       MM
  SINCE JUL 1     MM                        MM     MM       MM
  SNOW DEPTH      MM

DEGREE DAYS
 HEATING
  TODAY            5                         4      1        0
  MONTH TO DATE    7                        13     -6        9
  SINCE MAR 1    602                       843   -241      803
  SINCE JUL 1   3389                      4204   -815     4587

 COOLING
  TODAY            0                         2     -2        0
  MONTH TO DATE    8                         5      3        0
  SINCE MAR 1     46                        39      7       21
  SINCE JAN 1     46                        39      7       21
..................................................................


WIND (MPH)
  HIGHEST WIND SPEED    16   HIGHEST WIND DIRECTION     W (280)
  HIGHEST GUST SPEED    20   HIGHEST GUST DIRECTION     W (270)
  AVERAGE WIND SPEED     7.1


SKY COVER
  POSSIBLE SUNSHINE  MM
  AVERAGE SKY COVER 0.9


WEATHER CONDITIONS
 THE FOLLOWING WEATHER WAS RECORDED TODAY.
  NO SIGNIFICANT WEATHER WAS OBSERVED.


RELATIVE HUMIDITY (PERCENT)
 HIGHEST    83           500 AM
 LOWEST     44           200 PM
 AVERAGE    64

..........................................................




SUNRISE AND SUNSET
MAY  3 2016...........SUNRISE   643 AM EDT   SUNSET   836 PM EDT
MAY  4 2016...........SUNRISE   642 AM EDT   SUNSET   837 PM EDT


-  INDICATES NEGATIVE NUMBERS.
R  INDICATES RECORD WAS SET OR TIED.
MM INDICATES DATA IS MISSING.
T  INDICATES TRACE AMOUNT.




$$
