000
CDUS43 KLMK 300728
CLILOU


CLIMATE REPORT
NATIONAL WEATHER SERVICE LOUISVILLE KY
328 AM EDT SAT AUG 30 2014


...................................

...THE LOUISVILLE BOWMAN KY CLIMATE SUMMARY FOR AUGUST 29 2014...

CLIMATE NORMAL PERIOD 1981 TO 2010
CLIMATE RECORD PERIOD 9999 TO 9999


WEATHER ITEM   OBSERVED TIME   RECORD YEAR NORMAL DEPARTURE LAST
                VALUE   (LST)  VALUE       VALUE  FROM      YEAR
                                                  NORMAL
..................................................................
TEMPERATURE (F)
 YESTERDAY
  MAXIMUM         91    331 PM  MM      MM  86      5       93
  MINIMUM         73    717 AM  MM      MM  66      7       76
  AVERAGE         82                        76      6       85

PRECIPITATION (IN)
  YESTERDAY        0.00         MM      MM   0.11  -0.11     0.00
  MONTH TO DATE    5.38                      3.10   2.28     2.29
  SINCE JUN 1     10.70                     11.41  -0.71    16.94
  SINCE JAN 1     30.24                     31.33  -1.09    35.67

SNOWFALL (IN)
  YESTERDAY       MM            MM      MM  MM     MM       MM
  MONTH TO DATE   MM                        MM     MM       MM
  SINCE JUN 1     MM                        MM     MM       MM
  SINCE JUL 1     MM                        MM     MM       MM
  SNOW DEPTH      MM

DEGREE DAYS
 HEATING
  YESTERDAY        0                         0      0        0
  MONTH TO DATE    0                         0      0        0
  SINCE JUN 1      0                         3     -3        0
  SINCE JUL 1      0                         0      0        0

 COOLING
  YESTERDAY       17                        11      6       20
  MONTH TO DATE  357                       367    -10      339
  SINCE JUN 1   1067                      1070     -3      981
  SINCE JAN 1   1322                      1217    105     1167
..................................................................


WIND (MPH)
  HIGHEST WIND SPEED    15   HIGHEST WIND DIRECTION     S (180)
  HIGHEST GUST SPEED    22   HIGHEST GUST DIRECTION     S (190)
  AVERAGE WIND SPEED     4.8


SKY COVER
  POSSIBLE SUNSHINE  MM
  AVERAGE SKY COVER 0.1


WEATHER CONDITIONS
 THE FOLLOWING WEATHER WAS RECORDED YESTERDAY.
  NO SIGNIFICANT WEATHER WAS OBSERVED.


RELATIVE HUMIDITY (PERCENT)
 HIGHEST    79           200 AM
 LOWEST     38           400 PM
 AVERAGE    59

..........................................................


THE LOUISVILLE BOWMAN KY CLIMATE NORMALS FOR TODAY
                         NORMAL
 MAXIMUM TEMPERATURE (F)   86
 MINIMUM TEMPERATURE (F)   66


SUNRISE AND SUNSET
AUGUST 30 2014........SUNRISE   710 AM EDT   SUNSET   815 PM EDT
AUGUST 31 2014........SUNRISE   711 AM EDT   SUNSET   814 PM EDT


-  INDICATES NEGATIVE NUMBERS.
R  INDICATES RECORD WAS SET OR TIED.
MM INDICATES DATA IS MISSING.
T  INDICATES TRACE AMOUNT.




$$
