000
CDUS43 KLMK 290627
CLILOU


CLIMATE REPORT
NATIONAL WEATHER SERVICE LOUISVILLE KY
226 AM EDT MON MAY 29 2017


...................................

...THE LOUISVILLE BOWMAN KY CLIMATE SUMMARY FOR MAY 28 2017...

CLIMATE NORMAL PERIOD 1981 TO 2010
CLIMATE RECORD PERIOD 9999 TO 9999


WEATHER ITEM   OBSERVED TIME   RECORD YEAR NORMAL DEPARTURE LAST
                VALUE   (LST)  VALUE       VALUE  FROM      YEAR
                                                  NORMAL
..................................................................
TEMPERATURE (F)
 YESTERDAY
  MAXIMUM         76    556 PM  MM      MM  80     -4       83
  MINIMUM         64    553 AM  MM      MM  60      4       69
  AVERAGE         70                        70      0       76

PRECIPITATION (IN)
  YESTERDAY        0.01         MM      MM   0.16  -0.15     0.02
  MONTH TO DATE    4.85                      4.68   0.17     5.04
  SINCE MAR 1     13.54                     12.92   0.62    13.72
  SINCE JAN 1     19.56                     19.48   0.08    19.61

SNOWFALL (IN)
  YESTERDAY       MM            MM      MM  MM     MM       MM
  MONTH TO DATE   MM                        MM     MM       MM
  SINCE MAR 1     MM                        MM     MM       MM
  SINCE JUL 1     MM                        MM     MM       MM
  SNOW DEPTH      MM

DEGREE DAYS
 HEATING
  YESTERDAY        0                         1     -1        0
  MONTH TO DATE   81                        71     10      106
  SINCE MAR 1    663                       901   -238      701
  SINCE JUL 1   3225                      4262  -1037     3488

 COOLING
  YESTERDAY        5                         6     -1       11
  MONTH TO DATE  126                        95     31       74
  SINCE MAR 1    223                       129     94      112
  SINCE JAN 1    226                       129     97      112
..................................................................


WIND (MPH)
  HIGHEST WIND SPEED    17   HIGHEST WIND DIRECTION    SW (240)
  HIGHEST GUST SPEED    27   HIGHEST GUST DIRECTION    SW (220)
  AVERAGE WIND SPEED     8.8


SKY COVER
  POSSIBLE SUNSHINE  MM
  AVERAGE SKY COVER 0.5


WEATHER CONDITIONS
 THE FOLLOWING WEATHER WAS RECORDED YESTERDAY.
  LIGHT RAIN
  FOG
  HAZE


RELATIVE HUMIDITY (PERCENT)
 HIGHEST    93          1200 AM
 LOWEST     68           200 PM
 AVERAGE    81

..........................................................


THE LOUISVILLE BOWMAN KY CLIMATE NORMALS FOR TODAY
                         NORMAL
 MAXIMUM TEMPERATURE (F)   80
 MINIMUM TEMPERATURE (F)   60


SUNRISE AND SUNSET
MAY 29 2017...........SUNRISE   622 AM EDT   SUNSET   858 PM EDT
MAY 30 2017...........SUNRISE   622 AM EDT   SUNSET   859 PM EDT


-  INDICATES NEGATIVE NUMBERS.
R  INDICATES RECORD WAS SET OR TIED.
MM INDICATES DATA IS MISSING.
T  INDICATES TRACE AMOUNT.




$$
