000
CDUS43 KJKL 010545
CLILOZ

CLIMATE REPORT
NATIONAL WEATHER SERVICE JACKSON KY
145 AM EDT FRI AUG 1 2014

...................................

...THE LONDON KY CLIMATE SUMMARY FOR JULY 31 2014...

CLIMATE NORMAL PERIOD 1981 TO 2010
CLIMATE RECORD PERIOD 1954 TO 2014

WEATHER ITEM   OBSERVED TIME   RECORD YEAR NORMAL DEPARTURE LAST
                VALUE   (LST)  VALUE       VALUE  FROM      YEAR
                                                  NORMAL
..................................................................
TEMPERATURE (F)
 YESTERDAY
  MAXIMUM         83    425 PM 101    1999  86     -3       69
  MINIMUM         58    622 AM  54    1965  66     -8       63
  AVERAGE         71                        76     -5       66

PRECIPITATION (IN)
  YESTERDAY        0.00          1.64 2003   0.12  -0.12     0.31
  MONTH TO DATE    7.00                      4.04   2.96     7.19
  SINCE JUN 1       MM                       8.44    MM     14.43
  SINCE JAN 1       MM                      28.97    MM     37.44

SNOWFALL (IN)
  YESTERDAY       MM
  MONTH TO DATE   MM
  SINCE JUN 1     MM
  SINCE JUL 1     MM
  SNOW DEPTH      MM

DEGREE DAYS
 HEATING
  YESTERDAY        0                         0      0        0
  MONTH TO DATE    0                         0      0        0
  SINCE JUN 1      0                         9     -9        0
  SINCE JUL 1      0                         0      0        0

 COOLING
  YESTERDAY        6                        11     -5        1
  MONTH TO DATE  275                       350    -75      271
  SINCE JUN 1     MM                       593     MM      502
  SINCE JAN 1     MM                       707     MM      602
..................................................................

WIND (MPH)
  HIGHEST WIND SPEED     7   HIGHEST WIND DIRECTION    NE (30)
  HIGHEST GUST SPEED    11   HIGHEST GUST DIRECTION     E (80)
  AVERAGE WIND SPEED     1.6

SKY COVER
  POSSIBLE SUNSHINE  MM
  AVERAGE SKY COVER 0.1

WEATHER CONDITIONS
 THE FOLLOWING WEATHER WAS RECORDED YESTERDAY.
  FOG

RELATIVE HUMIDITY (PERCENT)
 HIGHEST    90          1200 AM
 LOWEST     40           400 PM
 AVERAGE    65

..........................................................

THE LONDON KY CLIMATE NORMALS FOR TODAY
                         NORMAL    RECORD    YEAR
 MAXIMUM TEMPERATURE (F)   86        96      1970
 MINIMUM TEMPERATURE (F)   66        53      1966

SUNRISE AND SUNSET
AUGUST  1 2014........SUNRISE   641 AM EDT   SUNSET   843 PM EDT
AUGUST  2 2014........SUNRISE   642 AM EDT   SUNSET   842 PM EDT

-  INDICATES NEGATIVE NUMBERS.
R  INDICATES RECORD WAS SET OR TIED.
MM INDICATES DATA IS MISSING.
T  INDICATES TRACE AMOUNT.

&&

MISSING TOTALS DUE TO POWER OUTAGE ON JUNE 10TH AND 11TH...

$$

CARICO
