000
CDUS43 KJKL 210542
CLILOZ

CLIMATE REPORT
NATIONAL WEATHER SERVICE JACKSON KY
142 AM EDT SUN SEP 21 2014
...................................

...THE LONDON KY CLIMATE SUMMARY FOR SEPTEMBER 20 2014...

CLIMATE NORMAL PERIOD 1981 TO 2010
CLIMATE RECORD PERIOD 1954 TO 2014

WEATHER ITEM   OBSERVED TIME   RECORD YEAR NORMAL DEPARTURE LAST
                VALUE   (LST)  VALUE       VALUE  FROM      YEAR
                                                  NORMAL
..................................................................
TEMPERATURE (F)
 YESTERDAY
  MAXIMUM         83    259 PM  92    1955  78      5       83
  MINIMUM         60    702 AM  40    1956  55      5       63
  AVERAGE         72                        67      5       73

PRECIPITATION (IN)
  YESTERDAY        0.00          1.62 1958   0.11  -0.11     0.00
  MONTH TO DATE    1.38                      2.24  -0.86     0.97
  SINCE SEP 1      1.38                      2.24  -0.86     0.97
  SINCE JAN 1      M                        34.92   M       42.01

SNOWFALL (IN)
  YESTERDAY       MM
  MONTH TO DATE   MM
  SINCE SEP 1     MM
  SINCE JUL 1     MM
  SNOW DEPTH      MM

DEGREE DAYS
 HEATING
  YESTERDAY        0                         2     -2        0
  MONTH TO DATE    6                        13     -7        7
  SINCE SEP 1      6                        13     -7        7
  SINCE JUL 1      6                        14     -8        7

 COOLING
  YESTERDAY        7                         4      3        8
  MONTH TO DATE  139                       117     22      138
  SINCE SEP 1    139                       117     22      138
  SINCE JAN 1      M                      1141      M     1030
..................................................................

WIND (MPH)
  HIGHEST WIND SPEED    12   HIGHEST WIND DIRECTION     W (250)
  HIGHEST GUST SPEED    17   HIGHEST GUST DIRECTION     W (250)
  AVERAGE WIND SPEED     3.5

SKY COVER
  POSSIBLE SUNSHINE  MM
  AVERAGE SKY COVER 0.2

WEATHER CONDITIONS
 THE FOLLOWING WEATHER WAS RECORDED YESTERDAY.
  FOG

RELATIVE HUMIDITY (PERCENT)
 HIGHEST    87          1000 PM
 LOWEST     47           300 PM
 AVERAGE    67
..........................................................

THE LONDON KY CLIMATE NORMALS FOR TODAY
                         NORMAL    RECORD    YEAR
 MAXIMUM TEMPERATURE (F)   78        93      1955
 MINIMUM TEMPERATURE (F)   55        35      1956

SUNRISE AND SUNSET
SEPTEMBER 21 2014.....SUNRISE   723 AM EDT   SUNSET   735 PM EDT
SEPTEMBER 22 2014.....SUNRISE   724 AM EDT   SUNSET   733 PM EDT

-  INDICATES NEGATIVE NUMBERS.
R  INDICATES RECORD WAS SET OR TIED.
MM INDICATES DATA IS MISSING.
T  INDICATES TRACE AMOUNT.

$$
