000
CDUS43 KJKL 020550
CLILOZ

CLIMATE REPORT
NATIONAL WEATHER SERVICE JACKSON KY
132 AM EDT SUN AUG 2 2015

...................................

...THE LONDON KY CLIMATE SUMMARY FOR AUGUST 1 2015...

CLIMATE NORMAL PERIOD 1981 TO 2010
CLIMATE RECORD PERIOD 1954 TO 2015

WEATHER ITEM   OBSERVED TIME   RECORD YEAR NORMAL DEPARTURE LAST
                VALUE   (LST)  VALUE       VALUE  FROM      YEAR
                                                  NORMAL
..................................................................
TEMPERATURE (F)
 YESTERDAY
  MAXIMUM         88    342 PM  96    1970  86      2       84
  MINIMUM         61    608 AM  53    1966  66     -5       62
  AVERAGE         75                        76     -1       73

PRECIPITATION (IN)
  YESTERDAY        0.00          1.00 1958   0.12  -0.12      T
  MONTH TO DATE    0.00                      0.12  -0.12      T
  SINCE JUN 1     16.20                      8.56   7.64     9.71
  SINCE JAN 1     36.12                     29.09   7.03    28.70

SNOWFALL (IN)
  YESTERDAY       MM
  MONTH TO DATE   MM
  SINCE JUN 1     MM
  SINCE JUL 1     MM
  SNOW DEPTH      MM

DEGREE DAYS
 HEATING
  YESTERDAY        0                         0      0        0
  MONTH TO DATE    0                         0      0        0
  SINCE JUN 1      2                         9     -7        0
  SINCE JUL 1      0                         0      0        0

 COOLING
  YESTERDAY       10                        11     -1        8
  MONTH TO DATE   10                        11     -1        8
  SINCE JUN 1    707                       604    103      565
  SINCE JAN 1    901                       718    183      731
..................................................................

WIND (MPH)
  HIGHEST WIND SPEED    14   HIGHEST WIND DIRECTION     W (280)
  HIGHEST GUST SPEED    18   HIGHEST GUST DIRECTION     W (260)
  AVERAGE WIND SPEED     3.4

SKY COVER
  POSSIBLE SUNSHINE  MM
  AVERAGE SKY COVER 0.1

WEATHER CONDITIONS
 THE FOLLOWING WEATHER WAS RECORDED YESTERDAY.
  FOG
  HAZE

RELATIVE HUMIDITY (PERCENT)
 HIGHEST    90           400 AM
 LOWEST     34           300 PM
 AVERAGE    62
..........................................................

THE LONDON KY CLIMATE NORMALS FOR TODAY
                         NORMAL    RECORD    YEAR
 MAXIMUM TEMPERATURE (F)   86        97      1988
 MINIMUM TEMPERATURE (F)   66        55      1976

SUNRISE AND SUNSET
AUGUST  2 2015........SUNRISE   642 AM EDT   SUNSET   843 PM EDT
AUGUST  3 2015........SUNRISE   643 AM EDT   SUNSET   842 PM EDT

-  INDICATES NEGATIVE NUMBERS.
R  INDICATES RECORD WAS SET OR TIED.
MM INDICATES DATA IS MISSING.
T  INDICATES TRACE AMOUNT.

$$

SHALLENBERGER
