000
CDUS43 KJKL 232033
CLILOZ

CLIMATE REPORT
NATIONAL WEATHER SERVICE JACKSON KY
432 PM EDT THU MAR 23 2017

...................................

...THE LONDON KY CLIMATE SUMMARY FOR MARCH 23 2017...
VALID TODAY AS OF 0400 PM LOCAL TIME.

CLIMATE NORMAL PERIOD 1981 TO 2010
CLIMATE RECORD PERIOD 1954 TO 2017

WEATHER ITEM   OBSERVED TIME   RECORD YEAR NORMAL DEPARTURE LAST
                VALUE   (LST)  VALUE       VALUE  FROM      YEAR
                                                  NORMAL
..................................................................
TEMPERATURE (F)
 TODAY
  MAXIMUM         66    259 PM  81    2007  61      5       69
  MINIMUM         32    717 AM  16    1960  38     -6       52
  AVERAGE         49                        49      0       61

PRECIPITATION (IN)
  TODAY            0.00          1.45 1993   0.13  -0.13     0.00
  MONTH TO DATE    3.21                      3.00   0.21     1.05
  SINCE MAR 1      3.21                      3.00   0.21     1.05

SNOWFALL (IN)
  TODAY           MM
  MONTH TO DATE   MM
  SINCE MAR 1     MM
  SINCE JUL 1     MM
  SNOW DEPTH      MM

DEGREE DAYS
 HEATING
  TODAY           16                        16      0        4
  MONTH TO DATE  490                       433     57      319
  SINCE MAR 1    490                       433     57      319
  SINCE JUL 1   3085                      3709   -624     3235

 COOLING
  TODAY            0                         0      0        0
  MONTH TO DATE    0                         0      0        0
  SINCE MAR 1      0                         0      0        0
  SINCE JAN 1      0                         0      0        0
..................................................................

WIND (MPH)
  HIGHEST WIND SPEED    14   HIGHEST WIND DIRECTION    SW (210)
  HIGHEST GUST SPEED    17   HIGHEST GUST DIRECTION     S (200)
  AVERAGE WIND SPEED     6.2

SKY COVER
  POSSIBLE SUNSHINE  MM
  AVERAGE SKY COVER 0.0

WEATHER CONDITIONS
 THE FOLLOWING WEATHER WAS RECORDED TODAY.
  NO SIGNIFICANT WEATHER WAS OBSERVED.

RELATIVE HUMIDITY (PERCENT)
 HIGHEST    47           500 AM
 LOWEST     22           300 PM
 AVERAGE    35
..........................................................

THE LONDON KY CLIMATE NORMALS FOR TOMORROW
                         NORMAL    RECORD    YEAR
 MAXIMUM TEMPERATURE (F)   61        84      2007
 MINIMUM TEMPERATURE (F)   38        17      1971

SUNRISE AND SUNSET
MARCH 23 2017.........SUNRISE   735 AM EDT   SUNSET   751 PM EDT
MARCH 24 2017.........SUNRISE   734 AM EDT   SUNSET   752 PM EDT

-  INDICATES NEGATIVE NUMBERS.
R  INDICATES RECORD WAS SET OR TIED.
MM INDICATES DATA IS MISSING.
T  INDICATES TRACE AMOUNT.

$$

GEOGERIAN
