000
CDUS44 KCRP 010820
CLILRD

CRPCLILR1 000
TTAA00 KCRP 010819


CLIMATE REPORT
NATIONAL WEATHER SERVICE CORPUS CHRISTI TX
217 AM CST SUN MAR 1 2015


...................................

...THE LAREDO CLIMATE SUMMARY FOR FEBRUARY 28 2015...

CLIMATE NORMAL PERIOD 1981 TO 2010
CLIMATE RECORD PERIOD 1900 TO 2015


WEATHER ITEM   OBSERVED TIME   RECORD YEAR NORMAL DEPARTURE LAST
                VALUE   (LST)  VALUE       VALUE  FROM      YEAR
                                                  NORMAL
..................................................................
TEMPERATURE (F)
 YESTERDAY
  MAXIMUM         44    509 PM 100    1940  75    -31       86
  MINIMUM         36    105 AM  27    1924  53    -17       50
  AVERAGE         40                        64    -24       68

PRECIPITATION (IN)
  YESTERDAY        0.01          0.16 1993   0.05  -0.04     0.00
  MONTH TO DATE    0.29                      0.94  -0.65     0.13
  SINCE DEC 1      1.83                      2.72  -0.89     1.44
  SINCE JAN 1      0.88                      1.84  -0.96     0.21

SNOWFALL (IN)
  YESTERDAY        0.0
  MONTH TO DATE    0.0
  SINCE DEC 1      0.0
  SINCE JUL 1      0.0

DEGREE DAYS
 HEATING
  YESTERDAY       25                         4     21        0
  MONTH TO DATE  221                       164     57      208
  SINCE DEC 1    777                       729     48      826
  SINCE JUL 1    935                       844     91      991

 COOLING
  YESTERDAY        0                         3     -3        3
  MONTH TO DATE   39                        57    -18      102
  SINCE DEC 1     84                       120    -36      149
  SINCE JAN 1     48                        85    -37      112
..................................................................


WIND (MPH)
  HIGHEST WIND SPEED    14   HIGHEST WIND DIRECTION    NW (330)
  HIGHEST GUST SPEED    17   HIGHEST GUST DIRECTION    NW (330)
  AVERAGE WIND SPEED     8.2


SKY COVER
  POSSIBLE SUNSHINE  MM
  AVERAGE SKY COVER 1.0


WEATHER CONDITIONS
 THE FOLLOWING WEATHER WAS RECORDED YESTERDAY.
  LIGHT RAIN
  FOG


RELATIVE HUMIDITY (PERCENT)
 HIGHEST   100           800 AM
 LOWEST     86           500 PM

..........................................................


THE LAREDO CLIMATE NORMALS FOR TODAY
                         NORMAL    RECORD    YEAR
 MAXIMUM TEMPERATURE (F)   76       100      1940
 MINIMUM TEMPERATURE (F)   54        26      1922


SUNRISE AND SUNSET
MARCH  1 2015.........SUNRISE   702 AM CST   SUNSET   638 PM CST
MARCH  2 2015.........SUNRISE   701 AM CST   SUNSET   639 PM CST


-  INDICATES NEGATIVE NUMBERS.
R  INDICATES RECORD WAS SET OR TIED.
MM INDICATES DATA IS MISSING.
T  INDICATES TRACE AMOUNT.




$$
