000
CDUS44 KCRP 030929
CLILRD

CLIMATE REPORT
NATIONAL WEATHER SERVICE CORPUS CHRISTI TX
424 AM CDT WED JUN 3 2015


...................................

...THE LAREDO CLIMATE SUMMARY FOR JUNE 2 2015...

CLIMATE NORMAL PERIOD 1981 TO 2010
CLIMATE RECORD PERIOD 1900 TO 2015


WEATHER ITEM   OBSERVED TIME   RECORD YEAR NORMAL DEPARTURE LAST
                VALUE   (LST)  VALUE       VALUE  FROM      YEAR
                                                  NORMAL
..................................................................
TEMPERATURE (F)
 YESTERDAY
  MAXIMUM         92    426 PM 109    1998  97     -5       98
  MINIMUM         71    616 AM  56    1907  75     -4       74
  AVERAGE         82                        86     -4       86

PRECIPITATION (IN)
  YESTERDAY        0.00          2.05 1909   0.06  -0.06     0.00
  MONTH TO DATE    0.00                      0.13  -0.13     0.00
  SINCE JUN 1      0.00                      0.13  -0.13     0.00
  SINCE JAN 1     18.70                      7.00  11.70     5.03

SNOWFALL (IN)
  YESTERDAY        0.0
  MONTH TO DATE    0.0
  SINCE JUN 1      0.0
  SINCE JUL 1      0.0

DEGREE DAYS
 HEATING
  YESTERDAY        0                         0      0        0
  MONTH TO DATE    0                         0      0        0
  SINCE JUN 1      0                         0      0        0
  SINCE JUL 1   1064                       926    138     1095

 COOLING
  YESTERDAY       17                        21     -4       21
  MONTH TO DATE   31                        42    -11       43
  SINCE JUN 1     31                        42    -11       43
  SINCE JAN 1    973                      1185   -212     1168
..................................................................


WIND (MPH)
  HIGHEST WIND SPEED    16   HIGHEST WIND DIRECTION     E (110)
  HIGHEST GUST SPEED    18   HIGHEST GUST DIRECTION     E (110)
  AVERAGE WIND SPEED     8.9


SKY COVER
  POSSIBLE SUNSHINE  MM
  AVERAGE SKY COVER 0.0


WEATHER CONDITIONS
 THE FOLLOWING WEATHER WAS RECORDED YESTERDAY.
  NO SIGNIFICANT WEATHER WAS OBSERVED.


RELATIVE HUMIDITY (PERCENT)
 HIGHEST    93           400 AM
 LOWEST     42           400 PM

..........................................................


THE LAREDO CLIMATE NORMALS FOR TODAY
                         NORMAL    RECORD    YEAR
 MAXIMUM TEMPERATURE (F)   97       111      1993
 MINIMUM TEMPERATURE (F)   75        58      1970


SUNRISE AND SUNSET
JUNE  3 2015..........SUNRISE   642 AM CDT   SUNSET   830 PM CDT
JUNE  4 2015..........SUNRISE   642 AM CDT   SUNSET   830 PM CDT


-  INDICATES NEGATIVE NUMBERS.
R  INDICATES RECORD WAS SET OR TIED.
MM INDICATES DATA IS MISSING.
T  INDICATES TRACE AMOUNT.




$$
