000
CDUS44 KCRP 252130 RRB
CLILRD

CLIMATE REPORT
NATIONAL WEATHER SERVICE CORPUS CHRISTI TX
428 PM CDT TUE APR 25 2017


...................................

...THE LAREDO CLIMATE SUMMARY FOR APRIL 25 2017...
VALID AS OF 400 PM LOCAL TIME.

CLIMATE NORMAL PERIOD 1981 TO 2010
CLIMATE RECORD PERIOD 1900 TO 2017


WEATHER ITEM   OBSERVED TIME   RECORD YEAR NORMAL DEPARTURE LAST
                VALUE   (LST)  VALUE       VALUE  FROM      YEAR
                                                  NORMAL
..................................................................
TEMPERATURE (F)
 TODAY
  MAXIMUM         97        MM 107    2011  90      7      101
  MINIMUM         67        MM  42    1913  67      0       73
  AVERAGE         82                        78      4       87

PRECIPITATION (IN)
  TODAY            0.00          2.65 1949   0.06  -0.06     0.00
  MONTH TO DATE    1.48                      1.11   0.37     1.91
  SINCE MAR 1      3.82                      2.23   1.59     5.88
  SINCE JAN 1      4.79                      4.07   0.72     7.77

SNOWFALL (IN)
  TODAY            0.0
  MONTH TO DATE    0.0
  SINCE MAR 1      0.0
  SINCE JUL 1      0.0
  SNOW DEPTH       0

DEGREE DAYS
 HEATING
  TODAY            0                         0      0        0
  MONTH TO DATE    0                        12    -12        0
  SINCE MAR 1     16                        81    -65       18
  SINCE JUL 1    396                       925   -529      594

 COOLING
  TODAY           17                        13      4       22
  MONTH TO DATE  304                       273     31      284
  SINCE MAR 1    580                       446    134      541
  SINCE JAN 1    886                       531    355      659
..................................................................


WIND (MPH)
  HIGHEST WIND SPEED    16   HIGHEST WIND DIRECTION    SE (140)
  HIGHEST GUST SPEED    MM   HIGHEST GUST DIRECTION    MM


SKY COVER
  POSSIBLE SUNSHINE  MM
  AVERAGE SKY COVER 0.2


WEATHER CONDITIONS
 THE FOLLOWING WEATHER WAS RECORDED TODAY.
  NO SIGNIFICANT WEATHER WAS OBSERVED.


RELATIVE HUMIDITY (PERCENT)
 HIGHEST    93           600 AM
 LOWEST     30           300 PM
 AVERAGE    62

..........................................................


THE LAREDO CLIMATE NORMALS FOR TOMORROW
                         NORMAL    RECORD    YEAR
 MAXIMUM TEMPERATURE (F)   90       111      2011
 MINIMUM TEMPERATURE (F)   67        49      1916


SUNRISE AND SUNSET
APRIL 25 2017.........SUNRISE   704 AM CDT   SUNSET   808 PM CDT
APRIL 26 2017.........SUNRISE   703 AM CDT   SUNSET   809 PM CDT


-  INDICATES NEGATIVE NUMBERS.
R  INDICATES RECORD WAS SET OR TIED.
MM INDICATES DATA IS MISSING.
T  INDICATES TRACE AMOUNT.




$$

92
