000
CDUS44 KCRP 180024
CLILRD

CLIMATE REPORT
NATIONAL WEATHER SERVICE CORPUS CHRISTI TX
724 PM CDT TUE OCT 17 2017

...................................

...THE LAREDO CLIMATE SUMMARY FOR OCTOBER 17 2017...
VALID AS OF 656 PM LOCAL TIME.

CLIMATE NORMAL PERIOD 1981 TO 2010
CLIMATE RECORD PERIOD 1900 TO 2017


WEATHER ITEM   OBSERVED TIME   RECORD YEAR NORMAL DEPARTURE LAST
                VALUE   (LST)  VALUE       VALUE  FROM      YEAR
                                                  NORMAL
..................................................................
TEMPERATURE (F)
 TODAY
  MAXIMUM         82    500 PM 103    2012  86     -4       95
  MINIMUM         52    630 AM  44    1974  65    -13       73
  AVERAGE         67                        76     -9       84

PRECIPITATION (IN)
  TODAY            0.00          2.00 1919   0.08  -0.08     0.00
  MONTH TO DATE    0.29                      1.37  -1.08     0.01
  SINCE SEP 1      9.06                      4.30   4.76     5.06
  SINCE JAN 1     21.65                     17.29   4.36    22.14

SNOWFALL (IN)
  TODAY            0.0
  MONTH TO DATE    0.0
  SINCE SEP 1      0.0
  SINCE JUL 1      0.0
  SNOW DEPTH       0

DEGREE DAYS
 HEATING
  TODAY            0                         0      0        0
  MONTH TO DATE    0                         0      0        0
  SINCE SEP 1      0                         1     -1        0
  SINCE JUL 1      0                         1     -1        0

 COOLING
  TODAY            2                        11     -9       19
  MONTH TO DATE  238                       215     23      280
  SINCE SEP 1    831                       757     74      901
  SINCE JAN 1   4556                      4000    556     4320
..................................................................


WIND (MPH)
  HIGHEST WIND SPEED     7   HIGHEST WIND DIRECTION     E (100)
  HIGHEST GUST SPEED    MM   HIGHEST GUST DIRECTION    MM


SKY COVER
  POSSIBLE SUNSHINE  MM
  AVERAGE SKY COVER 0.0


WEATHER CONDITIONS
 THE FOLLOWING WEATHER WAS RECORDED TODAY.
  NO SIGNIFICANT WEATHER WAS OBSERVED.


RELATIVE HUMIDITY (PERCENT)
 HIGHEST    83           500 AM
 LOWEST     26           300 PM
 AVERAGE    55

..........................................................


THE LAREDO CLIMATE NORMALS FOR TOMORROW
                         NORMAL    RECORD    YEAR
 MAXIMUM TEMPERATURE (F)   86       102      1926
 MINIMUM TEMPERATURE (F)   65        45      1974


SUNRISE AND SUNSET
OCTOBER 17 2017.......SUNRISE   739 AM CDT   SUNSET   707 PM CDT
OCTOBER 18 2017.......SUNRISE   740 AM CDT   SUNSET   706 PM CDT


-  INDICATES NEGATIVE NUMBERS.
R  INDICATES RECORD WAS SET OR TIED.
MM INDICATES DATA IS MISSING.
T  INDICATES TRACE AMOUNT.




$$
