000
CDUS44 KCRP 240728 RRB
CLILRD

CLIMATE REPORT
NATIONAL WEATHER SERVICE CORPUS CHRISTI TX
227 AM CDT FRI MAR 24 2017


...................................

...THE LAREDO CLIMATE SUMMARY FOR MARCH 23 2017...

CLIMATE NORMAL PERIOD 1981 TO 2010
CLIMATE RECORD PERIOD 1900 TO 2017


WEATHER ITEM   OBSERVED TIME   RECORD YEAR NORMAL DEPARTURE LAST
                VALUE   (LST)  VALUE       VALUE  FROM      YEAR
                                                  NORMAL
..................................................................
TEMPERATURE (F)
 YESTERDAY
  MAXIMUM         89        MM 101    1975  82      7       94
  MINIMUM         67        MM  39    1932  59      8       62
  AVERAGE         78                        70      8       78

PRECIPITATION (IN)
  YESTERDAY        0.00          0.34 1900   0.04  -0.04     0.00
  MONTH TO DATE    2.34                      0.87   1.47     3.97
  SINCE MAR 1      2.34                      0.87   1.47     3.97
  SINCE JAN 1      3.31                      2.71   0.60     5.86

SNOWFALL (IN)
  YESTERDAY        0.0
  MONTH TO DATE    0.0
  SINCE MAR 1      0.0
  SINCE JUL 1      0.0

DEGREE DAYS
 HEATING
  YESTERDAY        0                         1     -1        0
  MONTH TO DATE   16                        61    -45       18
  SINCE MAR 1     16                        61    -45       18
  SINCE JUL 1    396                       905   -509      594

 COOLING
  YESTERDAY       13                         7      6       13
  MONTH TO DATE  170                       113     57      192
  SINCE MAR 1    170                       113     57      192
  SINCE JAN 1    476                       198    278      310
..................................................................


WIND (MPH)
  HIGHEST WIND SPEED    28   HIGHEST WIND DIRECTION    SE (140)
  HIGHEST GUST SPEED    38   HIGHEST GUST DIRECTION    SE (120)
  AVERAGE WIND SPEED    19.9


SKY COVER
  POSSIBLE SUNSHINE  MM
  AVERAGE SKY COVER 0.4


WEATHER CONDITIONS
 THE FOLLOWING WEATHER WAS RECORDED YESTERDAY.
  NO SIGNIFICANT WEATHER WAS OBSERVED.


RELATIVE HUMIDITY (PERCENT)
 HIGHEST    87           600 AM
 LOWEST     39           300 PM

..........................................................


THE LAREDO CLIMATE NORMALS FOR TODAY
                         NORMAL    RECORD    YEAR
 MAXIMUM TEMPERATURE (F)   82       103      1954
 MINIMUM TEMPERATURE (F)   59        38      1974


SUNRISE AND SUNSET
MARCH 24 2017.........SUNRISE   737 AM CDT   SUNSET   751 PM CDT
MARCH 25 2017.........SUNRISE   736 AM CDT   SUNSET   752 PM CDT


-  INDICATES NEGATIVE NUMBERS.
R  INDICATES RECORD WAS SET OR TIED.
MM INDICATES DATA IS MISSING.
T  INDICATES TRACE AMOUNT.




$$
