000
CDUS44 KCRP 070726
CLILRD

CLIMATE REPORT
NATIONAL WEATHER SERVICE CORPUS CHRISTI TX
221 AM CDT TUE JUL 7 2015


...................................

...THE LAREDO CLIMATE SUMMARY FOR JULY 6 2015...

CLIMATE NORMAL PERIOD 1981 TO 2010
CLIMATE RECORD PERIOD 1900 TO 2015


WEATHER ITEM   OBSERVED TIME   RECORD YEAR NORMAL DEPARTURE LAST
                VALUE   (LST)  VALUE       VALUE  FROM      YEAR
                                                  NORMAL
..................................................................
TEMPERATURE (F)
 YESTERDAY
  MAXIMUM         99    402 PM 112    1998  99      0      102
  MINIMUM         77    634 AM  63    1940  77      0       76
  AVERAGE         88                        88      0       89

PRECIPITATION (IN)
  YESTERDAY        0.00          1.45 1924   0.08  -0.08     0.00
  MONTH TO DATE    T                         0.48  -0.48     0.40
  SINCE JUN 1      1.20                      2.71  -1.51     0.95
  SINCE JAN 1     19.90                      9.58  10.32     5.98

SNOWFALL (IN)
  YESTERDAY        0.0
  MONTH TO DATE    0.0
  SINCE JUN 1      0.0
  SINCE JUL 1      0.0

DEGREE DAYS
 HEATING
  YESTERDAY        0                         0      0        0
  MONTH TO DATE    0                         0      0        0
  SINCE JUN 1      0                         0      0        0
  SINCE JUL 1      0                         0      0        0

 COOLING
  YESTERDAY       23                        23      0       24
  MONTH TO DATE  124                       138    -14      138
  SINCE JUN 1    724                       798    -74      874
  SINCE JAN 1   1666                      1941   -275     1999
..................................................................


WIND (MPH)
  HIGHEST WIND SPEED    26   HIGHEST WIND DIRECTION    SE (150)
  HIGHEST GUST SPEED    32   HIGHEST GUST DIRECTION    SE (150)
  AVERAGE WIND SPEED    17.5


SKY COVER
  POSSIBLE SUNSHINE  MM
  AVERAGE SKY COVER 0.0


WEATHER CONDITIONS
 THE FOLLOWING WEATHER WAS RECORDED YESTERDAY.
  NO SIGNIFICANT WEATHER WAS OBSERVED.


RELATIVE HUMIDITY (PERCENT)
 HIGHEST    82           400 AM
 LOWEST     35           400 PM

..........................................................


THE LAREDO CLIMATE NORMALS FOR TODAY
                         NORMAL    RECORD    YEAR
 MAXIMUM TEMPERATURE (F)   99       110      1998
 MINIMUM TEMPERATURE (F)   77        69      1906


SUNRISE AND SUNSET
JULY  7 2015..........SUNRISE   648 AM CDT   SUNSET   837 PM CDT
JULY  8 2015..........SUNRISE   649 AM CDT   SUNSET   837 PM CDT


-  INDICATES NEGATIVE NUMBERS.
R  INDICATES RECORD WAS SET OR TIED.
MM INDICATES DATA IS MISSING.
T  INDICATES TRACE AMOUNT.

$$

CB
