000
CDUS44 KCRP 170918
CLILRD

CLIMATE REPORT
NATIONAL WEATHER SERVICE CORPUS CHRISTI TX
415 AM CDT THU AUG 17 2017

...THE LAREDO CLIMATE SUMMARY FOR AUGUST 16 2017...

CLIMATE NORMAL PERIOD 1981 TO 2010
CLIMATE RECORD PERIOD 1900 TO 2017


WEATHER ITEM   OBSERVED TIME   RECORD YEAR NORMAL DEPARTURE LAST
                VALUE   (LST)  VALUE       VALUE  FROM      YEAR
                                                  NORMAL
..................................................................
TEMPERATURE (F)
 YESTERDAY
  MAXIMUM        103        MM 111    1927 100      3       91
  MINIMUM         80        MM  64    1908  77      3       77
  AVERAGE         92                        89      3       84

PRECIPITATION (IN)
  YESTERDAY        0.00          0.80 1922   0.06  -0.06     0.12
  MONTH TO DATE    0.73                      0.67   0.06     1.17
  SINCE JUN 1      2.11                      4.91  -2.80     4.43
  SINCE JAN 1     12.51                     11.78   0.73    14.94

SNOWFALL (IN)
  YESTERDAY        0.0
  MONTH TO DATE    0.0
  SINCE JUN 1      0.0
  SINCE JUL 1      0.0

DEGREE DAYS
 HEATING
  YESTERDAY        0                         0      0        0
  MONTH TO DATE    0                         0      0        0
  SINCE JUN 1      0                         0      0        0
  SINCE JUL 1      0                         0      0        0

 COOLING
  YESTERDAY       27                        24      3       19
  MONTH TO DATE  394                       384     10      402
  SINCE JUN 1   1851                      1757     94     1842
  SINCE JAN 1   3374                      2900    474     3106
..................................................................


WIND (MPH)
  HIGHEST WIND SPEED    20   HIGHEST WIND DIRECTION    SE (140)
  HIGHEST GUST SPEED    31   HIGHEST GUST DIRECTION    SE (150)
  AVERAGE WIND SPEED    15.9


SKY COVER
  POSSIBLE SUNSHINE  MM
  AVERAGE SKY COVER 0.2


WEATHER CONDITIONS
 THE FOLLOWING WEATHER WAS RECORDED YESTERDAY.
  NO SIGNIFICANT WEATHER WAS OBSERVED.


RELATIVE HUMIDITY (PERCENT)
 HIGHEST    79           500 AM
 LOWEST     31           500 PM

..........................................................


THE LAREDO CLIMATE NORMALS FOR TODAY
                         NORMAL    RECORD    YEAR
 MAXIMUM TEMPERATURE (F)  100       109      1997
 MINIMUM TEMPERATURE (F)   77        60      1908


SUNRISE AND SUNSET
AUGUST 17 2017........SUNRISE   710 AM CDT   SUNSET   813 PM CDT
AUGUST 18 2017........SUNRISE   710 AM CDT   SUNSET   813 PM CDT


-  INDICATES NEGATIVE NUMBERS.
R  INDICATES RECORD WAS SET OR TIED.
MM INDICATES DATA IS MISSING.
T  INDICATES TRACE AMOUNT.


$$

87
