000
CDUS44 KCRP 180923
CLILRD

CLIMATE REPORT
NATIONAL WEATHER SERVICE CORPUS CHRISTI TX
422 AM CDT FRI APR 18 2014


...................................

...THE LAREDO CLIMATE SUMMARY FOR APRIL 17 2014...

CLIMATE NORMAL PERIOD 1981 TO 2010
CLIMATE RECORD PERIOD 1900 TO 2014


WEATHER ITEM   OBSERVED TIME   RECORD YEAR NORMAL DEPARTURE LAST
                VALUE   (LST)  VALUE       VALUE  FROM      YEAR
                                                  NORMAL
..................................................................
TEMPERATURE (F)
 YESTERDAY
  MAXIMUM         80    502 PM 107    1995  88     -8      101
  MINIMUM         62    626 AM  45    1999  65     -3       78
  AVERAGE         71                        76     -5       90

PRECIPITATION (IN)
  YESTERDAY        0.00          2.12 1992   0.05  -0.05     0.00
  MONTH TO DATE    0.03                      0.67  -0.64     0.01
  SINCE MAR 1      1.11                      1.79  -0.68     0.01
  SINCE JAN 1      1.32                      3.63  -2.31     0.76

SNOWFALL (IN)
  YESTERDAY        0.0
  MONTH TO DATE    0.0
  SINCE MAR 1      0.0
  SINCE JUL 1      0.0

DEGREE DAYS
 HEATING
  YESTERDAY        0                         0      0        0
  MONTH TO DATE    5                        12     -7        0
  SINCE MAR 1    104                        81     23       37
  SINCE JUL 1   1095                       925    170      513

 COOLING
  YESTERDAY        6                        12     -6       25
  MONTH TO DATE  177                       173      4      216
  SINCE MAR 1    313                       346    -33      431
  SINCE JAN 1    425                       431     -6      585
..................................................................


WIND (MPH)
  HIGHEST WIND SPEED    20   HIGHEST WIND DIRECTION     E (90)
  HIGHEST GUST SPEED    24   HIGHEST GUST DIRECTION     E (90)
  AVERAGE WIND SPEED    11.5


SKY COVER
  POSSIBLE SUNSHINE  MM
  AVERAGE SKY COVER 0.7


WEATHER CONDITIONS
 THE FOLLOWING WEATHER WAS RECORDED YESTERDAY.
  NO SIGNIFICANT WEATHER WAS OBSERVED.


RELATIVE HUMIDITY (PERCENT)
 HIGHEST    78           700 AM
 LOWEST     45           200 PM

..........................................................


THE LAREDO CLIMATE NORMALS FOR TODAY
                         NORMAL    RECORD    YEAR
 MAXIMUM TEMPERATURE (F)   88       108      1975
                                             1975
 MINIMUM TEMPERATURE (F)   65        41      1921


SUNRISE AND SUNSET
APRIL 18 2014.........SUNRISE   710 AM CDT   SUNSET   804 PM CDT
APRIL 19 2014.........SUNRISE   709 AM CDT   SUNSET   805 PM CDT


-  INDICATES NEGATIVE NUMBERS.
R  INDICATES RECORD WAS SET OR TIED.
MM INDICATES DATA IS MISSING.
T  INDICATES TRACE AMOUNT.




$$
