000
CDUS44 KCRP 292342
CLILRD

CLIMATE REPORT
NATIONAL WEATHER SERVICE CORPUS CHRISTI TX
540 PM CST THU JAN 29 2015

...................................

...THE LAREDO CLIMATE SUMMARY FOR JANUARY 29 2015...
VALID TODAY AS OF 540 PM LOCAL TIME.

CLIMATE NORMAL PERIOD 1981 TO 2010
CLIMATE RECORD PERIOD 1900 TO 2015


WEATHER ITEM   OBSERVED TIME   RECORD YEAR NORMAL DEPARTURE LAST
                VALUE   (LST)  VALUE       VALUE  FROM      YEAR
                                                  NORMAL
..................................................................
TEMPERATURE (F)
 TODAY
  MAXIMUM         82    334 PM  94    2013  69     13       51
  MINIMUM         55    755 AM  22    1904  47      8       37
  AVERAGE         69                        58     11       44

PRECIPITATION (IN)
  TODAY            0.00          1.05 1931   0.03  -0.03      T
  MONTH TO DATE    0.58                      0.85  -0.27     0.08
  SINCE DEC 1      1.53                      1.73  -0.20     1.31
  SINCE JAN 1      0.58                      0.85  -0.27     0.08

SNOWFALL (IN)
  TODAY            0.0
  MONTH TO DATE    0.0
  SINCE DEC 1      0.0
  SINCE JUL 1      0.0

DEGREE DAYS
 HEATING
  TODAY            0                         8     -8       21
  MONTH TO DATE  376                       274    102      297
  SINCE DEC 1    556                       549      7      609
  SINCE JUL 1    714                       664     50      774

 COOLING
  TODAY            4                         1      3        0
  MONTH TO DATE    9                        29    -20        8
  SINCE DEC 1     45                        64    -19       45
  SINCE JAN 1      9                        29    -20        8
..................................................................


WIND (MPH)
  HIGHEST WIND SPEED    13   HIGHEST WIND DIRECTION     E (80)
  HIGHEST GUST SPEED    15   HIGHEST GUST DIRECTION     E (80)


SKY COVER
  POSSIBLE SUNSHINE  MM
  AVERAGE SKY COVER 0.0


WEATHER CONDITIONS
 THE FOLLOWING WEATHER WAS RECORDED TODAY.
  NO SIGNIFICANT WEATHER WAS OBSERVED.


RELATIVE HUMIDITY (PERCENT)
 HIGHEST   100           600 AM
 LOWEST     39           300 PM
 AVERAGE    70

..........................................................


THE LAREDO CLIMATE NORMALS FOR TOMORROW
                         NORMAL    RECORD    YEAR
 MAXIMUM TEMPERATURE (F)   69        94      1911
 MINIMUM TEMPERATURE (F)   47        23      1949


SUNRISE AND SUNSET
JANUARY 29 2015.......SUNRISE   726 AM CST   SUNSET   616 PM CST
JANUARY 30 2015.......SUNRISE   725 AM CST   SUNSET   617 PM CST


-  INDICATES NEGATIVE NUMBERS.
R  INDICATES RECORD WAS SET OR TIED.
MM INDICATES DATA IS MISSING.
T  INDICATES TRACE AMOUNT.




$$
