000
CDUS44 KCRP 290829 RRA
CLILRD

CLIMATE REPORT
NATIONAL WEATHER SERVICE CORPUS CHRISTI TX
327 AM CDT SUN MAY 29 2016


...................................

...THE LAREDO CLIMATE SUMMARY FOR MAY 28 2016...

CLIMATE NORMAL PERIOD 1981 TO 2010
CLIMATE RECORD PERIOD 1900 TO 2016


WEATHER ITEM   OBSERVED TIME   RECORD YEAR NORMAL DEPARTURE LAST
                VALUE   (LST)  VALUE       VALUE  FROM      YEAR
                                                  NORMAL
..................................................................
TEMPERATURE (F)
 YESTERDAY
  MAXIMUM         97        MM 112    2011  96      1       94
  MINIMUM         78        MM  60    1918  74      4       77
  AVERAGE         88                        85      3       86

PRECIPITATION (IN)
  YESTERDAY        0.00          2.25 1914   0.09  -0.09     0.00
  MONTH TO DATE    2.33                      2.24   0.09     5.83
  SINCE MAR 1      8.21                      4.78   3.43    13.91
  SINCE JAN 1     10.10                      6.62   3.48    14.79

SNOWFALL (IN)
  YESTERDAY        0.0
  MONTH TO DATE    0.0
  SINCE MAR 1      0.0
  SINCE JUL 1      0.0

DEGREE DAYS
 HEATING
  YESTERDAY        0                         0      0        0
  MONTH TO DATE    0                         0      0        0
  SINCE MAR 1     18                        82    -64      129
  SINCE JUL 1    594                       926   -332     1064

 COOLING
  YESTERDAY       23                        20      3       21
  MONTH TO DATE  447                       483    -36      453
  SINCE MAR 1   1088                       998     90      856
  SINCE JAN 1   1206                      1083    123      904
..................................................................


WIND (MPH)
  HIGHEST WIND SPEED    23   HIGHEST WIND DIRECTION    SE (130)
  HIGHEST GUST SPEED    29   HIGHEST GUST DIRECTION    SE (130)
  AVERAGE WIND SPEED    16.5


SKY COVER
  POSSIBLE SUNSHINE  MM
  AVERAGE SKY COVER 0.3


WEATHER CONDITIONS
 THE FOLLOWING WEATHER WAS RECORDED YESTERDAY.
  NO SIGNIFICANT WEATHER WAS OBSERVED.


RELATIVE HUMIDITY (PERCENT)
 HIGHEST    91           300 AM
 LOWEST     45           400 PM

..........................................................


THE LAREDO CLIMATE NORMALS FOR TODAY
                         NORMAL    RECORD    YEAR
 MAXIMUM TEMPERATURE (F)   96       109      1912
 MINIMUM TEMPERATURE (F)   74        59      1917


SUNRISE AND SUNSET
MAY 29 2016...........SUNRISE   643 AM CDT   SUNSET   828 PM CDT
MAY 30 2016...........SUNRISE   643 AM CDT   SUNSET   828 PM CDT


-  INDICATES NEGATIVE NUMBERS.
R  INDICATES RECORD WAS SET OR TIED.
MM INDICATES DATA IS MISSING.
T  INDICATES TRACE AMOUNT.

$$

CB
