000
CDUS44 KCRP 280715
CLILRD

CLIMATE REPORT
NATIONAL WEATHER SERVICE CORPUS CHRISTI TX
209 AM CDT WED JUN 28 2017


...................................

...THE LAREDO CLIMATE SUMMARY FOR JUNE 27 2017...

CLIMATE NORMAL PERIOD 1981 TO 2010
CLIMATE RECORD PERIOD 1900 TO 2017


WEATHER ITEM   OBSERVED TIME   RECORD YEAR NORMAL DEPARTURE LAST
                VALUE   (LST)  VALUE       VALUE  FROM      YEAR
                                                  NORMAL
..................................................................
TEMPERATURE (F)
 YESTERDAY
  MAXIMUM         93    200 PM 109    1994  99     -6      100
  MINIMUM         74    700 AM  60    1974  77     -3       77
  AVERAGE         84                        88     -4       89

PRECIPITATION (IN)
  YESTERDAY        0.00          1.31 1985   0.08  -0.08     0.00
  MONTH TO DATE    0.96                      2.01  -1.05     0.90
  SINCE JUN 1      0.96                      2.01  -1.05     0.90
  SINCE JAN 1     11.36                      8.88   2.48    11.41

SNOWFALL (IN)
  YESTERDAY        0.0
  MONTH TO DATE    0.0
  SINCE JUN 1      0.0
  SINCE JUL 1      0.0

DEGREE DAYS
 HEATING
  YESTERDAY        0                         0      0        0
  MONTH TO DATE    0                         0      0        0
  SINCE JUN 1      0                         0      0        0
  SINCE JUL 1    396                       926   -530      594

 COOLING
  YESTERDAY       19                        23     -4       24
  MONTH TO DATE  610                       594     16      576
  SINCE JUN 1    610                       594     16      576
  SINCE JAN 1   2133                      1737    396     1840
..................................................................


WIND (MPH)
  HIGHEST WIND SPEED    18   HIGHEST WIND DIRECTION     E (100)
  HIGHEST GUST SPEED    31   HIGHEST GUST DIRECTION     E (90)
  AVERAGE WIND SPEED     9.7


SKY COVER
  POSSIBLE SUNSHINE  MM
  AVERAGE SKY COVER 0.2


WEATHER CONDITIONS
 THE FOLLOWING WEATHER WAS RECORDED YESTERDAY.
  NO SIGNIFICANT WEATHER WAS OBSERVED.


RELATIVE HUMIDITY (PERCENT)
 HIGHEST   100           600 AM
 LOWEST     46           200 PM

..........................................................


THE LAREDO CLIMATE NORMALS FOR TODAY
                         NORMAL    RECORD    YEAR
 MAXIMUM TEMPERATURE (F)   99       111      1902
 MINIMUM TEMPERATURE (F)   77        63      1974


SUNRISE AND SUNSET
JUNE 28 2017..........SUNRISE   645 AM CDT   SUNSET   837 PM CDT
JUNE 29 2017..........SUNRISE   646 AM CDT   SUNSET   837 PM CDT


-  INDICATES NEGATIVE NUMBERS.
R  INDICATES RECORD WAS SET OR TIED.
MM INDICATES DATA IS MISSING.
T  INDICATES TRACE AMOUNT.




$$
