000
CDUS44 KCRP 270654
CLILRD

CLIMATE REPORT
NATIONAL WEATHER SERVICE CORPUS CHRISTI TX
1254 AM CST THU NOV 27 2014


...THE LAREDO CLIMATE SUMMARY FOR NOVEMBER 26 2014...

CLIMATE NORMAL PERIOD 1981 TO 2010
CLIMATE RECORD PERIOD 1900 TO 2014


WEATHER ITEM   OBSERVED TIME   RECORD YEAR NORMAL DEPARTURE LAST
                VALUE   (LST)  VALUE       VALUE  FROM      YEAR
                                                  NORMAL
..................................................................
TEMPERATURE (F)
 YESTERDAY
  MAXIMUM         77    256 PM  97    1965  72      5       56
  MINIMUM         44    656 AM  27    1932  51     -7       43
  AVERAGE         61                        62     -1       50

PRECIPITATION (IN)
  YESTERDAY        0.00          0.77 1982   0.03  -0.03      T
  MONTH TO DATE    1.81                      1.06   0.75     0.40
  SINCE SEP 1      8.09                      6.20   1.89     7.53
  SINCE JAN 1     15.67                     19.19  -3.52    20.40

SNOWFALL (IN)
  YESTERDAY        0.0
  MONTH TO DATE    0.0
  SINCE SEP 1      0.0
  SINCE JUL 1      0.0

DEGREE DAYS
 HEATING
  YESTERDAY        4                         6     -2       15
  MONTH TO DATE  149                        79     70      121
  SINCE SEP 1    149                        91     58      121
  SINCE JUL 1    149                        91     58      121

 COOLING
  YESTERDAY        0                         2     -2        0
  MONTH TO DATE   52                       117    -65      124
  SINCE SEP 1   1033                      1003     30     1076
  SINCE JAN 1   4466                      4246    220     4481
..................................................................


WIND (MPH)
  HIGHEST WIND SPEED     8   HIGHEST WIND DIRECTION    SW (220)
  HIGHEST GUST SPEED    MM   HIGHEST GUST DIRECTION    MM
  AVERAGE WIND SPEED     0.0


SKY COVER
  POSSIBLE SUNSHINE  MM
  AVERAGE SKY COVER 0.0


WEATHER CONDITIONS
 THE FOLLOWING WEATHER WAS RECORDED YESTERDAY.
  NO SIGNIFICANT WEATHER WAS OBSERVED.


RELATIVE HUMIDITY (PERCENT)
 HIGHEST    73           600 AM
 LOWEST     19           300 PM

..........................................................


THE LAREDO CLIMATE NORMALS FOR TODAY
                         NORMAL    RECORD    YEAR
 MAXIMUM TEMPERATURE (F)   72        99      2005
 MINIMUM TEMPERATURE (F)   51        28      1993


SUNRISE AND SUNSET
NOVEMBER 27 2014......SUNRISE   708 AM CST   SUNSET   543 PM CST
NOVEMBER 28 2014......SUNRISE   709 AM CST   SUNSET   543 PM CST


-  INDICATES NEGATIVE NUMBERS.
R  INDICATES RECORD WAS SET OR TIED.
MM INDICATES DATA IS MISSING.
T  INDICATES TRACE AMOUNT.


$$

TMT
