880
CDUS44 KCRP 121028
CLILRD

CLIMATE REPORT
NATIONAL WEATHER SERVICE CORPUS CHRISTI TX
428 AM CST FRI FEB 12 2016


...................................

...THE LAREDO CLIMATE SUMMARY FOR FEBRUARY 11 2016...

CLIMATE NORMAL PERIOD 1981 TO 2010
CLIMATE RECORD PERIOD 1900 TO 2016


WEATHER ITEM   OBSERVED TIME   RECORD YEAR NORMAL DEPARTURE LAST
                VALUE   (LST)  VALUE       VALUE  FROM      YEAR
                                                  NORMAL
..................................................................
TEMPERATURE (F)
 YESTERDAY
  MAXIMUM         85        MM  92    1922  71     14       81
  MINIMUM         48        MM  24    1929  50     -2       54
  AVERAGE         67                        60      7       68

PRECIPITATION (IN)
  YESTERDAY        0.00          0.94 1963   0.03  -0.03     0.00
  MONTH TO DATE    0.00                      0.35  -0.35     0.17
  SINCE DEC 1      2.01                      2.13  -0.12     1.71
  SINCE JAN 1      1.88                      1.25   0.63     0.76

SNOWFALL (IN)
  YESTERDAY        0.0
  MONTH TO DATE    0.0
  SINCE DEC 1      0.0
  SINCE JUL 1      0.0

DEGREE DAYS
 HEATING
  YESTERDAY        0                         6     -6        0
  MONTH TO DATE   77                        79     -2       68
  SINCE DEC 1    488                       643   -155      624
  SINCE JUL 1    559                       758   -199      782

 COOLING
  YESTERDAY        2                         2      0        3
  MONTH TO DATE   10                        18     -8       15
  SINCE DEC 1     80                        81     -1       60
  SINCE JAN 1     17                        46    -29       24
..................................................................


WIND (MPH)
  HIGHEST WIND SPEED    14   HIGHEST WIND DIRECTION    SE (150)
  HIGHEST GUST SPEED    MM   HIGHEST GUST DIRECTION    MM
  AVERAGE WIND SPEED     9.0


SKY COVER
  POSSIBLE SUNSHINE  MM
  AVERAGE SKY COVER 0.0


WEATHER CONDITIONS
 THE FOLLOWING WEATHER WAS RECORDED YESTERDAY.
  NO SIGNIFICANT WEATHER WAS OBSERVED.


RELATIVE HUMIDITY (PERCENT)
 HIGHEST    66           700 AM
 LOWEST     16           500 PM

..........................................................


THE LAREDO CLIMATE NORMALS FOR TODAY
                         NORMAL    RECORD    YEAR
 MAXIMUM TEMPERATURE (F)   71        94      1926
 MINIMUM TEMPERATURE (F)   50        25      1988


SUNRISE AND SUNSET
FEBRUARY 12 2016......SUNRISE   718 AM CST   SUNSET   627 PM CST
FEBRUARY 13 2016......SUNRISE   717 AM CST   SUNSET   628 PM CST


-  INDICATES NEGATIVE NUMBERS.
R  INDICATES RECORD WAS SET OR TIED.
MM INDICATES DATA IS MISSING.
T  INDICATES TRACE AMOUNT.




$$
