000
CDUS43 KARX 250640
CLILSE


CLIMATE REPORT
NATIONAL WEATHER SERVICE LA CROSSE WI
139 AM CDT FRI APR 25 2014


...................................

...THE LA CROSSE WI CLIMATE SUMMARY FOR APRIL 24 2014...

CLIMATE NORMAL PERIOD 1981 TO 2010
CLIMATE RECORD PERIOD 1873 TO 2014


WEATHER ITEM   OBSERVED TIME   RECORD YEAR NORMAL DEPARTURE LAST
                VALUE   (LST)  VALUE       VALUE  FROM      YEAR
                                                  NORMAL
..................................................................
TEMPERATURE (F)
 YESTERDAY
  MAXIMUM         48    443 PM  90    2009  63    -15       55
  MINIMUM         40    734 AM  24    1956  42     -2       27
  AVERAGE         44                        52     -8       41

PRECIPITATION (IN)
  YESTERDAY        1.36          1.50 1950   0.12   1.24     0.03
  MONTH TO DATE    5.54                      2.60   2.94     5.77
  SINCE MAR 1      6.85                      4.64   2.21     7.89
  SINCE JAN 1      9.21                      6.81   2.40    10.29

SNOWFALL (IN)
  YESTERDAY        0.0           1.8  1910   0.1   -0.1      0.0
                                      2001
  MONTH TO DATE    2.3                       1.6    0.7      4.2
  SINCE JUL 1     48.9                      43.2    5.7     59.8
  SNOW DEPTH       0

DEGREE DAYS
 HEATING
  YESTERDAY       21                        13      8       24
  MONTH TO DATE  478                       429     49      633
  SINCE JUL 1   7823                      6882    941     7157

 COOLING
  YESTERDAY        0                         0      0        0
  MONTH TO DATE    0                         0      0        0
  SINCE JAN 1      0                         0      0        0
..................................................................


WIND (MPH)
  HIGHEST WIND SPEED    18   HIGHEST WIND DIRECTION    SE (120)
  HIGHEST GUST SPEED    25   HIGHEST GUST DIRECTION    SE (120)
  AVERAGE WIND SPEED     8.2


SKY COVER
  POSSIBLE SUNSHINE  MM
  AVERAGE SKY COVER 1.0


WEATHER CONDITIONS
 THE FOLLOWING WEATHER WAS RECORDED YESTERDAY.
  HEAVY RAIN
  RAIN
  LIGHT RAIN
  FOG


RELATIVE HUMIDITY (PERCENT)
 HIGHEST   100           400 PM
 LOWEST     76           100 AM
 AVERAGE    88

..........................................................


THE LA CROSSE WI CLIMATE NORMALS FOR TODAY
                         NORMAL    RECORD    YEAR
 MAXIMUM TEMPERATURE (F)   64        87      1990
 MINIMUM TEMPERATURE (F)   42        25      1934


SUNRISE AND SUNSET
APRIL 25 2014.........SUNRISE   606 AM CDT   SUNSET   801 PM CDT
APRIL 26 2014.........SUNRISE   604 AM CDT   SUNSET   802 PM CDT


-  INDICATES NEGATIVE NUMBERS.
R  INDICATES RECORD WAS SET OR TIED.
MM INDICATES DATA IS MISSING.
T  INDICATES TRACE AMOUNT.




$$
