000
CDUS43 KARX 240644
CLILSE


CLIMATE REPORT
NATIONAL WEATHER SERVICE LA CROSSE WI
143 AM CDT MON JUL 24 2017

...THE LA CROSSE WI CLIMATE SUMMARY FOR JULY 23 2017...

CLIMATE NORMAL PERIOD 1981 TO 2010
CLIMATE RECORD PERIOD 1873 TO 2017

WEATHER ITEM   OBSERVED TIME   RECORD YEAR NORMAL DEPARTURE LAST
                VALUE   (LST)  VALUE       VALUE  FROM      YEAR
                                                  NORMAL
..................................................................
TEMPERATURE (F)
 YESTERDAY
  MAXIMUM         83   1258 PM 102    1934  84     -1       79
  MINIMUM         66   1127 PM  49    1887  63      3       72
  AVERAGE         75                        74      1       76

PRECIPITATION (IN)
  YESTERDAY        0.00          2.38 1883   0.14  -0.14     1.35
  MONTH TO DATE    7.50                      3.17   4.33     5.01
  SINCE JUN 1     12.88                      7.51   5.37    11.74
  SINCE JAN 1     30.57                     18.58  11.99    22.22

SNOWFALL (IN)
  YESTERDAY        0.0           0.0  2002   0.0    0.0      0.0
                                      2001
  MONTH TO DATE    0.0                       0.0    0.0      0.0
  SINCE JUL 1      0.0                       0.0    0.0      0.0
  SNOW DEPTH       0

DEGREE DAYS
 HEATING
  YESTERDAY        0                         0      0        0
  MONTH TO DATE    0                         0      0        0
  SINCE JUL 1      0                         0      0        0

 COOLING
  YESTERDAY       10                         9      1       11
  MONTH TO DATE  268                       206     62      237
  SINCE JAN 1    539                       420    119      535
..................................................................

WIND (MPH)
  HIGHEST WIND SPEED    21   HIGHEST WIND DIRECTION     N (340)
  HIGHEST GUST SPEED    27   HIGHEST GUST DIRECTION     N (350)
  AVERAGE WIND SPEED     8.8

SKY COVER
  POSSIBLE SUNSHINE  MM
  AVERAGE SKY COVER 0.4

WEATHER CONDITIONS
 THE FOLLOWING WEATHER WAS RECORDED YESTERDAY.
  FOG
  FOG W/VISIBILITY <= 1/4 MILE

RELATIVE HUMIDITY (PERCENT)
 HIGHEST   100           300 AM
 LOWEST     54           200 PM
 AVERAGE    77

..........................................................


THE LA CROSSE WI CLIMATE NORMALS FOR TODAY
                         NORMAL    RECORD    YEAR
 MAXIMUM TEMPERATURE (F)   84       104      1901
 MINIMUM TEMPERATURE (F)   63        51      1911

SUNRISE AND SUNSET
JULY 24 2017..........SUNRISE   545 AM CDT   SUNSET   837 PM CDT
JULY 25 2017..........SUNRISE   546 AM CDT   SUNSET   836 PM CDT

-  INDICATES NEGATIVE NUMBERS.
R  INDICATES RECORD WAS SET OR TIED.
MM INDICATES DATA IS MISSING.
T  INDICATES TRACE AMOUNT.

$$

Boyne
