000
CDUS43 KARX 200641
CLILSE


CLIMATE REPORT
NATIONAL WEATHER SERVICE LA CROSSE WI
140 AM CDT WED SEP 20 2017


...................................

...THE LA CROSSE WI CLIMATE SUMMARY FOR SEPTEMBER 19 2017...

CLIMATE NORMAL PERIOD 1981 TO 2010
CLIMATE RECORD PERIOD 1873 TO 2017


WEATHER ITEM   OBSERVED TIME   RECORD YEAR NORMAL DEPARTURE LAST
                VALUE   (LST)  VALUE       VALUE  FROM      YEAR
                                                  NORMAL
..................................................................
TEMPERATURE (F)
 YESTERDAY
  MAXIMUM         83    400 PM  94    1895  72     11       81
  MINIMUM         59    652 AM  34    1929  51      8       61
  AVERAGE         71                        61     10       71

PRECIPITATION (IN)
  YESTERDAY        0.01          3.35 1983   0.13  -0.12      T
  MONTH TO DATE    0.37                      2.33  -1.96     5.62
  SINCE SEP 1      0.37                      2.33  -1.96     5.62
  SINCE JAN 1     32.13                     26.29   5.84    34.34

SNOWFALL (IN)
  YESTERDAY        0.0           0.0  2002   0.0    0.0      0.0
                                      2001
  MONTH TO DATE    0.0                       0.0    0.0      0.0
  SINCE JUL 1      0.0                       0.0    0.0      0.0
  SNOW DEPTH       0

DEGREE DAYS
 HEATING
  YESTERDAY        0                         5     -5        0
  MONTH TO DATE   27                        57    -30        1
  SINCE JUL 1     27                        77    -50        1

 COOLING
  YESTERDAY        6                         2      4        6
  MONTH TO DATE   87                        62     25       81
  SINCE JAN 1    902                       762    140      990
..................................................................


WIND (MPH)
  HIGHEST WIND SPEED    18   HIGHEST WIND DIRECTION    SE (150)
  HIGHEST GUST SPEED    26   HIGHEST GUST DIRECTION    SE (150)
  AVERAGE WIND SPEED     8.2


SKY COVER
  POSSIBLE SUNSHINE  MM
  AVERAGE SKY COVER 0.3


WEATHER CONDITIONS
 THE FOLLOWING WEATHER WAS RECORDED YESTERDAY.
  LIGHT RAIN


RELATIVE HUMIDITY (PERCENT)
 HIGHEST   100           100 AM
 LOWEST     51           300 PM
 AVERAGE    76

..........................................................


THE LA CROSSE WI CLIMATE NORMALS FOR TODAY
                         NORMAL    RECORD    YEAR
 MAXIMUM TEMPERATURE (F)   72        93      1908
 MINIMUM TEMPERATURE (F)   50        32      1991


SUNRISE AND SUNSET
SEPTEMBER 20 2017.....SUNRISE   650 AM CDT   SUNSET   706 PM CDT
SEPTEMBER 21 2017.....SUNRISE   651 AM CDT   SUNSET   704 PM CDT


-  INDICATES NEGATIVE NUMBERS.
R  INDICATES RECORD WAS SET OR TIED.
MM INDICATES DATA IS MISSING.
T  INDICATES TRACE AMOUNT.




$$
