000
CDUS43 KARX 010647
CLILSE


CLIMATE REPORT
NATIONAL WEATHER SERVICE LA CROSSE WI
147 AM CDT FRI AUG 1 2014


...................................

...THE LA CROSSE WI CLIMATE SUMMARY FOR JULY 31 2014...

CLIMATE NORMAL PERIOD 1981 TO 2010
CLIMATE RECORD PERIOD 1873 TO 2014


WEATHER ITEM   OBSERVED TIME   RECORD YEAR NORMAL DEPARTURE LAST
                VALUE   (LST)  VALUE       VALUE  FROM      YEAR
                                                  NORMAL
..................................................................
TEMPERATURE (F)
 YESTERDAY
  MAXIMUM         83    355 PM 103    1988  83      0       81
  MINIMUM         62    536 AM  47    1903  63     -1       64
  AVERAGE         73                        73      0       73

PRECIPITATION (IN)
  YESTERDAY        0.00          1.44 1926   0.14  -0.14      T
  MONTH TO DATE    5.00                      4.26   0.74     1.36
  SINCE JUN 1     11.70                      8.60   3.10     7.18
  SINCE JAN 1     24.86                     19.67   5.19    26.11

SNOWFALL (IN)
  YESTERDAY        0.0           0.0  2002   0.0    0.0      0.0
                                      2001
  MONTH TO DATE    0.0                       0.0    0.0       T
  SINCE JUL 1      0.0                       0.0    0.0       T
  SNOW DEPTH       0

DEGREE DAYS
 HEATING
  YESTERDAY        0                         0      0        0
  MONTH TO DATE    3                         0      3       12
  SINCE JUL 1      3                         5     -2       12

 COOLING
  YESTERDAY        8                         8      0        8
  MONTH TO DATE  198                       273    -75      311
  SINCE JAN 1    479                       487     -8      525
..................................................................


WIND (MPH)
  HIGHEST WIND SPEED    14   HIGHEST WIND DIRECTION     W (290)
  HIGHEST GUST SPEED    17   HIGHEST GUST DIRECTION     W (290)
  AVERAGE WIND SPEED     5.4


SKY COVER
  POSSIBLE SUNSHINE  MM
  AVERAGE SKY COVER 0.0


WEATHER CONDITIONS
 THE FOLLOWING WEATHER WAS RECORDED YESTERDAY.
  NO SIGNIFICANT WEATHER WAS OBSERVED.


RELATIVE HUMIDITY (PERCENT)
 HIGHEST    90           400 AM
 LOWEST     40           200 PM
 AVERAGE    65

..........................................................


THE LA CROSSE WI CLIMATE NORMALS FOR TODAY
                         NORMAL    RECORD    YEAR
 MAXIMUM TEMPERATURE (F)   83       105      1988
 MINIMUM TEMPERATURE (F)   63        49      1976
                                             1920


SUNRISE AND SUNSET
AUGUST  1 2014........SUNRISE   554 AM CDT   SUNSET   828 PM CDT
AUGUST  2 2014........SUNRISE   555 AM CDT   SUNSET   827 PM CDT


-  INDICATES NEGATIVE NUMBERS.
R  INDICATES RECORD WAS SET OR TIED.
MM INDICATES DATA IS MISSING.
T  INDICATES TRACE AMOUNT.




$$
