000
CDUS46 KMTR 040040
CLILVK


CLIMATE REPORT
NATIONAL WEATHER SERVICE SAN FRANCISCO BAY AREA
440 PM PST TUE MAR 3 2015


...................................

...THE LIVERMORE AIRPORT CLIMATE SUMMARY FOR MARCH 3 2015...
VALID TODAY AS OF 0400 PM LOCAL TIME.

CLIMATE NORMAL PERIOD 1981 TO 2010
CLIMATE RECORD PERIOD 1930 TO 2015


WEATHER ITEM   OBSERVED TIME   RECORD YEAR NORMAL DEPARTURE LAST
                VALUE   (LST)  VALUE       VALUE  FROM      YEAR
                                                  NORMAL
..................................................................
TEMPERATURE (F)
 TODAY
  MAXIMUM         64    200 PM  78    1959  64      0       61
  MINIMUM         37        MM  25    1966  42     -5       43
  AVERAGE         51                        53     -2       52

PRECIPITATION (IN)
  TODAY            0.00          0.93 2009   0.10  -0.10     0.09
  MONTH TO DATE    T                         0.30  -0.30     0.09
  SINCE OCT 1     11.92                     11.92   0.00     4.63
  SINCE JAN 1      2.30                      6.34  -4.04     2.72

DEGREE DAYS
 HEATING
  TODAY           14                        12      2       13
  MONTH TO DATE   42                        36      6       29
  SINCE MAR 1     42                        36      6       29
  SINCE JUL 1   1228                      2043   -815     1543

 COOLING
  TODAY            0                         0      0        0
  MONTH TO DATE    0                         0      0        0
  SINCE MAR 1      0                         0      0        0
  SINCE JAN 1      0                         0      0        0
..................................................................


WIND (MPH)
  RESULTANT WIND SPEED   0   RESULTANT WIND DIRECTION   E (90)
  HIGHEST WIND SPEED     4   HIGHEST WIND DIRECTION     E (99)
  HIGHEST GUST SPEED    MM   HIGHEST GUST DIRECTION    MM
  AVERAGE WIND SPEED     0.5


SKY COVER
  POSSIBLE SUNSHINE  MM
  AVERAGE SKY COVER 0.1


WEATHER CONDITIONS
 THE FOLLOWING WEATHER WAS RECORDED TODAY.
  NO SIGNIFICANT WEATHER WAS OBSERVED.


RELATIVE HUMIDITY (PERCENT)
 HIGHEST    89           100 AM
 LOWEST     48           200 PM
 AVERAGE    69

..........................................................


THE LIVERMORE AIRPORT CLIMATE NORMALS FOR TOMORROW
                         NORMAL    RECORD    YEAR
 MAXIMUM TEMPERATURE (F)   64        79      1959
 MINIMUM TEMPERATURE (F)   42        28      1976


SUNRISE AND SUNSET
MARCH  3 2015.........SUNRISE   636 AM PST   SUNSET   603 PM PST
MARCH  4 2015.........SUNRISE   635 AM PST   SUNSET   604 PM PST


-  INDICATES NEGATIVE NUMBERS.
R  INDICATES RECORD WAS SET OR TIED.
MM INDICATES DATA IS MISSING.
T  INDICATES TRACE AMOUNT.




$$
