000
CDUS46 KMTR 310042
CLILVK


CLIMATE REPORT
NATIONAL WEATHER SERVICE SAN FRANCISCO BAY AREA
541 PM PDT MON MAR 30 2015


...................................

...THE LIVERMORE AIRPORT CLIMATE SUMMARY FOR MARCH 30 2015...
VALID TODAY AS OF 0500 PM LOCAL TIME.

CLIMATE NORMAL PERIOD 1981 TO 2010
CLIMATE RECORD PERIOD 1930 TO 2015


WEATHER ITEM   OBSERVED TIME   RECORD YEAR NORMAL DEPARTURE LAST
                VALUE   (LST)  VALUE       VALUE  FROM      YEAR
                                                  NORMAL
..................................................................
TEMPERATURE (F)
 TODAY
  MAXIMUM         80   1243 PM  83    2002  65     15       62
  MINIMUM         45    507 AM  31    1938  43      2       43
  AVERAGE         63                        54      9       53

PRECIPITATION (IN)
  TODAY            0.00          1.35 1940   0.06  -0.06     0.00
  MONTH TO DATE    0.19                      2.13  -1.94     0.88
  SINCE OCT 1     12.11                     13.75  -1.64     5.42
  SINCE JAN 1      2.49                      8.17  -5.68     3.51

DEGREE DAYS
 HEATING
  TODAY            2                        11     -9       12
  MONTH TO DATE  147                       344   -197      194
  SINCE MAR 1    147                       344   -197      194
  SINCE JUL 1   1333                      2351  -1018     1708

 COOLING
  TODAY            0                         0      0        0
  MONTH TO DATE    6                         0      6        0
  SINCE MAR 1      6                         0      6        0
  SINCE JAN 1      6                         0      6        0
..................................................................


WIND (MPH)
  RESULTANT WIND SPEED   4   RESULTANT WIND DIRECTION   W (290)
  HIGHEST WIND SPEED    21   HIGHEST WIND DIRECTION     W (290)
  HIGHEST GUST SPEED    24   HIGHEST GUST DIRECTION     W (280)
  AVERAGE WIND SPEED     4.3


SKY COVER
  POSSIBLE SUNSHINE  MM
  AVERAGE SKY COVER 0.0


WEATHER CONDITIONS
 THE FOLLOWING WEATHER WAS RECORDED TODAY.
  NO SIGNIFICANT WEATHER WAS OBSERVED.


RELATIVE HUMIDITY (PERCENT)
 HIGHEST    80           300 AM
 LOWEST     38          1200 PM
 AVERAGE    59

..........................................................


THE LIVERMORE AIRPORT CLIMATE NORMALS FOR TOMORROW
                         NORMAL    RECORD    YEAR
 MAXIMUM TEMPERATURE (F)   65        84      2002
 MINIMUM TEMPERATURE (F)   43        30      1971


SUNRISE AND SUNSET
MARCH 30 2015.........SUNRISE   656 AM PDT   SUNSET   728 PM PDT
MARCH 31 2015.........SUNRISE   654 AM PDT   SUNSET   729 PM PDT


-  INDICATES NEGATIVE NUMBERS.
R  INDICATES RECORD WAS SET OR TIED.
MM INDICATES DATA IS MISSING.
T  INDICATES TRACE AMOUNT.




$$
