000
CDUS46 KMTR 080028
CLILVK


CLIMATE REPORT
NATIONAL WEATHER SERVICE SAN FRANCISCO BAY AREA
427 PM PST SUN FEB 7 2016


...................................

...THE LIVERMORE AIRPORT CLIMATE SUMMARY FOR FEBRUARY 7 2016...
VALID TODAY AS OF 0400 PM LOCAL TIME.

CLIMATE NORMAL PERIOD 1981 TO 2010
CLIMATE RECORD PERIOD 1930 TO 2016


WEATHER ITEM   OBSERVED TIME   RECORD YEAR NORMAL DEPARTURE LAST
                VALUE   (LST)  VALUE       VALUE  FROM      YEAR
                                                  NORMAL
..................................................................
TEMPERATURE (F)
 TODAY
  MAXIMUM         69   1131 AM  73    2011  59     10       69
  MINIMUM         40    416 AM  25    1989  40      0       53
  AVERAGE         55                        49      6       61

PRECIPITATION (IN)
  TODAY            0.00          0.84 1949   0.09  -0.09     0.60
  MONTH TO DATE    0.04                      0.63  -0.59     1.56
  SINCE OCT 1      8.98                      9.22  -0.24    11.18
  SINCE JAN 1      3.98                      3.64   0.34     1.56

DEGREE DAYS
 HEATING
  TODAY           10                        16     -6        4
  MONTH TO DATE  114                       115     -1       54
  SINCE DEC 1   1096                      1241   -145      769
  SINCE JUL 1   1511                      1713   -202     1000

 COOLING
  TODAY            0                         0      0        0
  MONTH TO DATE    0                         0      0        0
  SINCE DEC 1      0                         0      0        0
  SINCE JAN 1      0                         0      0        0
..................................................................


WIND (MPH)
  RESULTANT WIND SPEED   5   RESULTANT WIND DIRECTION   E (70)
  HIGHEST WIND SPEED    21   HIGHEST WIND DIRECTION    NE (50)
  HIGHEST GUST SPEED    25   HIGHEST GUST DIRECTION    NE (50)
  AVERAGE WIND SPEED     5.6


SKY COVER
  POSSIBLE SUNSHINE  MM
  AVERAGE SKY COVER 0.0


WEATHER CONDITIONS
 THE FOLLOWING WEATHER WAS RECORDED TODAY.
  NO SIGNIFICANT WEATHER WAS OBSERVED.


RELATIVE HUMIDITY (PERCENT)
 HIGHEST    83           100 AM
 LOWEST     32          1200 PM
 AVERAGE    58

..........................................................


THE LIVERMORE AIRPORT CLIMATE NORMALS FOR TOMORROW
                         NORMAL    RECORD    YEAR
 MAXIMUM TEMPERATURE (F)   59        73      1963
 MINIMUM TEMPERATURE (F)   40        27      1940


SUNRISE AND SUNSET
FEBRUARY  7 2016......SUNRISE   706 AM PST   SUNSET   537 PM PST
FEBRUARY  8 2016......SUNRISE   705 AM PST   SUNSET   538 PM PST


-  INDICATES NEGATIVE NUMBERS.
R  INDICATES RECORD WAS SET OR TIED.
MM INDICATES DATA IS MISSING.
T  INDICATES TRACE AMOUNT.




$$
