000
CDUS46 KMTR 290037
CLILVK


CLIMATE REPORT
NATIONAL WEATHER SERVICE SAN FRANCISCO BAY AREA
537 PM PDT SAT MAY 28 2016


...................................

...THE LIVERMORE AIRPORT CLIMATE SUMMARY FOR MAY 28 2016...
VALID TODAY AS OF 0500 PM LOCAL TIME.

CLIMATE NORMAL PERIOD 1981 TO 2010
CLIMATE RECORD PERIOD 1930 TO 2016


WEATHER ITEM   OBSERVED TIME   RECORD YEAR NORMAL DEPARTURE LAST
                VALUE   (LST)  VALUE       VALUE  FROM      YEAR
                                                  NORMAL
..................................................................
TEMPERATURE (F)
 TODAY
  MAXIMUM         89    304 PM 103    1984  77     12       78
  MINIMUM         56    159 AM  41    2010  51      5       54
                                      1989
  AVERAGE         73                        64      9       66

PRECIPITATION (IN)
  TODAY            0.00          0.82 1990   0.01  -0.01     0.00
  MONTH TO DATE    0.20                      0.59  -0.39     0.47
  SINCE OCT 1     15.38                     15.41  -0.03    13.51
  SINCE JAN 1     10.38                      9.83   0.55     3.89

DEGREE DAYS
 HEATING
  TODAY            0                         3     -3        0
  MONTH TO DATE   61                       119    -58       78
  SINCE MAR 1    481                       734   -253      372
  SINCE JUL 1   2186                      2741   -555     1558

 COOLING
  TODAY            8                         2      6        1
  MONTH TO DATE   38                        42     -4       12
  SINCE MAR 1     46                        51     -5       32
  SINCE JAN 1     46                        51     -5       32
..................................................................


WIND (MPH)
  RESULTANT WIND SPEED   1   RESULTANT WIND DIRECTION   W (290)
  HIGHEST WIND SPEED    16   HIGHEST WIND DIRECTION     W (270)
  HIGHEST GUST SPEED    22   HIGHEST GUST DIRECTION     W (270)
  AVERAGE WIND SPEED     4.5


SKY COVER
  POSSIBLE SUNSHINE  MM
  AVERAGE SKY COVER 0.0


WEATHER CONDITIONS
 THE FOLLOWING WEATHER WAS RECORDED TODAY.
  NO SIGNIFICANT WEATHER WAS OBSERVED.


RELATIVE HUMIDITY (PERCENT)
 HIGHEST    72           200 AM
 LOWEST     19           300 PM
 AVERAGE    46

..........................................................


THE LIVERMORE AIRPORT CLIMATE NORMALS FOR TOMORROW
                         NORMAL    RECORD    YEAR
 MAXIMUM TEMPERATURE (F)   77        99      1978
 MINIMUM TEMPERATURE (F)   51        41      1964


SUNRISE AND SUNSET
MAY 28 2016...........SUNRISE   549 AM PDT   SUNSET   821 PM PDT
MAY 29 2016...........SUNRISE   548 AM PDT   SUNSET   822 PM PDT


-  INDICATES NEGATIVE NUMBERS.
R  INDICATES RECORD WAS SET OR TIED.
MM INDICATES DATA IS MISSING.
T  INDICATES TRACE AMOUNT.




$$
