000
CDUS45 KBYZ 220723
CLILVM


CLIMATE REPORT
NATIONAL WEATHER SERVICE BILLINGS MT
1223 AM MST MON JAN 22 2018


...................................

...THE LIVINGSTON MT CLIMATE SUMMARY FOR JANUARY 21 2018...

CLIMATE NORMAL PERIOD 1981 TO 2010
CLIMATE RECORD PERIOD 1948 TO 2018


WEATHER ITEM   OBSERVED TIME   RECORD YEAR NORMAL DEPARTURE LAST
                VALUE   (LST)  VALUE       VALUE  FROM      YEAR
                                                  NORMAL
..................................................................
TEMPERATURE (F)
 YESTERDAY
  MAXIMUM         30    328 PM  57    2009  37     -7       34
  MINIMUM         10    825 AM -32    1962  18     -8       11
  AVERAGE         20                        27     -7       23

PRECIPITATION (IN)
  YESTERDAY        0.00          0.19 2003   0.01  -0.01     0.00
  MONTH TO DATE    0.89                      0.33   0.56     0.18
  SINCE OCT 1      3.93                      2.70   1.23     4.11
  SINCE JAN 1      0.89                      0.33   0.56     0.18

DEGREE DAYS
 HEATING
  YESTERDAY       45                        38      7       42
  MONTH TO DATE  742                       802    -60      990
  SINCE DEC 1   1955                      2008    -53     2419
  SINCE JUL 1   3778                      3967   -189     3917

 COOLING
  YESTERDAY        0                         0      0        0
  MONTH TO DATE    0                         0      0        0
  SINCE DEC 1      0                         0      0        0
  SINCE JAN 1      0                         0      0        0
..................................................................


WIND (MPH)
  HIGHEST WIND SPEED    35   HIGHEST WIND DIRECTION    SW (230)
  HIGHEST GUST SPEED    43   HIGHEST GUST DIRECTION    SW (230)
  AVERAGE WIND SPEED    16.3


SKY COVER
  POSSIBLE SUNSHINE  MM
  AVERAGE SKY COVER 0.2


WEATHER CONDITIONS
 THE FOLLOWING WEATHER WAS RECORDED YESTERDAY.
  NO SIGNIFICANT WEATHER WAS OBSERVED.


RELATIVE HUMIDITY (PERCENT)
 HIGHEST    88           500 AM
 LOWEST     58           300 PM
 AVERAGE    73

..........................................................


THE LIVINGSTON MT CLIMATE NORMALS FOR TODAY
                         NORMAL    RECORD    YEAR
 MAXIMUM TEMPERATURE (F)   37        67      1981
 MINIMUM TEMPERATURE (F)   18       -24      1957


SUNRISE AND SUNSET
JANUARY 22 2018.......SUNRISE   753 AM MST   SUNSET   514 PM MST
JANUARY 23 2018.......SUNRISE   753 AM MST   SUNSET   515 PM MST


-  INDICATES NEGATIVE NUMBERS.
R  INDICATES RECORD WAS SET OR TIED.
MM INDICATES DATA IS MISSING.
T  INDICATES TRACE AMOUNT.




$$
