000
CDUS45 KBYZ 022222
CLILVM


CLIMATE REPORT
NATIONAL WEATHER SERVICE BILLINGS MT
421 PM MDT THU JUL 2 2015


...................................

...THE LIVINGSTON MT CLIMATE SUMMARY FOR JULY 2 2015...
VALID TODAY AS OF 0400 PM LOCAL TIME.

CLIMATE NORMAL PERIOD 1981 TO 2010
CLIMATE RECORD PERIOD 1948 TO 2015


WEATHER ITEM   OBSERVED TIME   RECORD YEAR NORMAL DEPARTURE LAST
                VALUE   (LST)  VALUE       VALUE  FROM      YEAR
                                                  NORMAL
..................................................................
TEMPERATURE (F)
 TODAY
  MAXIMUM         87    259 PM  98    2013  80      7       85
  MINIMUM         57    509 AM  37    1955  47     10       40
  AVERAGE         72                        64      8       63

PRECIPITATION (IN)
  TODAY            0.00          0.97 1974   0.05  -0.05     0.00
  MONTH TO DATE    0.00                      0.11  -0.11     0.00
  SINCE OCT 1      9.48                     11.13  -1.65    11.09
  SINCE JAN 1      7.69                      8.76  -1.07     8.80

DEGREE DAYS
 HEATING
  TODAY            0                         3     -3        2
  MONTH TO DATE    0                         6     -6        9
  SINCE JUN 1     54                       213   -159      204
  SINCE JUL 1      0                         6     -6        9

 COOLING
  TODAY            7                         2      5        0
  MONTH TO DATE   16                         4     12        0
  SINCE JUN 1    115                        23     92        2
  SINCE JAN 1    116                        24     92        7
..................................................................


WIND (MPH)
  HIGHEST WIND SPEED    14   HIGHEST WIND DIRECTION     E (80)
  HIGHEST GUST SPEED    17   HIGHEST GUST DIRECTION     E (90)
  AVERAGE WIND SPEED     6.0


SKY COVER
  POSSIBLE SUNSHINE  MM
  AVERAGE SKY COVER 0.0


WEATHER CONDITIONS
 THE FOLLOWING WEATHER WAS RECORDED TODAY.
  NO SIGNIFICANT WEATHER WAS OBSERVED.


RELATIVE HUMIDITY (PERCENT)
 HIGHEST    77           500 AM
 LOWEST     23           300 PM
 AVERAGE    50

..........................................................


THE LIVINGSTON MT CLIMATE NORMALS FOR TOMORROW
                         NORMAL    RECORD    YEAR
 MAXIMUM TEMPERATURE (F)   81       100      1961
 MINIMUM TEMPERATURE (F)   48        40      1955


SUNRISE AND SUNSET
JULY  2 2015..........SUNRISE   537 AM MDT   SUNSET   915 PM MDT
JULY  3 2015..........SUNRISE   537 AM MDT   SUNSET   914 PM MDT


-  INDICATES NEGATIVE NUMBERS.
R  INDICATES RECORD WAS SET OR TIED.
MM INDICATES DATA IS MISSING.
T  INDICATES TRACE AMOUNT.





&&

THIS IS AN AUTOMATED...UNATTENDED WEATHER STATION AND MAY
UNDERESTIMATE WINTER PRECIPITATION.

$$
