000
CDUS45 KBYZ 011036
CLILVM


CLIMATE REPORT
NATIONAL WEATHER SERVICE BILLINGS MT
335 AM MST SUN FEB 1 2015


...................................

...THE LIVINGSTON MT CLIMATE SUMMARY FOR JANUARY 31 2015...

CLIMATE NORMAL PERIOD 1981 TO 2010
CLIMATE RECORD PERIOD 1948 TO 2015


WEATHER ITEM   OBSERVED TIME   RECORD YEAR NORMAL DEPARTURE LAST
                VALUE   (LST)  VALUE       VALUE  FROM      YEAR
                                                  NORMAL
..................................................................
TEMPERATURE (F)
 YESTERDAY
  MAXIMUM         40   1147 AM  60    1992  37      3       31
  MINIMUM         18   1159 PM -18    1975  18      0        2
  AVERAGE         29                        27      2       17

PRECIPITATION (IN)
  YESTERDAY        T             0.23        0.02  -0.02     0.11
  MONTH TO DATE    0.54                      0.49   0.05     0.41
  SINCE OCT 1      2.33                      2.86  -0.53     2.70
  SINCE JAN 1      0.54                      0.49   0.05     0.41

DEGREE DAYS
 HEATING
  YESTERDAY       36                        38     -2       48
  MONTH TO DATE  996                      1182   -186      990
  SINCE DEC 1   2043                      2382   -339     2238
  SINCE JUL 1   3781                      4341   -560     3945

 COOLING
  YESTERDAY        0                         0      0        0
  MONTH TO DATE    0                         0      0        0
  SINCE DEC 1      0                         0      0        0
  SINCE JAN 1      0                         0      0        0
..................................................................


WIND (MPH)
  HIGHEST WIND SPEED    24   HIGHEST WIND DIRECTION    NW (320)
  HIGHEST GUST SPEED    30   HIGHEST GUST DIRECTION    NW (320)
  AVERAGE WIND SPEED    12.8


SKY COVER
  POSSIBLE SUNSHINE  MM
  AVERAGE SKY COVER 0.6


WEATHER CONDITIONS
 THE FOLLOWING WEATHER WAS RECORDED YESTERDAY.
  LIGHT SNOW


RELATIVE HUMIDITY (PERCENT)
 HIGHEST    80           900 PM
 LOWEST     33          1000 AM
 AVERAGE    57

..........................................................


THE LIVINGSTON MT CLIMATE NORMALS FOR TODAY
                         NORMAL    RECORD    YEAR
 MAXIMUM TEMPERATURE (F)   37        60      1992
 MINIMUM TEMPERATURE (F)   18       -20      2011
                                             1989


SUNRISE AND SUNSET
FEBRUARY  1 2015......SUNRISE   743 AM MST   SUNSET   528 PM MST
FEBRUARY  2 2015......SUNRISE   742 AM MST   SUNSET   529 PM MST


-  INDICATES NEGATIVE NUMBERS.
R  INDICATES RECORD WAS SET OR TIED.
MM INDICATES DATA IS MISSING.
T  INDICATES TRACE AMOUNT.





&&

THIS IS AN AUTOMATED...UNATTENDED WEATHER STATION AND MAY
UNDERESTIMATE WINTER PRECIPITATION.

$$
