000
CDUS45 KBYZ 270937
CLILVM


CLIMATE REPORT
NATIONAL WEATHER SERVICE BILLINGS MT
331 AM MDT THU AUG 27 2015


...................................

...THE LIVINGSTON MT CLIMATE SUMMARY FOR AUGUST 26 2015...

CLIMATE NORMAL PERIOD 1981 TO 2010
CLIMATE RECORD PERIOD 1948 TO 2015


WEATHER ITEM   OBSERVED TIME   RECORD YEAR NORMAL DEPARTURE LAST
                VALUE   (LST)  VALUE       VALUE  FROM      YEAR
                                                  NORMAL
..................................................................
TEMPERATURE (F)
 YESTERDAY
  MAXIMUM         90    226 PM  99    2010  81      9       80
  MINIMUM         46    501 AM  34    1992  45      1       42
  AVERAGE         68                        63      5       61

PRECIPITATION (IN)
  YESTERDAY        0.00          0.54 1977   0.04  -0.04     0.00
  MONTH TO DATE    1.20                      0.93   0.27     2.23
  SINCE OCT 1     11.85                     13.42  -1.57    13.77
  SINCE JAN 1     10.06                     11.05  -0.99    11.48

DEGREE DAYS
 HEATING
  YESTERDAY        0                         3     -3        4
  MONTH TO DATE   57                        46     11       51
  SINCE JUN 1    121                       303   -182      255
  SINCE JUL 1     67                        96    -29       60

 COOLING
  YESTERDAY        3                         2      1        0
  MONTH TO DATE  102                        81     21      116
  SINCE JUN 1    316                       209    107      291
  SINCE JAN 1    317                       210    107      296
..................................................................


WIND (MPH)
  HIGHEST WIND SPEED    25   HIGHEST WIND DIRECTION     S (200)
  HIGHEST GUST SPEED    32   HIGHEST GUST DIRECTION     S (200)
  AVERAGE WIND SPEED     9.4


SKY COVER
  POSSIBLE SUNSHINE  MM
  AVERAGE SKY COVER 0.0


WEATHER CONDITIONS
 THE FOLLOWING WEATHER WAS RECORDED YESTERDAY.
  NO SIGNIFICANT WEATHER WAS OBSERVED.


RELATIVE HUMIDITY (PERCENT)
 HIGHEST    71           500 AM
 LOWEST     17           100 PM
 AVERAGE    44

..........................................................


THE LIVINGSTON MT CLIMATE NORMALS FOR TODAY
                         NORMAL    RECORD    YEAR
 MAXIMUM TEMPERATURE (F)   81        98      2011
 MINIMUM TEMPERATURE (F)   45        35      1993


SUNRISE AND SUNSET
AUGUST 27 2015........SUNRISE   636 AM MDT   SUNSET   809 PM MDT
AUGUST 28 2015........SUNRISE   638 AM MDT   SUNSET   807 PM MDT


-  INDICATES NEGATIVE NUMBERS.
R  INDICATES RECORD WAS SET OR TIED.
MM INDICATES DATA IS MISSING.
T  INDICATES TRACE AMOUNT.





&&

THIS IS AN AUTOMATED...UNATTENDED WEATHER STATION AND MAY
UNDERESTIMATE WINTER PRECIPITATION.

$$
