000
CDUS43 KTOP 260634
CLILWC


CLIMATE REPORT
NATIONAL WEATHER SERVICE TOPEKA KS
133 AM CDT TUE SEP 26 2017


...................................

...THE LAWRENCE KS CLIMATE SUMMARY FOR SEPTEMBER 25 2017...

CLIMATE NORMAL PERIOD 1981 TO 2010
CLIMATE RECORD PERIOD 9999 TO 9999


WEATHER ITEM   OBSERVED NORMAL DEPARTURE LAST
                VALUE   VALUE  FROM      YEAR
                               NORMAL
...............................................
TEMPERATURE (F)
 YESTERDAY
  MAXIMUM         87     77     10       69
  MINIMUM         65     51     14       53
  AVERAGE         76     64     12       61

PRECIPITATION (IN)
  YESTERDAY        0.23   0.14   0.09     0.28
  MONTH TO DATE    3.23   3.53  -0.30     6.12
  SINCE SEP 1      3.23   3.53  -0.30     6.12
  SINCE JAN 1     30.37  31.39  -1.02    29.71

DEGREE DAYS
 HEATING
  YESTERDAY        0      4     -4        4
  MONTH TO DATE   10     36    -26        6
  SINCE SEP 1     10     36    -26        6
  SINCE JUL 1     13     39    -26        6

 COOLING
  YESTERDAY       11      3      8        0
  MONTH TO DATE  187    140     47      221
  SINCE SEP 1    187    140     47      221
  SINCE JAN 1   1266   1331    -65     1538
...............................................


WIND (MPH)
  HIGHEST WIND SPEED    20   HIGHEST WIND DIRECTION    NW (300)
  HIGHEST GUST SPEED    28   HIGHEST GUST DIRECTION     S (160)
  AVERAGE WIND SPEED     7.8


SKY COVER
  AVERAGE SKY COVER 0.4


WEATHER CONDITIONS
 THE FOLLOWING WEATHER WAS RECORDED YESTERDAY.
  RAIN
  LIGHT RAIN
  FOG


RELATIVE HUMIDITY (PERCENT)
 HIGHEST   100
 LOWEST     48
 AVERAGE    74

..........................................................


THE LAWRENCE KS CLIMATE NORMALS FOR TODAY
                         NORMAL
 MAXIMUM TEMPERATURE (F)   77
 MINIMUM TEMPERATURE (F)   51


SUNRISE AND SUNSET
SEPTEMBER 26 2017.....SUNRISE   712 AM CDT   SUNSET   711 PM CDT
SEPTEMBER 27 2017.....SUNRISE   713 AM CDT   SUNSET   709 PM CDT


-  INDICATES NEGATIVE NUMBERS.
R  INDICATES RECORD WAS SET OR TIED.
MM INDICATES DATA IS MISSING.
T  INDICATES TRACE AMOUNT.




$$
