000
CDUS43 KTOP 250636
CLILWC


CLIMATE REPORT
NATIONAL WEATHER SERVICE TOPEKA KS
1234 AM CST THU DEC 25 2014


...................................

...THE LAWRENCE KS CLIMATE SUMMARY FOR DECEMBER 24 2014...

CLIMATE NORMAL PERIOD 1981 TO 2010
CLIMATE RECORD PERIOD 9999 TO 9999


WEATHER ITEM   OBSERVED NORMAL DEPARTURE LAST
                VALUE   VALUE  FROM      YEAR
                               NORMAL
...............................................
TEMPERATURE (F)
 YESTERDAY
  MAXIMUM         36     40     -4       33
  MINIMUM         27     20      7       -1
  AVERAGE         32     30      2       16

PRECIPITATION (IN)
  YESTERDAY        0.05   0.05   0.00     0.00
  MONTH TO DATE    1.85   1.13   0.72     0.46
  SINCE DEC 1      1.85   1.13   0.72     0.46
  SINCE JAN 1     36.86  38.21  -1.35    28.41

DEGREE DAYS
 HEATING
  YESTERDAY       33     35     -2       49
  MONTH TO DATE  673    784   -111      887
  SINCE DEC 1    673    784   -111      887
  SINCE JUL 1   1853   1792     61     1917

 COOLING
  YESTERDAY        0      0      0        0
  MONTH TO DATE    0      0      0        0
  SINCE DEC 1      0      0      0        0
  SINCE JAN 1   1426   1371     55     1492
...............................................


WIND (MPH)
  HIGHEST WIND SPEED    20   HIGHEST WIND DIRECTION    NW (310)
  HIGHEST GUST SPEED    24   HIGHEST GUST DIRECTION    NW (330)
  AVERAGE WIND SPEED    11.6


SKY COVER
  AVERAGE SKY COVER 0.9


WEATHER CONDITIONS
 THE FOLLOWING WEATHER WAS RECORDED YESTERDAY.
  LIGHT RAIN
  FOG


RELATIVE HUMIDITY (PERCENT)
 HIGHEST    92
 LOWEST     75
 AVERAGE    84

..........................................................


THE LAWRENCE KS CLIMATE NORMALS FOR TODAY
                         NORMAL
 MAXIMUM TEMPERATURE (F)   39
 MINIMUM TEMPERATURE (F)   19


SUNRISE AND SUNSET
DECEMBER 25 2014......SUNRISE   738 AM CST   SUNSET   504 PM CST
DECEMBER 26 2014......SUNRISE   738 AM CST   SUNSET   505 PM CST


-  INDICATES NEGATIVE NUMBERS.
R  INDICATES RECORD WAS SET OR TIED.
MM INDICATES DATA IS MISSING.
T  INDICATES TRACE AMOUNT.




$$
