000
CDUS43 KTOP 300632
CLILWC


CLIMATE REPORT
NATIONAL WEATHER SERVICE TOPEKA KS
131 AM CDT FRI SEP 30 2016


...................................

...THE LAWRENCE KS CLIMATE SUMMARY FOR SEPTEMBER 29 2016...

CLIMATE NORMAL PERIOD 1981 TO 2010
CLIMATE RECORD PERIOD 9999 TO 9999


WEATHER ITEM   OBSERVED NORMAL DEPARTURE LAST
                VALUE   VALUE  FROM      YEAR
                               NORMAL
...............................................
TEMPERATURE (F)
 YESTERDAY
  MAXIMUM         73     76     -3       73
  MINIMUM         47     49     -2       56
  AVERAGE         60     62     -2       65

PRECIPITATION (IN)
  YESTERDAY        0.00   0.13  -0.13     0.00
  MONTH TO DATE    6.12   4.05   2.07     3.21
  SINCE SEP 1      6.12   4.05   2.07     3.21
  SINCE JAN 1     29.71  31.91  -2.20    33.13

DEGREE DAYS
 HEATING
  YESTERDAY        5      5      0        0
  MONTH TO DATE   23     54    -31       16
  SINCE SEP 1     23     54    -31       16
  SINCE JUL 1     23     57    -34       18

 COOLING
  YESTERDAY        0      2     -2        0
  MONTH TO DATE  221    150     71      249
  SINCE SEP 1    221    150     71      249
  SINCE JAN 1   1538   1341    197     1378
...............................................


WIND (MPH)
  HIGHEST WIND SPEED    16   HIGHEST WIND DIRECTION    NW (330)
  HIGHEST GUST SPEED    24   HIGHEST GUST DIRECTION     N (350)
  AVERAGE WIND SPEED     7.1


SKY COVER
  AVERAGE SKY COVER 0.0


WEATHER CONDITIONS
 THE FOLLOWING WEATHER WAS RECORDED YESTERDAY.
  NO SIGNIFICANT WEATHER WAS OBSERVED.


RELATIVE HUMIDITY (PERCENT)
 HIGHEST   100
 LOWEST     41
 AVERAGE    71

..........................................................


THE LAWRENCE KS CLIMATE NORMALS FOR TODAY
                         NORMAL
 MAXIMUM TEMPERATURE (F)   75
 MINIMUM TEMPERATURE (F)   49


SUNRISE AND SUNSET
SEPTEMBER 30 2016.....SUNRISE   716 AM CDT   SUNSET   704 PM CDT
OCTOBER  1 2016.......SUNRISE   717 AM CDT   SUNSET   703 PM CDT


-  INDICATES NEGATIVE NUMBERS.
R  INDICATES RECORD WAS SET OR TIED.
MM INDICATES DATA IS MISSING.
T  INDICATES TRACE AMOUNT.




$$
