000
CDUS43 KTOP 080637
CLILWC


CLIMATE REPORT
NATIONAL WEATHER SERVICE TOPEKA KS
1237 AM CST MON FEB 8 2016


...................................

...THE LAWRENCE KS CLIMATE SUMMARY FOR FEBRUARY 7 2016...

CLIMATE NORMAL PERIOD 1981 TO 2010
CLIMATE RECORD PERIOD 9999 TO 9999


WEATHER ITEM   OBSERVED NORMAL DEPARTURE LAST
                VALUE   VALUE  FROM      YEAR
                               NORMAL
...............................................
TEMPERATURE (F)
 YESTERDAY
  MAXIMUM         53     43     10       65
  MINIMUM         34     21     13       32
  AVERAGE         44     32     12       49

PRECIPITATION (IN)
  YESTERDAY        T      0.05  -0.05     0.00
  MONTH TO DATE    0.44   0.33   0.11     0.31
  SINCE DEC 1      4.33   2.81   1.52     3.23
  SINCE JAN 1      1.12   1.34  -0.22     1.37

DEGREE DAYS
 HEATING
  YESTERDAY       21     33    -12       16
  MONTH TO DATE  200    235    -35      259
  SINCE DEC 1   2111   2378   -267     2278
  SINCE JUL 1   2934   3386   -452     3458

 COOLING
  YESTERDAY        0      0      0        0
  MONTH TO DATE    0      0      0        0
  SINCE DEC 1      0      0      0        0
  SINCE JAN 1      0      0      0        0
...............................................


WIND (MPH)
  HIGHEST WIND SPEED    41   HIGHEST WIND DIRECTION    NW (320)
  HIGHEST GUST SPEED    52   HIGHEST GUST DIRECTION    NW (320)
  AVERAGE WIND SPEED    16.6


SKY COVER
  AVERAGE SKY COVER 0.3


WEATHER CONDITIONS
 THE FOLLOWING WEATHER WAS RECORDED YESTERDAY.
  LIGHT RAIN
  LIGHT SNOW


RELATIVE HUMIDITY (PERCENT)
 HIGHEST    70
 LOWEST     24
 AVERAGE    47

..........................................................


THE LAWRENCE KS CLIMATE NORMALS FOR TODAY
                         NORMAL
 MAXIMUM TEMPERATURE (F)   43
 MINIMUM TEMPERATURE (F)   21


SUNRISE AND SUNSET
FEBRUARY  8 2016......SUNRISE   721 AM CST   SUNSET   550 PM CST
FEBRUARY  9 2016......SUNRISE   720 AM CST   SUNSET   551 PM CST


-  INDICATES NEGATIVE NUMBERS.
R  INDICATES RECORD WAS SET OR TIED.
MM INDICATES DATA IS MISSING.
T  INDICATES TRACE AMOUNT.




$$
