693
CDUS43 KTOP 100636
CLILWC


CLIMATE REPORT
NATIONAL WEATHER SERVICE TOPEKA KS
1235 AM CST SAT DEC 10 2016


...................................

...THE LAWRENCE KS CLIMATE SUMMARY FOR DECEMBER 9 2016...

CLIMATE NORMAL PERIOD 1981 TO 2010
CLIMATE RECORD PERIOD 9999 TO 9999


WEATHER ITEM   OBSERVED NORMAL DEPARTURE LAST
                VALUE   VALUE  FROM      YEAR
                               NORMAL
...............................................
TEMPERATURE (F)
 YESTERDAY
  MAXIMUM         28     44    -16       66
  MINIMUM          6     23    -17       31
  AVERAGE         17     33    -16       49

PRECIPITATION (IN)
  YESTERDAY        0.00   0.04  -0.04     0.00
  MONTH TO DATE    0.66   0.37   0.29     0.00
  SINCE DEC 1      0.66   0.37   0.29     0.00
  SINCE JAN 1     32.25  37.45  -5.20    39.27

DEGREE DAYS
 HEATING
  YESTERDAY       48     32     16       16
  MONTH TO DATE  320    274     46      220
  SINCE DEC 1    320    274     46      220
  SINCE JUL 1    964   1282   -318     1043

 COOLING
  YESTERDAY        0      0      0        0
  MONTH TO DATE    0      0      0        0
  SINCE DEC 1      0      0      0        0
  SINCE JAN 1   1599   1371    228     1407
...............................................


WIND (MPH)
  HIGHEST WIND SPEED    13   HIGHEST WIND DIRECTION    SE (130)
  HIGHEST GUST SPEED    16   HIGHEST GUST DIRECTION    SE (140)
  AVERAGE WIND SPEED     5.5


SKY COVER
  AVERAGE SKY COVER 0.6


WEATHER CONDITIONS
 THE FOLLOWING WEATHER WAS RECORDED YESTERDAY.
  NO SIGNIFICANT WEATHER WAS OBSERVED.


RELATIVE HUMIDITY (PERCENT)
 HIGHEST    92
 LOWEST     55
 AVERAGE    74

..........................................................


THE LAWRENCE KS CLIMATE NORMALS FOR TODAY
                         NORMAL
 MAXIMUM TEMPERATURE (F)   43
 MINIMUM TEMPERATURE (F)   22


SUNRISE AND SUNSET
DECEMBER 10 2016......SUNRISE   729 AM CST   SUNSET   459 PM CST
DECEMBER 11 2016......SUNRISE   730 AM CST   SUNSET   459 PM CST


-  INDICATES NEGATIVE NUMBERS.
R  INDICATES RECORD WAS SET OR TIED.
MM INDICATES DATA IS MISSING.
T  INDICATES TRACE AMOUNT.




$$
