000
CDUS43 KTOP 282132
CLILWC


CLIMATE REPORT
NATIONAL WEATHER SERVICE TOPEKA KS
431 PM CDT SUN MAY 28 2017


...................................

...THE LAWRENCE KS CLIMATE SUMMARY FOR MAY 28 2017...
VALID TODAY AS OF 0400 PM LOCAL TIME.

CLIMATE NORMAL PERIOD 1981 TO 2010
CLIMATE RECORD PERIOD 9999 TO 9999


WEATHER ITEM   OBSERVED NORMAL DEPARTURE LAST
                VALUE   VALUE  FROM      YEAR
                               NORMAL
...............................................
TEMPERATURE (F)
 TODAY
  MAXIMUM         82     80      2       77
  MINIMUM         57     57      0       58
  AVERAGE         70     69      1       68

PRECIPITATION (IN)
  TODAY            0.00   0.17  -0.17     0.00
  MONTH TO DATE    2.76   4.66  -1.90     7.38
  SINCE MAR 1     12.01  11.05   0.96    13.52
  SINCE JAN 1     13.02  13.36  -0.34    14.64

DEGREE DAYS
 HEATING
  TODAY            0      1     -1        0
  MONTH TO DATE   91    102    -11      143
  SINCE MAR 1    867   1066   -199      867
  SINCE JUL 1   4148   5081   -933     4369

 COOLING
  TODAY            5      5      0        3
  MONTH TO DATE   74     79     -5       46
  SINCE MAR 1    106    102      4       64
  SINCE JAN 1    106    102      4       64
...............................................


WIND (MPH)
  HIGHEST WIND SPEED    23   HIGHEST WIND DIRECTION     W (270)
  HIGHEST GUST SPEED    28   HIGHEST GUST DIRECTION     W (270)
  AVERAGE WIND SPEED     9.9



WEATHER CONDITIONS
 THE FOLLOWING WEATHER WAS RECORDED TODAY.
  NO SIGNIFICANT WEATHER WAS OBSERVED.


RELATIVE HUMIDITY (PERCENT)
 HIGHEST   100
 LOWEST     36
 AVERAGE    68

..........................................................


THE LAWRENCE KS CLIMATE NORMALS FOR TOMORROW
                         NORMAL
 MAXIMUM TEMPERATURE (F)   81
 MINIMUM TEMPERATURE (F)   58


SUNRISE AND SUNSET
MAY 28 2017...........SUNRISE   559 AM CDT   SUNSET   838 PM CDT
MAY 29 2017...........SUNRISE   558 AM CDT   SUNSET   839 PM CDT


-  INDICATES NEGATIVE NUMBERS.
R  INDICATES RECORD WAS SET OR TIED.
MM INDICATES DATA IS MISSING.
T  INDICATES TRACE AMOUNT.




$$
