000
CDUS43 KTOP 160634
CLILWC


CLIMATE REPORT
NATIONAL WEATHER SERVICE TOPEKA KS
133 AM CDT TUE SEP 16 2014


...................................

...THE LAWRENCE KS CLIMATE SUMMARY FOR SEPTEMBER 15 2014...

CLIMATE NORMAL PERIOD 1981 TO 2010
CLIMATE RECORD PERIOD 9999 TO 9999


WEATHER ITEM   OBSERVED NORMAL DEPARTURE LAST
                VALUE   VALUE  FROM      YEAR
                               NORMAL
...............................................
TEMPERATURE (F)
 YESTERDAY
  MAXIMUM         71     82    -11       89
  MINIMUM         47     55     -8       63
  AVERAGE         59     68     -9       76

PRECIPITATION (IN)
  YESTERDAY        T      0.10  -0.10     0.54
  MONTH TO DATE    4.11   2.29   1.82     0.57
  SINCE SEP 1      4.11   2.29   1.82     0.57
  SINCE JAN 1     28.56  30.15  -1.59    20.85

DEGREE DAYS
 HEATING
  YESTERDAY        6      2      4        0
  MONTH TO DATE   53      9     44        1
  SINCE SEP 1     53      9     44        1
  SINCE JUL 1     54     12     42        1

 COOLING
  YESTERDAY        0      5     -5       11
  MONTH TO DATE   67    103    -36      175
  SINCE SEP 1     67    103    -36      175
  SINCE JAN 1   1374   1294     80     1396
...............................................


WIND (MPH)
  HIGHEST WIND SPEED    16   HIGHEST WIND DIRECTION    NW (330)
  HIGHEST GUST SPEED    21   HIGHEST GUST DIRECTION     N (340)
  AVERAGE WIND SPEED     7.4


SKY COVER
  AVERAGE SKY COVER 0.6


WEATHER CONDITIONS
 THE FOLLOWING WEATHER WAS RECORDED YESTERDAY.
  LIGHT RAIN
  FOG
  HAZE


RELATIVE HUMIDITY (PERCENT)
 HIGHEST    97
 LOWEST     61
 AVERAGE    79

..........................................................


THE LAWRENCE KS CLIMATE NORMALS FOR TODAY
                         NORMAL
 MAXIMUM TEMPERATURE (F)   81
 MINIMUM TEMPERATURE (F)   55


SUNRISE AND SUNSET
SEPTEMBER 16 2014.....SUNRISE   703 AM CDT   SUNSET   727 PM CDT
SEPTEMBER 17 2014.....SUNRISE   704 AM CDT   SUNSET   726 PM CDT


-  INDICATES NEGATIVE NUMBERS.
R  INDICATES RECORD WAS SET OR TIED.
MM INDICATES DATA IS MISSING.
T  INDICATES TRACE AMOUNT.




$$
