000
CDUS43 KTOP 030639
CLILWC


CLIMATE REPORT
NATIONAL WEATHER SERVICE TOPEKA KS
139 AM CDT THU SEP 3 2015


...................................

...THE LAWRENCE KS CLIMATE SUMMARY FOR SEPTEMBER 2 2015...

CLIMATE NORMAL PERIOD 1981 TO 2010
CLIMATE RECORD PERIOD 9999 TO 9999


WEATHER ITEM   OBSERVED NORMAL DEPARTURE LAST
                VALUE   VALUE  FROM      YEAR
                               NORMAL
...............................................
TEMPERATURE (F)
 YESTERDAY
  MAXIMUM         91     86      5       MM
  MINIMUM         70     61      9       MM
  AVERAGE         81     74      7       MM

PRECIPITATION (IN)
  YESTERDAY        0.06   0.18  -0.12     0.00
  MONTH TO DATE    0.06   0.36  -0.30     1.00
  SINCE SEP 1      0.06   0.36  -0.30     1.00
  SINCE JAN 1     29.98  28.22   1.76    25.45

DEGREE DAYS
 HEATING
  YESTERDAY        0      0      0       MM
  MONTH TO DATE    0      0      0       MM
  SINCE SEP 1      0      0      0       MM
  SINCE JUL 1      2      3     -1        1

 COOLING
  YESTERDAY       16      9      7       MM
  MONTH TO DATE   32     18     14       MM
  SINCE SEP 1     32     18     14       MM
  SINCE JAN 1   1161   1209    -48     1307
...............................................


WIND (MPH)
  HIGHEST WIND SPEED    20   HIGHEST WIND DIRECTION     S (180)
  HIGHEST GUST SPEED    27   HIGHEST GUST DIRECTION     S (190)
  AVERAGE WIND SPEED     8.3


SKY COVER
  AVERAGE SKY COVER 0.2


WEATHER CONDITIONS
 THE FOLLOWING WEATHER WAS RECORDED YESTERDAY.
  LIGHT RAIN
  FOG
  HAZE


RELATIVE HUMIDITY (PERCENT)
 HIGHEST    93
 LOWEST     50
 AVERAGE    72

..........................................................


THE LAWRENCE KS CLIMATE NORMALS FOR TODAY
                         NORMAL
 MAXIMUM TEMPERATURE (F)   86
 MINIMUM TEMPERATURE (F)   60


SUNRISE AND SUNSET
SEPTEMBER  3 2015.....SUNRISE   651 AM CDT   SUNSET   749 PM CDT
SEPTEMBER  4 2015.....SUNRISE   652 AM CDT   SUNSET   747 PM CDT


-  INDICATES NEGATIVE NUMBERS.
R  INDICATES RECORD WAS SET OR TIED.
MM INDICATES DATA IS MISSING.
T  INDICATES TRACE AMOUNT.




$$
