000
CDUS46 KOTX 020829
CLILWS


CLIMATE REPORT
NATIONAL WEATHER SERVICE SPOKANE, WA
1229 AM PST MON MAR 2 2015


...................................

...THE LEWISTON ID AIRPORT CLIMATE SUMMARY FOR MARCH 1 2015...

CLIMATE NORMAL PERIOD 1981 TO 2010
CLIMATE RECORD PERIOD 1881 TO 2015


WEATHER ITEM   OBSERVED TIME   RECORD YEAR NORMAL DEPARTURE LAST
                VALUE   (LST)  VALUE       VALUE  FROM      YEAR
                                                  NORMAL
..................................................................
TEMPERATURE (F)
 YESTERDAY
  MAXIMUM         49    236 PM  68    1968  50     -1       34
                                      1905
  MINIMUM         25    647 AM  14    1917  32     -7       24
  AVERAGE         37                        41     -4       29

PRECIPITATION (IN)
  YESTERDAY        0.00          0.66 1904   0.03  -0.03      T
  MONTH TO DATE    0.00                      0.03  -0.03      T
  SINCE OCT 1      6.48                      5.00   1.48     3.95
  SINCE JAN 1      2.29                      1.89   0.40     2.42

SNOWFALL (IN)
  YESTERDAY        0.0           3.0  1989   0.1   -0.1      0.2
  MONTH TO DATE    0.0                       0.1   -0.1      0.2
  SINCE MAR 1      0.0                       0.1   -0.1      0.2
  SINCE JUL 1      1.5                       9.9   -8.4     16.1
  SNOW DEPTH       0

DEGREE DAYS
 HEATING
  YESTERDAY       28                        24      4       36
  MONTH TO DATE   28                        24      4       36
  SINCE MAR 1     28                        24      4       36
  SINCE JUL 1   3250                      3879   -629     4197

 COOLING
  YESTERDAY        0                         0      0        0
  MONTH TO DATE    0                         0      0        0
  SINCE MAR 1      0                         0      0        0
  SINCE JAN 1      0                         0      0        0
..................................................................


WIND (MPH)
  HIGHEST WIND SPEED     8   HIGHEST WIND DIRECTION     N (360)
  HIGHEST GUST SPEED    12   HIGHEST GUST DIRECTION    SE (140)
  AVERAGE WIND SPEED     2.1


SKY COVER
  POSSIBLE SUNSHINE  MM
  AVERAGE SKY COVER 0.0


WEATHER CONDITIONS
 THE FOLLOWING WEATHER WAS RECORDED YESTERDAY.
  NO SIGNIFICANT WEATHER WAS OBSERVED.


RELATIVE HUMIDITY (PERCENT)
 HIGHEST    74           600 AM
 LOWEST     28           400 PM
 AVERAGE    51

..........................................................


THE LEWISTON ID AIRPORT CLIMATE NORMALS FOR TODAY
                         NORMAL    RECORD    YEAR
 MAXIMUM TEMPERATURE (F)   51        70      1905
 MINIMUM TEMPERATURE (F)   33        13      1896


SUNRISE AND SUNSET
MARCH  2 2015.........SUNRISE   626 AM PST   SUNSET   535 PM PST
MARCH  3 2015.........SUNRISE   624 AM PST   SUNSET   537 PM PST


-  INDICATES NEGATIVE NUMBERS.
R  INDICATES RECORD WAS SET OR TIED.
MM INDICATES DATA IS MISSING.
T  INDICATES TRACE AMOUNT.




$$
