000
CDUS46 KOTX 040426
CLILWS


CLIMATE REPORT
NATIONAL WEATHER SERVICE SPOKANE, WA
925 PM PDT MON AUG 3 2015


...................................

...THE LEWISTON ID AIRPORT CLIMATE SUMMARY FOR AUGUST 3 2015...
VALID TODAY AS OF 0800 PM LOCAL TIME.

CLIMATE NORMAL PERIOD 1981 TO 2010
CLIMATE RECORD PERIOD 1881 TO 2015


WEATHER ITEM   OBSERVED TIME   RECORD YEAR NORMAL DEPARTURE LAST
                VALUE   (LST)  VALUE       VALUE  FROM      YEAR
                                                  NORMAL
..................................................................
TEMPERATURE (F)
 TODAY
  MAXIMUM         96    239 PM 107    1961  92      4       99
  MINIMUM         67    534 AM  45    1956  61      6       68
  AVERAGE         82                        76      6       84

PRECIPITATION (IN)
  TODAY            0.00          0.50 1896   0.01  -0.01      T
  MONTH TO DATE    0.00                      0.05  -0.05      T
  SINCE OCT 1     10.30                     11.00  -0.70     8.03
  SINCE JAN 1      6.11                      7.89  -1.78     6.50

DEGREE DAYS
 HEATING
  TODAY            0                         0      0        0
  MONTH TO DATE    0                         0      0        0
  SINCE JUN 1      2                        77    -75       41
  SINCE JUL 1      0                         7     -7        0

 COOLING
  TODAY           17                        11      6       19
  MONTH TO DATE   58                        35     23       61
  SINCE JUN 1    804                       433    371      634
  SINCE JAN 1    856                       465    391      662
..................................................................


WIND (MPH)
  HIGHEST WIND SPEED    24   HIGHEST WIND DIRECTION     W (290)
  HIGHEST GUST SPEED    34   HIGHEST GUST DIRECTION     W (290)
  AVERAGE WIND SPEED     5.4


SKY COVER
  POSSIBLE SUNSHINE  MM
  AVERAGE SKY COVER 0.0


WEATHER CONDITIONS
 THE FOLLOWING WEATHER WAS RECORDED TODAY.
  NO SIGNIFICANT WEATHER WAS OBSERVED.


RELATIVE HUMIDITY (PERCENT)
 HIGHEST    29           700 AM
 LOWEST     14          1200 AM
 AVERAGE    22

..........................................................


THE LEWISTON ID AIRPORT CLIMATE NORMALS FOR TOMORROW
                         NORMAL    RECORD    YEAR
 MAXIMUM TEMPERATURE (F)   92       115      1961
 MINIMUM TEMPERATURE (F)   61        45      1954


SUNRISE AND SUNSET
AUGUST  3 2015........SUNRISE   532 AM PDT   SUNSET   816 PM PDT
AUGUST  4 2015........SUNRISE   533 AM PDT   SUNSET   815 PM PDT


-  INDICATES NEGATIVE NUMBERS.
R  INDICATES RECORD WAS SET OR TIED.
MM INDICATES DATA IS MISSING.
T  INDICATES TRACE AMOUNT.




$$
