000
CDUS46 KOTX 260826
CLILWS


CLIMATE REPORT
NATIONAL WEATHER SERVICE SPOKANE, WA
126 AM PDT FRI MAY 26 2017


...................................

...THE LEWISTON ID AIRPORT CLIMATE SUMMARY FOR MAY 25 2017...

CLIMATE NORMAL PERIOD 1981 TO 2010
CLIMATE RECORD PERIOD 1881 TO 2017


WEATHER ITEM   OBSERVED TIME   RECORD YEAR NORMAL DEPARTURE LAST
                VALUE   (LST)  VALUE       VALUE  FROM      YEAR
                                                  NORMAL
..................................................................
TEMPERATURE (F)
 YESTERDAY
  MAXIMUM         63    501 PM 101    1928  73    -10       76
  MINIMUM         50    458 AM  35    1955  49      1       49
                                      1918
  AVERAGE         57                        61     -4       63

PRECIPITATION (IN)
  YESTERDAY        0.00          0.44 1897   0.05  -0.05     0.00
  MONTH TO DATE    1.48                      1.27   0.21     1.53
  SINCE OCT 1     14.62                      8.71   5.91    10.27
  SINCE JAN 1      9.74                      5.60   4.14     6.82

SNOWFALL (IN)
  YESTERDAY        0.0           0.0  1995   0.0    0.0      0.0
  MONTH TO DATE    0.0                       0.0    0.0      0.0
  SINCE MAR 1      4.8                       0.7    4.1      0.0
  SINCE JUL 1     39.2                      10.5   28.7      6.4
  SNOW DEPTH       0

DEGREE DAYS
 HEATING
  YESTERDAY        8                         5      3        2
  MONTH TO DATE  208                       192     16      104
  SINCE MAR 1   1205                      1217    -12      884
  SINCE JUL 1   5241                      5072    169     4148

 COOLING
  YESTERDAY        0                         1     -1        0
  MONTH TO DATE   18                        22     -4       33
  SINCE MAR 1     18                        24     -6       40
  SINCE JAN 1     18                        24     -6       40
..................................................................


WIND (MPH)
  HIGHEST WIND SPEED    10   HIGHEST WIND DIRECTION     W (250)
  HIGHEST GUST SPEED    13   HIGHEST GUST DIRECTION     W (250)
  AVERAGE WIND SPEED     5.2


SKY COVER
  POSSIBLE SUNSHINE  MM
  AVERAGE SKY COVER 0.4


WEATHER CONDITIONS
 THE FOLLOWING WEATHER WAS RECORDED YESTERDAY.
  NO SIGNIFICANT WEATHER WAS OBSERVED.


RELATIVE HUMIDITY (PERCENT)
 HIGHEST    66           500 AM
 LOWEST     43           400 PM
 AVERAGE    55

..........................................................


THE LEWISTON ID AIRPORT CLIMATE NORMALS FOR TODAY
                         NORMAL    RECORD    YEAR
 MAXIMUM TEMPERATURE (F)   73       103      1936
 MINIMUM TEMPERATURE (F)   50        34      1918


SUNRISE AND SUNSET
MAY 26 2017...........SUNRISE   503 AM PDT   SUNSET   828 PM PDT
MAY 27 2017...........SUNRISE   503 AM PDT   SUNSET   829 PM PDT


-  INDICATES NEGATIVE NUMBERS.
R  INDICATES RECORD WAS SET OR TIED.
MM INDICATES DATA IS MISSING.
T  INDICATES TRACE AMOUNT.




$$
