000
CDUS46 KOTX 190423
CLILWS


CLIMATE REPORT
NATIONAL WEATHER SERVICE SPOKANE, WA
923 PM PDT THU SEP 18 2014


...................................

...THE LEWISTON ID AIRPORT CLIMATE SUMMARY FOR SEPTEMBER 18 2014...
VALID TODAY AS OF 0800 PM LOCAL TIME.

CLIMATE NORMAL PERIOD 1981 TO 2010
CLIMATE RECORD PERIOD 1881 TO 2014


WEATHER ITEM   OBSERVED TIME   RECORD YEAR NORMAL DEPARTURE LAST
                VALUE   (LST)  VALUE       VALUE  FROM      YEAR
                                                  NORMAL
..................................................................
TEMPERATURE (F)
 TODAY
  MAXIMUM         86   1239 PM 101    1938  77      9       69
  MINIMUM         62    704 AM  35    1965  50     12       49
  AVERAGE         74                        64     10       59

PRECIPITATION (IN)
  TODAY            0.00          0.78 1940   0.02  -0.02     0.04
  MONTH TO DATE    T                         0.39  -0.39     0.77
  SINCE OCT 1      9.20                     12.03  -2.83    11.32
  SINCE JAN 1      7.67                      8.92  -1.25     7.16

DEGREE DAYS
 HEATING
  TODAY            0                         4     -4        6
  MONTH TO DATE   13                        35    -22        8
  SINCE SEP 1     13                        35    -22        8
  SINCE JUL 1     13                        50    -37        8

 COOLING
  TODAY            9                         2      7        0
  MONTH TO DATE   66                        71     -5      179
  SINCE SEP 1     66                        71     -5      179
  SINCE JAN 1   1036                       788    248     1173
..................................................................


WIND (MPH)
  HIGHEST WIND SPEED    23   HIGHEST WIND DIRECTION    NW (300)
  HIGHEST GUST SPEED    34   HIGHEST GUST DIRECTION     W (290)
  AVERAGE WIND SPEED     7.8


SKY COVER
  POSSIBLE SUNSHINE  MM
  AVERAGE SKY COVER 0.2


WEATHER CONDITIONS
 THE FOLLOWING WEATHER WAS RECORDED TODAY.
  HAZE


RELATIVE HUMIDITY (PERCENT)
 HIGHEST    56           700 AM
 LOWEST     22           100 PM
 AVERAGE    39

..........................................................


THE LEWISTON ID AIRPORT CLIMATE NORMALS FOR TOMORROW
                         NORMAL    RECORD    YEAR
 MAXIMUM TEMPERATURE (F)   77       100      1922
 MINIMUM TEMPERATURE (F)   50        30      1895


SUNRISE AND SUNSET
SEPTEMBER 18 2014.....SUNRISE   630 AM PDT   SUNSET   653 PM PDT
SEPTEMBER 19 2014.....SUNRISE   631 AM PDT   SUNSET   651 PM PDT


-  INDICATES NEGATIVE NUMBERS.
R  INDICATES RECORD WAS SET OR TIED.
MM INDICATES DATA IS MISSING.
T  INDICATES TRACE AMOUNT.




$$
