000
CDUS46 KOTX 280827
CLILWS


CLIMATE REPORT
NATIONAL WEATHER SERVICE SPOKANE, WA
126 AM PDT TUE MAR 28 2017


...................................

...THE LEWISTON ID AIRPORT CLIMATE SUMMARY FOR MARCH 27 2017...

CLIMATE NORMAL PERIOD 1981 TO 2010
CLIMATE RECORD PERIOD 1881 TO 2017


WEATHER ITEM   OBSERVED TIME   RECORD YEAR NORMAL DEPARTURE LAST
                VALUE   (LST)  VALUE       VALUE  FROM      YEAR
                                                  NORMAL
..................................................................
TEMPERATURE (F)
 YESTERDAY
  MAXIMUM         58    246 PM  76    2015  58      0       56
  MINIMUM         42   1143 PM  21    1975  38      4       40
  AVERAGE         50                        48      2       48

PRECIPITATION (IN)
  YESTERDAY        0.17          0.45 2005   0.03   0.14     0.08
  MONTH TO DATE    3.19                      0.99   2.20     2.10
  SINCE OCT 1     10.85                      5.96   4.89     7.13
  SINCE JAN 1      5.97                      2.85   3.12     3.68

SNOWFALL (IN)
  YESTERDAY       MM             0.7  1965   0.0   MM        0.0
  MONTH TO DATE    4.8                       0.7    4.1      0.0
  SINCE MAR 1      4.8                       0.7    4.1      0.0
  SINCE JUL 1     39.2                      10.5   28.7      6.4
  SNOW DEPTH       0

DEGREE DAYS
 HEATING
  YESTERDAY       15                        17     -2       17
  MONTH TO DATE  525                       546    -21      487
  SINCE MAR 1    525                       546    -21      487
  SINCE JUL 1   4561                      4401    160     3751

 COOLING
  YESTERDAY        0                         0      0        0
  MONTH TO DATE    0                         0      0        0
  SINCE MAR 1      0                         0      0        0
  SINCE JAN 1      0                         0      0        0
..................................................................


WIND (MPH)
  HIGHEST WIND SPEED    18   HIGHEST WIND DIRECTION    NW (300)
  HIGHEST GUST SPEED    26   HIGHEST GUST DIRECTION     W (290)
  AVERAGE WIND SPEED     5.5


SKY COVER
  POSSIBLE SUNSHINE  MM
  AVERAGE SKY COVER 0.6


WEATHER CONDITIONS
 THE FOLLOWING WEATHER WAS RECORDED YESTERDAY.
  RAIN
  LIGHT RAIN
  FOG
  FOG W/VISIBILITY <= 1/4 MILE
  HAZE


RELATIVE HUMIDITY (PERCENT)
 HIGHEST    93           800 AM
 LOWEST     39           300 PM
 AVERAGE    66

..........................................................


THE LEWISTON ID AIRPORT CLIMATE NORMALS FOR TODAY
                         NORMAL    RECORD    YEAR
 MAXIMUM TEMPERATURE (F)   58        74      1930
                                             1923
 MINIMUM TEMPERATURE (F)   38        19      1975


SUNRISE AND SUNSET
MARCH 28 2017.........SUNRISE   635 AM PDT   SUNSET   712 PM PDT
MARCH 29 2017.........SUNRISE   633 AM PDT   SUNSET   713 PM PDT


-  INDICATES NEGATIVE NUMBERS.
R  INDICATES RECORD WAS SET OR TIED.
MM INDICATES DATA IS MISSING.
T  INDICATES TRACE AMOUNT.




$$
