000
CDUS46 KOTX 070832
CLILWS


CLIMATE REPORT
NATIONAL WEATHER SERVICE SPOKANE, WA
131 AM PDT TUE JUL 7 2015


...................................

...THE LEWISTON ID AIRPORT CLIMATE SUMMARY FOR JULY 6 2015...

CLIMATE NORMAL PERIOD 1981 TO 2010
CLIMATE RECORD PERIOD 1881 TO 2015


WEATHER ITEM   OBSERVED TIME   RECORD YEAR NORMAL DEPARTURE LAST
                VALUE   (LST)  VALUE       VALUE  FROM      YEAR
                                                  NORMAL
..................................................................
TEMPERATURE (F)
 YESTERDAY
  MAXIMUM         99    445 PM 104    1968  86     13       97
                                      1926
                                      1906
  MINIMUM         65    349 AM  45    1988  58      7       65
  AVERAGE         82                        72     10       81

PRECIPITATION (IN)
  YESTERDAY        0.00          0.87 1955   0.02  -0.02     0.00
  MONTH TO DATE    0.00                      0.16  -0.16      T
  SINCE OCT 1     10.28                     10.45  -0.17     7.77
  SINCE JAN 1      6.09                      7.34  -1.25     6.24

SNOWFALL (IN)
  YESTERDAY        0.0           0.0  1994   0.0    0.0      0.0
  MONTH TO DATE    0.0                       0.0    0.0      0.0
  SINCE JUN 1      0.0                       0.0    0.0      0.0
  SINCE JUL 1      0.0                       0.0    0.0      0.0
  SNOW DEPTH       0

DEGREE DAYS
 HEATING
  YESTERDAY        0                         0      0        0
  MONTH TO DATE    0                         4     -4        0
  SINCE JUN 1      2                        74    -72       41
  SINCE JUL 1      0                         4     -4        0

 COOLING
  YESTERDAY       17                         7     10       16
  MONTH TO DATE  120                        40     80       82
  SINCE JUN 1    435                       138    297      172
  SINCE JAN 1    487                       170    317      200
..................................................................


WIND (MPH)
  HIGHEST WIND SPEED    15   HIGHEST WIND DIRECTION    NE (60)
  HIGHEST GUST SPEED    22   HIGHEST GUST DIRECTION    NE (40)
  AVERAGE WIND SPEED     4.7


SKY COVER
  POSSIBLE SUNSHINE  MM
  AVERAGE SKY COVER 0.0


WEATHER CONDITIONS
 THE FOLLOWING WEATHER WAS RECORDED YESTERDAY.
  NO SIGNIFICANT WEATHER WAS OBSERVED.


RELATIVE HUMIDITY (PERCENT)
 HIGHEST    56           400 AM
 LOWEST     11           200 PM
 AVERAGE    34

..........................................................


THE LEWISTON ID AIRPORT CLIMATE NORMALS FOR TODAY
                         NORMAL    RECORD    YEAR
 MAXIMUM TEMPERATURE (F)   87       102      2012
                                             1985
                                             1945
 MINIMUM TEMPERATURE (F)   58        41      1895


SUNRISE AND SUNSET
JULY  7 2015..........SUNRISE   504 AM PDT   SUNSET   842 PM PDT
JULY  8 2015..........SUNRISE   504 AM PDT   SUNSET   842 PM PDT


-  INDICATES NEGATIVE NUMBERS.
R  INDICATES RECORD WAS SET OR TIED.
MM INDICATES DATA IS MISSING.
T  INDICATES TRACE AMOUNT.




$$
