000
CDUS45 KTFX 301017
CLILWT


CLIMATE REPORT
NATIONAL WEATHER SERVICE GREAT FALLS MT
415 AM MDT SAT JUL 30 2016


...................................

...THE LEWISTOWN MT CLIMATE SUMMARY FOR JULY 29 2016...

CLIMATE NORMAL PERIOD 1981 TO 2010
CLIMATE RECORD PERIOD 1896 TO 2016


WEATHER ITEM   OBSERVED TIME   RECORD YEAR NORMAL DEPARTURE LAST
                VALUE   (LST)  VALUE       VALUE  FROM      YEAR
                                                  NORMAL
..................................................................
TEMPERATURE (F)
 YESTERDAY
  MAXIMUM         83        MM  98    1929  83      0       79
  MINIMUM         MM        MM  35    1904  52     MM       44
  AVERAGE         MM                        67     MM       62

PRECIPITATION (IN)
  YESTERDAY        0.00          0.83 1928   0.06  -0.06     0.00
  MONTH TO DATE    3.41                      1.83   1.58     1.89
  SINCE OCT 1     13.94                     13.67   0.27    12.50
  SINCE JAN 1     11.86                     11.17   0.69    10.19

SNOWFALL (IN)
  YESTERDAY        0.0
  SNOW DEPTH      MM

DEGREE DAYS
 HEATING
  YESTERDAY       MM                         1     MM        3
  MONTH TO DATE   45                        69    -24       33
  SINCE JUN 1    135                       296   -161      119
  SINCE JUL 1     45                        69    -24       33

 COOLING
  YESTERDAY       MM                         4     MM        0
  MONTH TO DATE   83                        84     -1       92
  SINCE JUN 1    140                       104     36      167
  SINCE JAN 1    140                       106     34      167
..................................................................


WIND (MPH)
  HIGHEST WIND SPEED     9   HIGHEST WIND DIRECTION     N (10)
  HIGHEST GUST SPEED    MM   HIGHEST GUST DIRECTION    MM
  AVERAGE WIND SPEED     5.9


SKY COVER
  AVERAGE SKY COVER 0.0


WEATHER CONDITIONS
 THE FOLLOWING WEATHER WAS RECORDED YESTERDAY.
  NO SIGNIFICANT WEATHER WAS OBSERVED.


RELATIVE HUMIDITY (PERCENT)
 HIGHEST    42           100 PM
 LOWEST     34           500 PM
 AVERAGE    38

..........................................................


THE LEWISTOWN MT CLIMATE NORMALS FOR TODAY
                         NORMAL    RECORD    YEAR
 MAXIMUM TEMPERATURE (F)   83       103      1908
 MINIMUM TEMPERATURE (F)   52        32      1904


SUNRISE AND SUNSET
JULY 30 2016..........SUNRISE   555 AM MDT   SUNSET   852 PM MDT
JULY 31 2016..........SUNRISE   557 AM MDT   SUNSET   851 PM MDT


-  INDICATES NEGATIVE NUMBERS.
R  INDICATES RECORD WAS SET OR TIED.
MM INDICATES DATA IS MISSING.
T  INDICATES TRACE AMOUNT.




$$
