000
CDUS45 KTFX 281032
CLILWT


CLIMATE REPORT
NATIONAL WEATHER SERVICE GREAT FALLS MT
431 AM MDT FRI AUG 28 2015


...................................

...THE LEWISTOWN MT CLIMATE SUMMARY FOR AUGUST 27 2015...

CLIMATE NORMAL PERIOD 1981 TO 2010
CLIMATE RECORD PERIOD 1896 TO 2015


WEATHER ITEM   OBSERVED TIME   RECORD YEAR NORMAL DEPARTURE LAST
                VALUE   (LST)  VALUE       VALUE  FROM      YEAR
                                                  NORMAL
..................................................................
TEMPERATURE (F)
 YESTERDAY
  MAXIMUM         86    352 PM  97    1971  78      8       82
  MINIMUM         56    600 AM  30    1900  47      9       51
  AVERAGE         71                        62      9       67

PRECIPITATION (IN)
  YESTERDAY        0.00          0.80 1907   0.05  -0.05     0.00
  MONTH TO DATE    0.87                      1.51  -0.64     5.97
  SINCE OCT 1     13.37                     15.28  -1.91    17.07
  SINCE JAN 1     11.06                     12.78  -1.72    14.99

SNOWFALL (IN)
  YESTERDAY       MM
  SNOW DEPTH       0

DEGREE DAYS
 HEATING
  YESTERDAY        0                         4     -4        0
  MONTH TO DATE   66                        64      2       60
  SINCE JUN 1    185                       364   -179      356
  SINCE JUL 1     99                       137    -38       70

 COOLING
  YESTERDAY        6                         2      4        2
  MONTH TO DATE  118                        83     35      124
  SINCE JUN 1    294                       191    103      278
  SINCE JAN 1    294                       193    101      278
..................................................................


WIND (MPH)
  HIGHEST WIND SPEED    20   HIGHEST WIND DIRECTION     W (250)
  HIGHEST GUST SPEED    24   HIGHEST GUST DIRECTION     W (250)
  AVERAGE WIND SPEED     5.8


SKY COVER
  AVERAGE SKY COVER 0.4


WEATHER CONDITIONS
 THE FOLLOWING WEATHER WAS RECORDED YESTERDAY.
  HAZE


RELATIVE HUMIDITY (PERCENT)
 HIGHEST    66           600 AM
 LOWEST     23          1200 PM
 AVERAGE    45

..........................................................


THE LEWISTOWN MT CLIMATE NORMALS FOR TODAY
                         NORMAL    RECORD    YEAR
 MAXIMUM TEMPERATURE (F)   77       100      1924
 MINIMUM TEMPERATURE (F)   47        33      1918


SUNRISE AND SUNSET
AUGUST 28 2015........SUNRISE   632 AM MDT   SUNSET   806 PM MDT
AUGUST 29 2015........SUNRISE   633 AM MDT   SUNSET   804 PM MDT


-  INDICATES NEGATIVE NUMBERS.
R  INDICATES RECORD WAS SET OR TIED.
MM INDICATES DATA IS MISSING.
T  INDICATES TRACE AMOUNT.




$$
