000
CDUS45 KTFX 252232
CLILWT


CLIMATE REPORT
NATIONAL WEATHER SERVICE GREAT FALLS MT
430 PM MDT THU AUG 25 2016


...................................

...THE LEWISTOWN MT CLIMATE SUMMARY FOR AUGUST 25 2016...
VALID TODAY AS OF 0400 PM LOCAL TIME.

CLIMATE NORMAL PERIOD 1981 TO 2010
CLIMATE RECORD PERIOD 1896 TO 2016


WEATHER ITEM   OBSERVED TIME   RECORD YEAR NORMAL DEPARTURE LAST
                VALUE   (LST)  VALUE       VALUE  FROM      YEAR
                                                  NORMAL
..................................................................
TEMPERATURE (F)
 TODAY
  MAXIMUM         69    258 PM  99    2008  78     -9       92
  MINIMUM         39    540 AM  27    1910  48     -9       49
  AVERAGE         54                        63     -9       71

PRECIPITATION (IN)
  TODAY            0.00          1.16 1979   0.05  -0.05     0.00
  MONTH TO DATE    1.76                      1.40   0.36     0.87
  SINCE OCT 1     15.70                     15.17   0.53    13.37
  SINCE JAN 1     13.62                     12.67   0.95    11.06

DEGREE DAYS
 HEATING
  TODAY           11                         4      7        0
  MONTH TO DATE   56                        56      0       66
  SINCE JUN 1    191                       356   -165      185
  SINCE JUL 1    101                       129    -28       99

 COOLING
  TODAY            0                         2     -2        6
  MONTH TO DATE   52                        79    -27      104
  SINCE JUN 1    213                       187     26      280
  SINCE JAN 1    213                       189     24      280
..................................................................


WIND (MPH)
  HIGHEST WIND SPEED     8   HIGHEST WIND DIRECTION    SW (230)
  HIGHEST GUST SPEED    11   HIGHEST GUST DIRECTION     N (350)
  AVERAGE WIND SPEED     3.4


SKY COVER
  AVERAGE SKY COVER 0.1


WEATHER CONDITIONS
 THE FOLLOWING WEATHER WAS RECORDED TODAY.
  HAZE


RELATIVE HUMIDITY (PERCENT)
 HIGHEST    86
 LOWEST     25
 AVERAGE    56

..........................................................


THE LEWISTOWN MT CLIMATE NORMALS FOR TOMORROW
                         NORMAL    RECORD    YEAR
 MAXIMUM TEMPERATURE (F)   78        99      1926
 MINIMUM TEMPERATURE (F)   47        30      1896


SUNRISE AND SUNSET
AUGUST 25 2016........SUNRISE   629 AM MDT   SUNSET   810 PM MDT
AUGUST 26 2016........SUNRISE   630 AM MDT   SUNSET   808 PM MDT


-  INDICATES NEGATIVE NUMBERS.
R  INDICATES RECORD WAS SET OR TIED.
MM INDICATES DATA IS MISSING.
T  INDICATES TRACE AMOUNT.




$$
