000
CDUS45 KTFX 282230
CLILWT


CLIMATE REPORT
NATIONAL WEATHER SERVICE GREAT FALLS MT
430 PM MDT WED SEP 28 2016


...................................

...THE LEWISTOWN MT CLIMATE SUMMARY FOR SEPTEMBER 28 2016...
VALID TODAY AS OF 0400 PM LOCAL TIME.

CLIMATE NORMAL PERIOD 1981 TO 2010
CLIMATE RECORD PERIOD 1896 TO 2016


WEATHER ITEM   OBSERVED TIME   RECORD YEAR NORMAL DEPARTURE LAST
                VALUE   (LST)  VALUE       VALUE  FROM      YEAR
                                                  NORMAL
..................................................................
TEMPERATURE (F)
 TODAY
  MAXIMUM         70    256 PM  87    1910  64      6       69
  MINIMUM         39    623 AM  17    1984  36      3       34
  AVERAGE         55                        50      5       52

PRECIPITATION (IN)
  TODAY            0.00          0.29 1915   0.05  -0.05     0.00
  MONTH TO DATE    2.41                      1.27   1.14     0.77
  SINCE OCT 1     18.11                     16.77   1.34    14.39
  SINCE JAN 1     16.03                     14.27   1.76    12.08

DEGREE DAYS
 HEATING
  TODAY           10                        15     -5       13
  MONTH TO DATE  309                       288     21      187
  SINCE SEP 1    309                       288     21      187
  SINCE JUL 1    420                       446    -26      289

 COOLING
  TODAY            0                         0      0        0
  MONTH TO DATE   14                        13      1       25
  SINCE SEP 1     14                        13      1       25
  SINCE JAN 1    259                       209     50      339
..................................................................


WIND (MPH)
  HIGHEST WIND SPEED    17   HIGHEST WIND DIRECTION     E (80)
  HIGHEST GUST SPEED    21   HIGHEST GUST DIRECTION     E (70)
  AVERAGE WIND SPEED     7.6


SKY COVER
  AVERAGE SKY COVER 0.0


WEATHER CONDITIONS
 THE FOLLOWING WEATHER WAS RECORDED TODAY.
  NO SIGNIFICANT WEATHER WAS OBSERVED.


RELATIVE HUMIDITY (PERCENT)
 HIGHEST    93
 LOWEST     47
 AVERAGE    70

..........................................................


THE LEWISTOWN MT CLIMATE NORMALS FOR TOMORROW
                         NORMAL    RECORD    YEAR
 MAXIMUM TEMPERATURE (F)   63        89      1967
 MINIMUM TEMPERATURE (F)   36        20      1912


SUNRISE AND SUNSET
SEPTEMBER 28 2016.....SUNRISE   713 AM MDT   SUNSET   702 PM MDT
SEPTEMBER 29 2016.....SUNRISE   715 AM MDT   SUNSET   700 PM MDT


-  INDICATES NEGATIVE NUMBERS.
R  INDICATES RECORD WAS SET OR TIED.
MM INDICATES DATA IS MISSING.
T  INDICATES TRACE AMOUNT.




$$
