000
CDUS45 KTFX 252229
CLILWT


CLIMATE REPORT
NATIONAL WEATHER SERVICE GREAT FALLS MT
428 PM MDT SAT OCT 25 2014


...................................

...THE LEWISTOWN MT CLIMATE SUMMARY FOR OCTOBER 25 2014...
VALID TODAY AS OF 0400 PM LOCAL TIME.

CLIMATE NORMAL PERIOD 1981 TO 2010
CLIMATE RECORD PERIOD 1896 TO 2014


WEATHER ITEM   OBSERVED TIME   RECORD YEAR NORMAL DEPARTURE LAST
                VALUE   (LST)  VALUE       VALUE  FROM      YEAR
                                                  NORMAL
..................................................................
TEMPERATURE (F)
 TODAY
  MAXIMUM         73    242 PM  80    1924  53     20       63
  MINIMUM         37    719 AM  -8    1923  28      9       31
  AVERAGE         55                        41     14       47

PRECIPITATION (IN)
  TODAY            0.00          0.72 1913   0.03  -0.03     0.00
  MONTH TO DATE    0.79                      0.96  -0.17     1.03
  SINCE OCT 1      0.79                      0.96  -0.17     1.03
  SINCE JAN 1     17.36                     15.31   2.05    21.44

SNOWFALL (IN)
  TODAY           MM
  SNOW DEPTH       0

DEGREE DAYS
 HEATING
  TODAY           10                        24    -14       18
  MONTH TO DATE  310                       507   -197      561
  SINCE SEP 1    584                       826   -242      785
  SINCE JUL 1    665                       984   -319      824

 COOLING
  TODAY            0                         0      0        0
  MONTH TO DATE    0                         0      0        0
  SINCE SEP 1     14                        14      0       47
  SINCE JAN 1    295                       210     85      277
..................................................................


WIND (MPH)
  HIGHEST WIND SPEED    12   HIGHEST WIND DIRECTION    SE (130)
  HIGHEST GUST SPEED    12   HIGHEST GUST DIRECTION    SE (120)
  AVERAGE WIND SPEED     6.0


SKY COVER
  AVERAGE SKY COVER 0.0


WEATHER CONDITIONS
 THE FOLLOWING WEATHER WAS RECORDED TODAY.
  NO SIGNIFICANT WEATHER WAS OBSERVED.


RELATIVE HUMIDITY (PERCENT)
 HIGHEST    92
 LOWEST     31
 AVERAGE    62

..........................................................


THE LEWISTOWN MT CLIMATE NORMALS FOR TOMORROW
                         NORMAL    RECORD    YEAR
 MAXIMUM TEMPERATURE (F)   53        81      1944
 MINIMUM TEMPERATURE (F)   28         1      1923


SUNRISE AND SUNSET
OCTOBER 25 2014.......SUNRISE   750 AM MDT   SUNSET   613 PM MDT
OCTOBER 26 2014.......SUNRISE   752 AM MDT   SUNSET   611 PM MDT


-  INDICATES NEGATIVE NUMBERS.
R  INDICATES RECORD WAS SET OR TIED.
MM INDICATES DATA IS MISSING.
T  INDICATES TRACE AMOUNT.




$$
