000
CDUS45 KTFX 291015
CLILWT


CLIMATE REPORT
NATIONAL WEATHER SERVICE GREAT FALLS MT
413 AM MDT FRI AUG 29 2014


...................................

...THE LEWISTOWN MT CLIMATE SUMMARY FOR AUGUST 28 2014...

CLIMATE NORMAL PERIOD 1981 TO 2010
CLIMATE RECORD PERIOD 1896 TO 2014


WEATHER ITEM   OBSERVED TIME   RECORD YEAR NORMAL DEPARTURE LAST
                VALUE   (LST)  VALUE       VALUE  FROM      YEAR
                                                  NORMAL
..................................................................
TEMPERATURE (F)
 YESTERDAY
  MAXIMUM         85    350 PM 100    1924  77      8       91
  MINIMUM         51    553 AM  33    1918  47      4       54
  AVERAGE         68                        62      6       73

PRECIPITATION (IN)
  YESTERDAY        0.00          0.94 1993   0.06  -0.06     0.07
  MONTH TO DATE    5.97                      1.57   4.40     2.20
  SINCE OCT 1     17.07                     15.34   1.73    20.57
  SINCE JAN 1     14.99                     12.84   2.15    18.06

SNOWFALL (IN)
  YESTERDAY       MM
  SNOW DEPTH       0

DEGREE DAYS
 HEATING
  YESTERDAY        0                         5     -5        0
  MONTH TO DATE   60                        69     -9       15
  SINCE JUN 1    356                       369    -13      256
  SINCE JUL 1     70                       142    -72       36

 COOLING
  YESTERDAY        3                         2      1        8
  MONTH TO DATE  127                        85     42       92
  SINCE JUN 1    281                       193     88      215
  SINCE JAN 1    281                       195     86      218
..................................................................


WIND (MPH)
  HIGHEST WIND SPEED    21   HIGHEST WIND DIRECTION    NW (300)
  HIGHEST GUST SPEED    29   HIGHEST GUST DIRECTION    NW (300)
  AVERAGE WIND SPEED     7.7


SKY COVER
  AVERAGE SKY COVER 0.1


WEATHER CONDITIONS
 THE FOLLOWING WEATHER WAS RECORDED YESTERDAY.
  NO SIGNIFICANT WEATHER WAS OBSERVED.


RELATIVE HUMIDITY (PERCENT)
 HIGHEST    77           300 AM
 LOWEST     22           300 PM
 AVERAGE    50

..........................................................


THE LEWISTOWN MT CLIMATE NORMALS FOR TODAY
                         NORMAL    RECORD    YEAR
 MAXIMUM TEMPERATURE (F)   77        94      2005
 MINIMUM TEMPERATURE (F)   47        32      1902


SUNRISE AND SUNSET
AUGUST 29 2014........SUNRISE   633 AM MDT   SUNSET   803 PM MDT
AUGUST 30 2014........SUNRISE   635 AM MDT   SUNSET   801 PM MDT


-  INDICATES NEGATIVE NUMBERS.
R  INDICATES RECORD WAS SET OR TIED.
MM INDICATES DATA IS MISSING.
T  INDICATES TRACE AMOUNT.




$$
