000
CDUS45 KTFX 232230
CLILWT


CLIMATE REPORT
NATIONAL WEATHER SERVICE GREAT FALLS MT
430 PM MDT SUN JUL 23 2017


...................................

...THE LEWISTOWN MT CLIMATE SUMMARY FOR JULY 23 2017...
VALID TODAY AS OF 0400 PM LOCAL TIME.

CLIMATE NORMAL PERIOD 1981 TO 2010
CLIMATE RECORD PERIOD 1896 TO 2017


WEATHER ITEM   OBSERVED TIME   RECORD YEAR NORMAL DEPARTURE LAST
                VALUE   (LST)  VALUE       VALUE  FROM      YEAR
                                                  NORMAL
..................................................................
TEMPERATURE (F)
 TODAY
  MAXIMUM         94    259 PM 104    1931  83     11       77
  MINIMUM         52    413 AM  35    1896  51      1       53
  AVERAGE         73                        67      6       65

PRECIPITATION (IN)
  TODAY            0.00          0.43 2002   0.05  -0.05     0.00
  MONTH TO DATE    0.18                      1.51  -1.33     3.39
  SINCE OCT 1     12.14                     13.35  -1.21    13.92
  SINCE JAN 1      7.74                     10.85  -3.11    11.84

DEGREE DAYS
 HEATING
  TODAY            0                         2     -2        0
  MONTH TO DATE    0                        63    -63       45
  SINCE JUN 1    168                       290   -122      135
  SINCE JUL 1      0                        63    -63       45

 COOLING
  TODAY            8                         4      4        0
  MONTH TO DATE  182                        60    122       71
  SINCE JUN 1    207                        80    127      128
  SINCE JAN 1    208                        82    126      128
..................................................................


WIND (MPH)
  HIGHEST WIND SPEED    12   HIGHEST WIND DIRECTION    NE (40)
  HIGHEST GUST SPEED    17   HIGHEST GUST DIRECTION    NW (330)
  AVERAGE WIND SPEED     4.7


SKY COVER
  AVERAGE SKY COVER 0.0


WEATHER CONDITIONS
 THE FOLLOWING WEATHER WAS RECORDED TODAY.
  NO SIGNIFICANT WEATHER WAS OBSERVED.


RELATIVE HUMIDITY (PERCENT)
 HIGHEST    59
 LOWEST     15
 AVERAGE    37

..........................................................


THE LEWISTOWN MT CLIMATE NORMALS FOR TOMORROW
                         NORMAL    RECORD    YEAR
 MAXIMUM TEMPERATURE (F)   83       101      1929
 MINIMUM TEMPERATURE (F)   52        33      1896


SUNRISE AND SUNSET
JULY 23 2017..........SUNRISE   547 AM MDT   SUNSET   901 PM MDT
JULY 24 2017..........SUNRISE   548 AM MDT   SUNSET   900 PM MDT


-  INDICATES NEGATIVE NUMBERS.
R  INDICATES RECORD WAS SET OR TIED.
MM INDICATES DATA IS MISSING.
T  INDICATES TRACE AMOUNT.




$$
