000
CDUS45 KTFX 171053
CLILWT


CLIMATE REPORT
NATIONAL WEATHER SERVICE GREAT FALLS MT
352 AM MST WED JAN 17 2018


...................................

...THE LEWISTOWN MT CLIMATE SUMMARY FOR JANUARY 16 2018...

CLIMATE NORMAL PERIOD 1981 TO 2010
CLIMATE RECORD PERIOD 1896 TO 2018


WEATHER ITEM   OBSERVED TIME   RECORD YEAR NORMAL DEPARTURE LAST
                VALUE   (LST)  VALUE       VALUE  FROM      YEAR
                                                  NORMAL
..................................................................
TEMPERATURE (F)
 YESTERDAY
  MAXIMUM         42    320 PM  64    1974  34      8       36
  MINIMUM          3   1242 AM -31    1916  13    -10        7
  AVERAGE         23                        24     -1       22

PRECIPITATION (IN)
  YESTERDAY        0.00          0.50 1922   0.02  -0.02     0.00
  MONTH TO DATE    0.28                      0.31  -0.03     0.31
  SINCE OCT 1      2.28                      2.81  -0.53     4.71
  SINCE JAN 1      0.28                      0.31  -0.03     0.31

SNOWFALL (IN)
  YESTERDAY       MM
  SNOW DEPTH       4

DEGREE DAYS
 HEATING
  YESTERDAY       42                        41      1       43
  MONTH TO DATE  722                       668     54      934
  SINCE DEC 1   2094                      1962    132     2481
  SINCE JUL 1   4068                      4090    -22     4207

 COOLING
  YESTERDAY        0                         0      0        0
  MONTH TO DATE    0                         0      0        0
  SINCE DEC 1      0                         0      0        0
  SINCE JAN 1      0                         0      0        0
..................................................................


WIND (MPH)
  HIGHEST WIND SPEED    16   HIGHEST WIND DIRECTION    SW (230)
  HIGHEST GUST SPEED    17   HIGHEST GUST DIRECTION    SW (230)
  AVERAGE WIND SPEED     6.5


SKY COVER
  AVERAGE SKY COVER 0.0


WEATHER CONDITIONS
 THE FOLLOWING WEATHER WAS RECORDED YESTERDAY.
  NO SIGNIFICANT WEATHER WAS OBSERVED.


RELATIVE HUMIDITY (PERCENT)
 HIGHEST    83           100 AM
 LOWEST     30           400 PM
 AVERAGE    57

..........................................................


THE LEWISTOWN MT CLIMATE NORMALS FOR TODAY
                         NORMAL    RECORD    YEAR
 MAXIMUM TEMPERATURE (F)   34        56      1976
 MINIMUM TEMPERATURE (F)   13       -31      1950


SUNRISE AND SUNSET
JANUARY 17 2018.......SUNRISE   758 AM MST   SUNSET   459 PM MST
JANUARY 18 2018.......SUNRISE   757 AM MST   SUNSET   500 PM MST


-  INDICATES NEGATIVE NUMBERS.
R  INDICATES RECORD WAS SET OR TIED.
MM INDICATES DATA IS MISSING.
T  INDICATES TRACE AMOUNT.




$$
