000
CDUS45 KTFX 270739
CLILWT


CLIMATE REPORT
NATIONAL WEATHER SERVICE GREAT FALLS MT
1234 AM MST TUE JAN 27 2015


...................................

...THE LEWISTOWN MT CLIMATE SUMMARY FOR JANUARY 26 2015...

CLIMATE NORMAL PERIOD 1981 TO 2010
CLIMATE RECORD PERIOD 1896 TO 2015


WEATHER ITEM   OBSERVED TIME   RECORD YEAR NORMAL DEPARTURE LAST
                VALUE   (LST)  VALUE       VALUE  FROM      YEAR
                                                  NORMAL
..................................................................
TEMPERATURE (F)
 YESTERDAY
  MAXIMUM         58    419 PM  60    1906  35     23       36
  MINIMUM         41    200 AM -28    1969  14     27       -1
  AVERAGE         50                        24     26       18

PRECIPITATION (IN)
  YESTERDAY        0.00          0.38 2002   0.02  -0.02     0.10
  MONTH TO DATE    0.59                      0.49   0.10     0.64
  SINCE OCT 1      2.78                      2.99  -0.21     2.72
  SINCE JAN 1      0.59                      0.49   0.10     0.64

SNOWFALL (IN)
  YESTERDAY       MM
  SNOW DEPTH       0

DEGREE DAYS
 HEATING
  YESTERDAY       15                        41    -26       47
  MONTH TO DATE 1059                      1078    -19      953
  SINCE DEC 1   2159                      2372   -213     2368
  SINCE JUL 1   4076                      4500   -424     4346

 COOLING
  YESTERDAY        0                         0      0        0
  MONTH TO DATE    0                         0      0        0
  SINCE DEC 1      0                         0      0        0
  SINCE JAN 1      0                         0      0        0
..................................................................


WIND (MPH)
  HIGHEST WIND SPEED    24   HIGHEST WIND DIRECTION    SW (230)
  HIGHEST GUST SPEED    27   HIGHEST GUST DIRECTION    SW (220)
  AVERAGE WIND SPEED    12.8


SKY COVER
  AVERAGE SKY COVER 0.0


WEATHER CONDITIONS
 THE FOLLOWING WEATHER WAS RECORDED YESTERDAY.
  NO SIGNIFICANT WEATHER WAS OBSERVED.


RELATIVE HUMIDITY (PERCENT)
 HIGHEST    58          1200 AM
 LOWEST     38           200 PM
 AVERAGE    48

..........................................................


THE LEWISTOWN MT CLIMATE NORMALS FOR TODAY
                         NORMAL    RECORD    YEAR
 MAXIMUM TEMPERATURE (F)   35        60      1906
 MINIMUM TEMPERATURE (F)   14       -41      1916


SUNRISE AND SUNSET
JANUARY 27 2015.......SUNRISE   749 AM MST   SUNSET   513 PM MST
JANUARY 28 2015.......SUNRISE   748 AM MST   SUNSET   514 PM MST


-  INDICATES NEGATIVE NUMBERS.
R  INDICATES RECORD WAS SET OR TIED.
MM INDICATES DATA IS MISSING.
T  INDICATES TRACE AMOUNT.




$$
