000
CDUS43 KILX 270645
CLILWV


CLIMATE REPORT
NATIONAL WEATHER SERVICE LINCOLN IL
140 AM CDT WED MAY 27 2015


...................................

...THE LAWRENCEVILLE IL AIRPORT CLIMATE SUMMARY FOR MAY 26 2015...

CLIMATE NORMAL PERIOD 1981 TO 2010
CLIMATE RECORD PERIOD 9999 TO 9999


WEATHER ITEM   OBSERVED TIME   RECORD YEAR NORMAL DEPARTURE LAST
                VALUE   (LST)  VALUE       VALUE  FROM      YEAR
                                                  NORMAL
..................................................................
TEMPERATURE (F)
 YESTERDAY
  MAXIMUM         84    113 PM  MM      MM  80      4       88
  MINIMUM         67   1159 PM  MM      MM  58      9       62
  AVERAGE         76                        69      7       75

PRECIPITATION (IN)
  YESTERDAY        0.00         MM      MM   0.14  -0.14     0.08
  MONTH TO DATE    2.30                      4.96  -2.66     3.68
  SINCE MAR 1     13.37                     12.55   0.82    12.85
  SINCE JAN 1     15.87                     16.94  -1.07    15.61

DEGREE DAYS
 HEATING
  YESTERDAY        0                         1     -1        0
  MONTH TO DATE   61                        77    -16      107
  SINCE MAR 1   1041                       993     48     1147
  SINCE JUL 1   5315                      4668    647     5549

 COOLING
  YESTERDAY       11                         5      6       10
  MONTH TO DATE  112                        83     29      119
  SINCE MAR 1    119                       109     10      129
  SINCE JAN 1    119                       109     10      129
..................................................................


WIND (MPH)
  HIGHEST WIND SPEED    31   HIGHEST WIND DIRECTION    SW (210)
  HIGHEST GUST SPEED    39   HIGHEST GUST DIRECTION     S (200)
  AVERAGE WIND SPEED    16.2


SKY COVER
  POSSIBLE SUNSHINE  MM
  AVERAGE SKY COVER 0.6


WEATHER CONDITIONS
 THE FOLLOWING WEATHER WAS RECORDED YESTERDAY.
  FOG


RELATIVE HUMIDITY (PERCENT)
 HIGHEST    93          1200 AM
 LOWEST     47           100 PM
 AVERAGE    70

..........................................................


THE LAWRENCEVILLE IL AIRPORT CLIMATE NORMALS FOR TODAY
                         NORMAL    RECORD    YEAR
 MAXIMUM TEMPERATURE (F)   80        MM        MM
 MINIMUM TEMPERATURE (F)   59        MM        MM


SUNRISE AND SUNSET
MAY 27 2015...........SUNRISE   530 AM CDT   SUNSET   806 PM CDT
MAY 28 2015...........SUNRISE   529 AM CDT   SUNSET   806 PM CDT


-  INDICATES NEGATIVE NUMBERS.
R  INDICATES RECORD WAS SET OR TIED.
MM INDICATES DATA IS MISSING.
T  INDICATES TRACE AMOUNT.




$$
