500
CDUS43 KILX 290639
CLILWV


CLIMATE REPORT
NATIONAL WEATHER SERVICE LINCOLN IL
139 AM CDT THU JUN 29 2017


...................................

...THE LAWRENCEVILLE IL AIRPORT CLIMATE SUMMARY FOR JUNE 28 2017...

CLIMATE NORMAL PERIOD 1981 TO 2010
CLIMATE RECORD PERIOD 9999 TO 9999


WEATHER ITEM   OBSERVED TIME   RECORD YEAR NORMAL DEPARTURE LAST
                VALUE   (LST)  VALUE       VALUE  FROM      YEAR
                                                  NORMAL
..................................................................
TEMPERATURE (F)
 YESTERDAY
  MAXIMUM         83    345 PM  MM      MM  88     -5       87
  MINIMUM         55    429 AM  MM      MM  67    -12       64
  AVERAGE         69                        77     -8       76

PRECIPITATION (IN)
  YESTERDAY        0.00         MM      MM   0.13  -0.13     0.00
  MONTH TO DATE    2.33                      3.69  -1.36     1.78
  SINCE JUN 1      2.33                      3.69  -1.36     1.78
  SINCE JAN 1     20.14                     21.25  -1.11    19.45

DEGREE DAYS
 HEATING
  YESTERDAY        0                         0      0        0
  MONTH TO DATE    0                         6     -6        0
  SINCE JUN 1      0                         6     -6        0
  SINCE JUL 1   3881                      4679   -798     4069

 COOLING
  YESTERDAY        4                        12     -8       11
  MONTH TO DATE  268                       267      1      356
  SINCE JUN 1    268                       267      1      356
  SINCE JAN 1    441                       406     35      476
..................................................................


WIND (MPH)
  HIGHEST WIND SPEED    22   HIGHEST WIND DIRECTION     S (170)
  HIGHEST GUST SPEED    28   HIGHEST GUST DIRECTION     S (170)
  AVERAGE WIND SPEED     9.5


SKY COVER
  POSSIBLE SUNSHINE  MM
  AVERAGE SKY COVER 0.0


WEATHER CONDITIONS
 THE FOLLOWING WEATHER WAS RECORDED YESTERDAY.
  NO SIGNIFICANT WEATHER WAS OBSERVED.


RELATIVE HUMIDITY (PERCENT)
 HIGHEST    87           600 AM
 LOWEST     45          1200 PM
 AVERAGE    66

..........................................................


THE LAWRENCEVILLE IL AIRPORT CLIMATE NORMALS FOR TODAY
                         NORMAL    RECORD    YEAR
 MAXIMUM TEMPERATURE (F)   88        MM        MM
 MINIMUM TEMPERATURE (F)   67        MM        MM


SUNRISE AND SUNSET
JUNE 29 2017..........SUNRISE   528 AM CDT   SUNSET   819 PM CDT
JUNE 30 2017..........SUNRISE   529 AM CDT   SUNSET   819 PM CDT


-  INDICATES NEGATIVE NUMBERS.
R  INDICATES RECORD WAS SET OR TIED.
MM INDICATES DATA IS MISSING.
T  INDICATES TRACE AMOUNT.




$$
