023
CDUS43 KILX 280628
CLILWV


CLIMATE REPORT
NATIONAL WEATHER SERVICE LINCOLN IL
127 AM CDT TUE MAR 28 2017


...................................

...THE LAWRENCEVILLE IL AIRPORT CLIMATE SUMMARY FOR MARCH 27 2017...

CLIMATE NORMAL PERIOD 1981 TO 2010
CLIMATE RECORD PERIOD 9999 TO 9999


WEATHER ITEM   OBSERVED TIME   RECORD YEAR NORMAL DEPARTURE LAST
                VALUE   (LST)  VALUE       VALUE  FROM      YEAR
                                                  NORMAL
..................................................................
TEMPERATURE (F)
 YESTERDAY
  MAXIMUM         69    209 PM  MM      MM  60      9       76
  MINIMUM         41    343 AM  MM      MM  38      3       40
  AVERAGE         55                        49      6       58

PRECIPITATION (IN)
  YESTERDAY        0.13         MM      MM   0.15  -0.02     0.33
  MONTH TO DATE    2.25                      2.83  -0.58     3.44
  SINCE MAR 1      2.25                      2.83  -0.58     3.44
  SINCE JAN 1      6.40                      7.22  -0.82     7.68

DEGREE DAYS
 HEATING
  YESTERDAY       10                        16     -6        7
  MONTH TO DATE  530                       558    -28      401
  SINCE MAR 1    530                       558    -28      401
  SINCE JUL 1   3585                      4233   -648     3628

 COOLING
  YESTERDAY        0                         0      0        0
  MONTH TO DATE    2                         0      2        0
  SINCE MAR 1      2                         0      2        0
  SINCE JAN 1      2                         0      2        0
..................................................................


WIND (MPH)
  HIGHEST WIND SPEED    18   HIGHEST WIND DIRECTION    SW (230)
  HIGHEST GUST SPEED    22   HIGHEST GUST DIRECTION    SW (230)
  AVERAGE WIND SPEED     5.8


SKY COVER
  POSSIBLE SUNSHINE  MM
  AVERAGE SKY COVER 0.7


WEATHER CONDITIONS
 THE FOLLOWING WEATHER WAS RECORDED YESTERDAY.
  RAIN
  LIGHT RAIN
  FOG
  FOG W/VISIBILITY <= 1/4 MILE


RELATIVE HUMIDITY (PERCENT)
 HIGHEST   100          1200 AM
 LOWEST     73           200 PM
 AVERAGE    87

..........................................................


THE LAWRENCEVILLE IL AIRPORT CLIMATE NORMALS FOR TODAY
                         NORMAL    RECORD    YEAR
 MAXIMUM TEMPERATURE (F)   60        MM        MM
 MINIMUM TEMPERATURE (F)   38        MM        MM


SUNRISE AND SUNSET
MARCH 28 2017.........SUNRISE   641 AM CDT   SUNSET   710 PM CDT
MARCH 29 2017.........SUNRISE   639 AM CDT   SUNSET   711 PM CDT


-  INDICATES NEGATIVE NUMBERS.
R  INDICATES RECORD WAS SET OR TIED.
MM INDICATES DATA IS MISSING.
T  INDICATES TRACE AMOUNT.




$$
