000
CDUS43 KILX 200652
CLILWV


CLIMATE REPORT
NATIONAL WEATHER SERVICE LINCOLN IL
1252 AM CST SAT JAN 20 2018


...................................

...THE LAWRENCEVILLE IL AIRPORT CLIMATE SUMMARY FOR JANUARY 19 2018...

CLIMATE NORMAL PERIOD 1981 TO 2010
CLIMATE RECORD PERIOD 9999 TO 9999


WEATHER ITEM   OBSERVED TIME   RECORD YEAR NORMAL DEPARTURE LAST
                VALUE   (LST)  VALUE       VALUE  FROM      YEAR
                                                  NORMAL
..................................................................
TEMPERATURE (F)
 YESTERDAY
  MAXIMUM         35    522 PM  MM      MM  39     -4       51
  MINIMUM         12    437 AM  MM      MM  23    -11       37
  AVERAGE         24                        31     -7       44

PRECIPITATION (IN)
  YESTERDAY        0.00         MM      MM   0.07  -0.07     1.12
  MONTH TO DATE    1.44                      1.69  -0.25     3.15
  SINCE DEC 1      2.48                      5.08  -2.60     4.82
  SINCE JAN 1      1.44                      1.69  -0.25     3.15

DEGREE DAYS
 HEATING
  YESTERDAY       41                        34      7       21
  MONTH TO DATE  860                       646    214      581
  SINCE DEC 1   1832                      1587    245     1585
  SINCE JUL 1   2601                      2445    156     2207

 COOLING
  YESTERDAY        0                         0      0        0
  MONTH TO DATE    0                         0      0        0
  SINCE DEC 1      0                         0      0        0
  SINCE JAN 1      0                         0      0        0
..................................................................


WIND (MPH)
  HIGHEST WIND SPEED    18   HIGHEST WIND DIRECTION     S (180)
  HIGHEST GUST SPEED    21   HIGHEST GUST DIRECTION     S (180)
  AVERAGE WIND SPEED    10.8


SKY COVER
  POSSIBLE SUNSHINE  MM
  AVERAGE SKY COVER 0.0


WEATHER CONDITIONS
 THE FOLLOWING WEATHER WAS RECORDED YESTERDAY.
  NO SIGNIFICANT WEATHER WAS OBSERVED.


RELATIVE HUMIDITY (PERCENT)
 HIGHEST    80           200 AM
 LOWEST     61           700 PM
 AVERAGE    71

..........................................................


THE LAWRENCEVILLE IL AIRPORT CLIMATE NORMALS FOR TODAY
                         NORMAL    RECORD    YEAR
 MAXIMUM TEMPERATURE (F)   39        MM        MM
 MINIMUM TEMPERATURE (F)   23        MM        MM


SUNRISE AND SUNSET
JANUARY 20 2018.......SUNRISE   705 AM CST   SUNSET   458 PM CST
JANUARY 21 2018.......SUNRISE   704 AM CST   SUNSET   500 PM CST


-  INDICATES NEGATIVE NUMBERS.
R  INDICATES RECORD WAS SET OR TIED.
MM INDICATES DATA IS MISSING.
T  INDICATES TRACE AMOUNT.




$$
