000
CDUS43 KILX 220638
CLILWV


CLIMATE REPORT
NATIONAL WEATHER SERVICE LINCOLN IL
137 AM CDT SUN OCT 22 2017


...................................

...THE LAWRENCEVILLE IL AIRPORT CLIMATE SUMMARY FOR OCTOBER 21 2017...

CLIMATE NORMAL PERIOD 1981 TO 2010
CLIMATE RECORD PERIOD 9999 TO 9999


WEATHER ITEM   OBSERVED TIME   RECORD YEAR NORMAL DEPARTURE LAST
                VALUE   (LST)  VALUE       VALUE  FROM      YEAR
                                                  NORMAL
..................................................................
TEMPERATURE (F)
 YESTERDAY
  MAXIMUM         79    106 PM  MM      MM  68     11       58
  MINIMUM         52    635 AM  MM      MM  44      8       44
  AVERAGE         66                        56     10       51

PRECIPITATION (IN)
  YESTERDAY        0.00         MM      MM   0.14  -0.14     0.00
  MONTH TO DATE    3.38                      2.87   0.51     2.13
  SINCE SEP 1      4.13                      6.06  -1.93     4.86
  SINCE JAN 1     28.49                     35.41  -6.92    37.12

DEGREE DAYS
 HEATING
  YESTERDAY        0                        10    -10       14
  MONTH TO DATE   28                       146   -118       63
  SINCE SEP 1     40                       184   -144       75
  SINCE JUL 1     40                       185   -145       75

 COOLING
  YESTERDAY        1                         1      0        0
  MONTH TO DATE   71                        31     40       68
  SINCE SEP 1    281                       202     79      309
  SINCE JAN 1   1424                      1385     39     1600
..................................................................


WIND (MPH)
  HIGHEST WIND SPEED    18   HIGHEST WIND DIRECTION    SE (150)
  HIGHEST GUST SPEED    24   HIGHEST GUST DIRECTION     S (160)
  AVERAGE WIND SPEED     9.1


SKY COVER
  POSSIBLE SUNSHINE  MM
  AVERAGE SKY COVER 0.0


WEATHER CONDITIONS
 THE FOLLOWING WEATHER WAS RECORDED YESTERDAY.
  HAZE


RELATIVE HUMIDITY (PERCENT)
 HIGHEST    89           600 AM
 LOWEST     48           100 PM
 AVERAGE    69

..........................................................


THE LAWRENCEVILLE IL AIRPORT CLIMATE NORMALS FOR TODAY
                         NORMAL    RECORD    YEAR
 MAXIMUM TEMPERATURE (F)   67        MM        MM
 MINIMUM TEMPERATURE (F)   44        MM        MM


SUNRISE AND SUNSET
OCTOBER 22 2017.......SUNRISE   707 AM CDT   SUNSET   602 PM CDT
OCTOBER 23 2017.......SUNRISE   708 AM CDT   SUNSET   601 PM CDT


-  INDICATES NEGATIVE NUMBERS.
R  INDICATES RECORD WAS SET OR TIED.
MM INDICATES DATA IS MISSING.
T  INDICATES TRACE AMOUNT.




$$
