241
CDUS41 KRNK 032219
CLILYH


CLIMATE REPORT
NATIONAL WEATHER SERVICE BLACKSBURG VA
515 PM EST SAT DEC 3 2016


...................................

...THE LYNCHBURG VA CLIMATE SUMMARY FOR DECEMBER 3 2016...
VALID TODAY AS OF 0500 PM LOCAL TIME.

CLIMATE NORMAL PERIOD 1981 TO 2010
CLIMATE RECORD PERIOD 1893 TO 2016


WEATHER ITEM   OBSERVED TIME   RECORD YEAR NORMAL DEPARTURE LAST
                VALUE   (LST)  VALUE       VALUE  FROM      YEAR
                                                  NORMAL
..................................................................
TEMPERATURE (F)
 TODAY
  MAXIMUM         47    230 PM  72    1941  51     -4       49
  MINIMUM         27    722 AM  11    1946  30     -3       34
  AVERAGE         37                        41     -4       42

PRECIPITATION (IN)
  TODAY            0.00          2.68 1948   0.12  -0.12     0.00
  MONTH TO DATE    0.00                      0.35  -0.35     1.53
  SINCE DEC 1      0.00                      0.35  -0.35     1.53
  SINCE JAN 1     39.40                     38.68   0.72    41.86

SNOWFALL (IN)
  TODAY            0.0                                       0.0
  MONTH TO DATE    0.0                                       0.0
  SINCE DEC 1      0.0                                       0.0
  SINCE JUL 1      0.0                                       0.0
  SNOW DEPTH       0

DEGREE DAYS
 HEATING
  TODAY           28                        24      4       23
  MONTH TO DATE   72                        72      0       57
  SINCE DEC 1     72                        72      0       57
  SINCE JUL 1    702                       966   -264      767

 COOLING
  TODAY            0                         0      0        0
  MONTH TO DATE    0                         0      0        0
  SINCE DEC 1      0                         0      0        0
  SINCE JAN 1   1358                      1032    326     1194
..................................................................


WIND (MPH)
  HIGHEST WIND SPEED    10   HIGHEST WIND DIRECTION    NE (30)
  HIGHEST GUST SPEED    16   HIGHEST GUST DIRECTION     N (350)
  AVERAGE WIND SPEED     3.4


SKY COVER
  AVERAGE SKY COVER 0.0


WEATHER CONDITIONS
 THE FOLLOWING WEATHER WAS RECORDED TODAY.
  NO SIGNIFICANT WEATHER WAS OBSERVED.


RELATIVE HUMIDITY (PERCENT)
 HIGHEST    78           300 AM
 LOWEST     45          1000 AM
 AVERAGE    62

..........................................................


THE LYNCHBURG VA CLIMATE NORMALS FOR TOMORROW
                         NORMAL    RECORD    YEAR
 MAXIMUM TEMPERATURE (F)   51        75      1998
                                             1982
 MINIMUM TEMPERATURE (F)   30        10      2000


SUNRISE AND SUNSET
DECEMBER  3 2016......SUNRISE   715 AM EST   SUNSET   459 PM EST
DECEMBER  4 2016......SUNRISE   715 AM EST   SUNSET   459 PM EST


-  INDICATES NEGATIVE NUMBERS.
R  INDICATES RECORD WAS SET OR TIED.
MM INDICATES DATA IS MISSING.
T  INDICATES TRACE AMOUNT.


$$

PW
