632
CDUS41 KRNK 230814
CLILYH


CLIMATE REPORT
NATIONAL WEATHER SERVICE BLACKSBURG VA
414 AM EDT SUN APR 23 2017


...................................

...THE LYNCHBURG VA CLIMATE SUMMARY FOR APRIL 22 2017...

CLIMATE NORMAL PERIOD 1981 TO 2010
CLIMATE RECORD PERIOD 1893 TO 2017


WEATHER ITEM   OBSERVED TIME   RECORD YEAR NORMAL DEPARTURE LAST
                VALUE   (LST)  VALUE       VALUE  FROM      YEAR
                                                  NORMAL
..................................................................
TEMPERATURE (F)
 YESTERDAY
  MAXIMUM         67    910 AM  92    1985  70     -3       67
  MINIMUM         49   1159 PM  28    1934  44      5       54
  AVERAGE         58                        57      1       61

PRECIPITATION (IN)
  YESTERDAY        0.86          1.20 2006   0.11   0.75     0.36
  MONTH TO DATE    2.05                      2.44  -0.39     1.65
  SINCE MAR 1      4.71                      6.02  -1.31     5.01
  SINCE JAN 1      9.09                     12.09  -3.00    12.30

SNOWFALL (IN)
  YESTERDAY        0.0                                       0.0
  MONTH TO DATE    0.0                                       0.0
  SINCE MAR 1      T                                          T
  SINCE JUL 1      5.9                                      15.6
  SNOW DEPTH       0

DEGREE DAYS
 HEATING
  YESTERDAY        7                         8     -1        4
  MONTH TO DATE  119                       244   -125      259
  SINCE MAR 1    658                       839   -181      649
  SINCE JUL 1   3367                      4263   -896     3615

 COOLING
  YESTERDAY        0                         1     -1        0
  MONTH TO DATE   26                        10     16        4
  SINCE MAR 1     26                        12     14        7
  SINCE JAN 1     27                        12     15        7
..................................................................


WIND (MPH)
  HIGHEST WIND SPEED    20   HIGHEST WIND DIRECTION     N (20)
  HIGHEST GUST SPEED    24   HIGHEST GUST DIRECTION     N (20)
  AVERAGE WIND SPEED     7.3


SKY COVER
  AVERAGE SKY COVER 0.8


WEATHER CONDITIONS
 THE FOLLOWING WEATHER WAS RECORDED YESTERDAY.
  THUNDERSTORM
  HEAVY RAIN
  RAIN
  LIGHT RAIN
  FOG


RELATIVE HUMIDITY (PERCENT)
 HIGHEST   100           300 AM
 LOWEST     84           100 PM
 AVERAGE    92

..........................................................


THE LYNCHBURG VA CLIMATE NORMALS FOR TODAY
                         NORMAL    RECORD    YEAR
 MAXIMUM TEMPERATURE (F)   70        91      1980
                                             1960
 MINIMUM TEMPERATURE (F)   45        32      1936


SUNRISE AND SUNSET
APRIL 23 2017.........SUNRISE   631 AM EDT   SUNSET   759 PM EDT
APRIL 24 2017.........SUNRISE   630 AM EDT   SUNSET   800 PM EDT


-  INDICATES NEGATIVE NUMBERS.
R  INDICATES RECORD WAS SET OR TIED.
MM INDICATES DATA IS MISSING.
T  INDICATES TRACE AMOUNT.




$$
