000
CDUS41 KRNK 011006
CLILYH


CLIMATE REPORT
NATIONAL WEATHER SERVICE BLACKSBURG VA
504 AM EST SUN FEB 1 2015


...................................

...THE LYNCHBURG VA CLIMATE SUMMARY FOR JANUARY 31 2015...

CLIMATE NORMAL PERIOD 1981 TO 2010
CLIMATE RECORD PERIOD 1893 TO 2015


WEATHER ITEM   OBSERVED TIME   RECORD YEAR NORMAL DEPARTURE LAST
                VALUE   (LST)  VALUE       VALUE  FROM      YEAR
                                                  NORMAL
..................................................................
TEMPERATURE (F)
 YESTERDAY
  MAXIMUM         44    416 PM  68    2012  46     -2       53
                                      1916
  MINIMUM         13    639 AM  -2    2010  25    -12       14
  AVERAGE         29                        36     -7       34

PRECIPITATION (IN)
  YESTERDAY        0.00          1.29 1926   0.11  -0.11     0.00
  MONTH TO DATE    1.86                      3.14  -1.28     3.27
  SINCE DEC 1      4.98                      6.38  -1.40     8.96
  SINCE JAN 1      1.86                      3.14  -1.28     3.27

SNOWFALL (IN)
  YESTERDAY        0.0
  MONTH TO DATE    0.1
  SINCE DEC 1      0.1
  SINCE JUL 1      0.1
  SNOW DEPTH       0

DEGREE DAYS
 HEATING
  YESTERDAY       36                        29      7       31
  MONTH TO DATE  953                       925     28     1088
  SINCE DEC 1   1707                      1778    -71     1824
  SINCE JUL 1   2683                      2672     11     2742

 COOLING
  YESTERDAY        0                         0      0        0
  MONTH TO DATE    0                         0      0        0
  SINCE DEC 1      0                         0      0        0
  SINCE JAN 1      0                         0      0        0
..................................................................


WIND (MPH)
  HIGHEST WIND SPEED    13   HIGHEST WIND DIRECTION     S (200)
  HIGHEST GUST SPEED    20   HIGHEST GUST DIRECTION     W (260)
  AVERAGE WIND SPEED     3.8


SKY COVER
  POSSIBLE SUNSHINE  MM
  AVERAGE SKY COVER 0.0


WEATHER CONDITIONS
 THE FOLLOWING WEATHER WAS RECORDED YESTERDAY.
  NO SIGNIFICANT WEATHER WAS OBSERVED.


RELATIVE HUMIDITY (PERCENT)
 HIGHEST    80           800 AM
 LOWEST     17           500 PM
 AVERAGE    49

..........................................................


THE LYNCHBURG VA CLIMATE NORMALS FOR TODAY
                         NORMAL    RECORD    YEAR
 MAXIMUM TEMPERATURE (F)   47        74      2002
 MINIMUM TEMPERATURE (F)   26         0      1965


SUNRISE AND SUNSET
FEBRUARY  1 2015......SUNRISE   720 AM EST   SUNSET   541 PM EST
FEBRUARY  2 2015......SUNRISE   719 AM EST   SUNSET   542 PM EST


-  INDICATES NEGATIVE NUMBERS.
R  INDICATES RECORD WAS SET OR TIED.
MM INDICATES DATA IS MISSING.
T  INDICATES TRACE AMOUNT.




$$
