000
CDUS41 KRNK 090829
CLILYH


CLIMATE REPORT
NATIONAL WEATHER SERVICE BLACKSBURG VA
329 AM EST TUE FEB 9 2016


...................................

...THE LYNCHBURG VA CLIMATE SUMMARY FOR FEBRUARY 8 2016...

CLIMATE NORMAL PERIOD 1981 TO 2010
CLIMATE RECORD PERIOD 1893 TO 2016


WEATHER ITEM   OBSERVED TIME   RECORD YEAR NORMAL DEPARTURE LAST
                VALUE   (LST)  VALUE       VALUE  FROM      YEAR
                                                  NORMAL
..................................................................
TEMPERATURE (F)
 YESTERDAY
  MAXIMUM         47    307 PM  75    1925  48     -1       67
  MINIMUM         21    532 AM   0    1936  26     -5       32
  AVERAGE         34                        37     -3       50

PRECIPITATION (IN)
  YESTERDAY        0.07          0.69 1997   0.11  -0.04     0.00
  MONTH TO DATE    1.23                      0.86   0.37     0.20
  SINCE DEC 1      8.97                      7.24   1.73     5.18
  SINCE JAN 1      4.00                      4.00   0.00     2.06

SNOWFALL (IN)
  YESTERDAY       MM                                         0.0
  MONTH TO DATE    0.0                                       0.0
  SINCE DEC 1     10.2                                       0.1
  SINCE JUL 1     10.2                                       0.1
  SNOW DEPTH       0

DEGREE DAYS
 HEATING
  YESTERDAY       31                        28      3       15
  MONTH TO DATE  192                       229    -37      234
  SINCE DEC 1   1659                      2007   -348     1941
  SINCE JUL 1   2369                      2901   -532     2917

 COOLING
  YESTERDAY        0                         0      0        0
  MONTH TO DATE    0                         0      0        0
  SINCE DEC 1      0                         0      0        0
  SINCE JAN 1      0                         0      0        0
..................................................................


WIND (MPH)
  HIGHEST WIND SPEED    16   HIGHEST WIND DIRECTION    SW (220)
  HIGHEST GUST SPEED    21   HIGHEST GUST DIRECTION    SW (230)
  AVERAGE WIND SPEED     3.1


SKY COVER
  AVERAGE SKY COVER 0.4


WEATHER CONDITIONS
 THE FOLLOWING WEATHER WAS RECORDED YESTERDAY.
  LIGHT RAIN
  FOG
  FOG W/VISIBILITY <= 1/4 MILE


RELATIVE HUMIDITY (PERCENT)
 HIGHEST   100           800 PM
 LOWEST     42           200 PM
 AVERAGE    71

..........................................................


THE LYNCHBURG VA CLIMATE NORMALS FOR TODAY
                         NORMAL    RECORD    YEAR
 MAXIMUM TEMPERATURE (F)   48        70      1925
 MINIMUM TEMPERATURE (F)   26         4      1934


SUNRISE AND SUNSET
FEBRUARY  9 2016......SUNRISE   713 AM EST   SUNSET   550 PM EST
FEBRUARY 10 2016......SUNRISE   712 AM EST   SUNSET   551 PM EST


-  INDICATES NEGATIVE NUMBERS.
R  INDICATES RECORD WAS SET OR TIED.
MM INDICATES DATA IS MISSING.
T  INDICATES TRACE AMOUNT.

REMARKS:

DUE TO A SENSOR FAILURE CAUSING MISSING TEMPERATURES ON OCTOBER 22
AND 23...THE SEASONAL HEATING DEGREE DAY TOTAL AND DEPARTURE FROM
NORMAL WILL BE CALCULATED WITHOUT DATA FROM THESE DATES.

$$
