000
CDUS41 KRNK 270739
CLILYH


CLIMATE REPORT
NATIONAL WEATHER SERVICE BLACKSBURG VA
235 AM EST SAT DEC 27 2014


...................................

...THE LYNCHBURG VA CLIMATE SUMMARY FOR DECEMBER 26 2014...

CLIMATE NORMAL PERIOD 1981 TO 2010
CLIMATE RECORD PERIOD 1893 TO 2014


WEATHER ITEM   OBSERVED TIME   RECORD YEAR NORMAL DEPARTURE LAST
                VALUE   (LST)  VALUE       VALUE  FROM      YEAR
                                                  NORMAL
..................................................................
TEMPERATURE (F)
 YESTERDAY
  MAXIMUM         57    322 PM  72    1922  46     11       49
  MINIMUM         22    623 AM   1    1983  25     -3       18
  AVERAGE         40                        36      4       34

PRECIPITATION (IN)
  YESTERDAY        0.00          1.89 1943   0.10  -0.10     0.00
  MONTH TO DATE    2.71                      2.79  -0.08     4.57
  SINCE DEC 1      2.71                      2.79  -0.08     4.57
  SINCE JAN 1     44.32                     41.12   3.20    44.46

SNOWFALL (IN)
  YESTERDAY        0.0
  MONTH TO DATE    0.0
  SINCE DEC 1      0.0
  SINCE JUL 1      T
  SNOW DEPTH       0

DEGREE DAYS
 HEATING
  YESTERDAY       25                        29     -4       31
  MONTH TO DATE  635                       702    -67      609
  SINCE DEC 1    635                       702    -67      609
  SINCE JUL 1   1611                      1596     15     1527

 COOLING
  YESTERDAY        0                         0      0        0
  MONTH TO DATE    0                         0      0        0
  SINCE DEC 1      0                         0      0        0
  SINCE JAN 1    967                      1032    -65     1184
..................................................................


WIND (MPH)
  HIGHEST WIND SPEED    10   HIGHEST WIND DIRECTION    SW (220)
  HIGHEST GUST SPEED    13   HIGHEST GUST DIRECTION    SW (220)
  AVERAGE WIND SPEED     1.6


SKY COVER
  POSSIBLE SUNSHINE  MM
  AVERAGE SKY COVER 0.0


WEATHER CONDITIONS
 THE FOLLOWING WEATHER WAS RECORDED YESTERDAY.
  NO SIGNIFICANT WEATHER WAS OBSERVED.


RELATIVE HUMIDITY (PERCENT)
 HIGHEST   100           200 AM
 LOWEST     30           300 PM
 AVERAGE    65

..........................................................


THE LYNCHBURG VA CLIMATE NORMALS FOR TODAY
                         NORMAL    RECORD    YEAR
 MAXIMUM TEMPERATURE (F)   46        71      1971
 MINIMUM TEMPERATURE (F)   25         0      1914


SUNRISE AND SUNSET
DECEMBER 27 2014......SUNRISE   730 AM EST   SUNSET   506 PM EST
DECEMBER 28 2014......SUNRISE   730 AM EST   SUNSET   507 PM EST


-  INDICATES NEGATIVE NUMBERS.
R  INDICATES RECORD WAS SET OR TIED.
MM INDICATES DATA IS MISSING.
T  INDICATES TRACE AMOUNT.

REMARKS:
DUE TO A SYSTEM FAILURE CAUSING MISSING TEMPERATURES ON
AUGUST 21-24...THE SEASONAL TOTAL AND DEPARTURE FROM NORMAL
FOR CDD WILL BE CALCULATED WITHOUT DATA FROM THOSE DATES.

$$
