000
CDUS41 KRNK 270633
CLILYH


CLIMATE REPORT
NATIONAL WEATHER SERVICE BLACKSBURG VA
232 AM EDT THU JUL 27 2017


...................................

...THE LYNCHBURG VA CLIMATE SUMMARY FOR JULY 26 2017...

CLIMATE NORMAL PERIOD 1981 TO 2010
CLIMATE RECORD PERIOD 1893 TO 2017


WEATHER ITEM   OBSERVED TIME   RECORD YEAR NORMAL DEPARTURE LAST
                VALUE   (LST)  VALUE       VALUE  FROM      YEAR
                                                  NORMAL
..................................................................
TEMPERATURE (F)
 YESTERDAY
  MAXIMUM         82    555 PM 104    1934  86     -4       95
  MINIMUM         66    406 AM  56    1911  64      2       71
  AVERAGE         74                        75     -1       83

PRECIPITATION (IN)
  YESTERDAY        0.00          3.22 2016   0.15  -0.15     3.22
  MONTH TO DATE    2.51                      3.62  -1.11     4.74
  SINCE JUN 1      4.60                      7.24  -2.64    11.01
  SINCE JAN 1     23.70                     23.93  -0.23    30.67

SNOWFALL (IN)
  YESTERDAY        0.0                                       0.0
  MONTH TO DATE    0.0                                       0.0
  SINCE JUN 1      0.0                                       0.0
  SINCE JUL 1      0.0                                       0.0
  SNOW DEPTH       0

DEGREE DAYS
 HEATING
  YESTERDAY        0                         0      0        0
  MONTH TO DATE    0                         0      0        0
  SINCE JUN 1      4                        14    -10        1
  SINCE JUL 1      0                         0      0        0

 COOLING
  YESTERDAY        9                        10     -1       18
  MONTH TO DATE  319                       260     59      319
  SINCE JUN 1    525                       474     51      548
  SINCE JAN 1    661                       556    105      619
..................................................................


WIND (MPH)
  HIGHEST WIND SPEED    12   HIGHEST WIND DIRECTION    NE (30)
  HIGHEST GUST SPEED    14   HIGHEST GUST DIRECTION     N (20)
  AVERAGE WIND SPEED     3.1


SKY COVER
  AVERAGE SKY COVER 0.7


WEATHER CONDITIONS
 THE FOLLOWING WEATHER WAS RECORDED YESTERDAY.
  NO SIGNIFICANT WEATHER WAS OBSERVED.


RELATIVE HUMIDITY (PERCENT)
 HIGHEST    97          1100 PM
 LOWEST     58          1200 PM
 AVERAGE    78

..........................................................


THE LYNCHBURG VA CLIMATE NORMALS FOR TODAY
                         NORMAL    RECORD    YEAR
 MAXIMUM TEMPERATURE (F)   86       103      1936
 MINIMUM TEMPERATURE (F)   64        53      1962


SUNRISE AND SUNSET
JULY 27 2017..........SUNRISE   617 AM EDT   SUNSET   829 PM EDT
JULY 28 2017..........SUNRISE   618 AM EDT   SUNSET   828 PM EDT


-  INDICATES NEGATIVE NUMBERS.
R  INDICATES RECORD WAS SET OR TIED.
MM INDICATES DATA IS MISSING.
T  INDICATES TRACE AMOUNT.

REMARKS:
DUE TO MISSING TEMPERATURES ON FEBRUARY 23 AND JULY 24-25...ALL
TEMPERATURE AND DEGREE DAY INFORMATION WILL BE CALCULATED WITHOUT
DATA FROM THESE DATES.

$$
