000
CDUS41 KRNK 200859
CLILYH


CLIMATE REPORT
NATIONAL WEATHER SERVICE BLACKSBURG VA
358 AM EST TUE FEB 20 2018


...................................

...THE LYNCHBURG VA CLIMATE SUMMARY FOR FEBRUARY 19 2018...

CLIMATE NORMAL PERIOD 1981 TO 2010
CLIMATE RECORD PERIOD 1893 TO 2018


WEATHER ITEM   OBSERVED TIME   RECORD YEAR NORMAL DEPARTURE LAST
                VALUE   (LST)  VALUE       VALUE  FROM      YEAR
                                                  NORMAL
..................................................................
TEMPERATURE (F)
 YESTERDAY
  MAXIMUM         50    418 PM  76    1939  50      0       70
  MINIMUM         39    951 AM   2    2015  28     11       39
  AVERAGE         45                        39      6       55

PRECIPITATION (IN)
  YESTERDAY        0.20          0.93 1981   0.10   0.10     0.00
  MONTH TO DATE    5.68                      1.99   3.69     0.33
  SINCE DEC 1      9.31                      8.37   0.94     7.21
  SINCE JAN 1      8.62                      5.13   3.49     4.11

SNOWFALL (IN)
  YESTERDAY        0.0                                       0.0
  MONTH TO DATE    0.2                                       0.0
  SINCE DEC 1      5.7                                       5.9
  SINCE JUL 1      5.7                                       5.9
  SNOW DEPTH       0

DEGREE DAYS
 HEATING
  YESTERDAY       20                        26     -6       10
  MONTH TO DATE  472                       527    -55      379
  SINCE DEC 1   2313                      2305      8     1957
  SINCE JUL 1   3128                      3199    -71     2587

 COOLING
  YESTERDAY        0                         0      0        0
  MONTH TO DATE    0                         0      0        1
  SINCE DEC 1      0                         0      0        1
  SINCE JAN 1      0                         0      0        1
..................................................................


WIND (MPH)
  HIGHEST WIND SPEED     9   HIGHEST WIND DIRECTION     S (170)
  HIGHEST GUST SPEED    13   HIGHEST GUST DIRECTION    SE (140)
  AVERAGE WIND SPEED     3.4


SKY COVER
  AVERAGE SKY COVER 0.9


WEATHER CONDITIONS
 THE FOLLOWING WEATHER WAS RECORDED YESTERDAY.
  LIGHT RAIN
  FOG


RELATIVE HUMIDITY (PERCENT)
 HIGHEST   100          1000 AM
 LOWEST     79          1200 AM
 AVERAGE    90

..........................................................


THE LYNCHBURG VA CLIMATE NORMALS FOR TODAY
                         NORMAL    RECORD    YEAR
 MAXIMUM TEMPERATURE (F)   50        76      1930
 MINIMUM TEMPERATURE (F)   28       -11      2015


SUNRISE AND SUNSET
FEBRUARY 20 2018......SUNRISE   700 AM EST   SUNSET   602 PM EST
FEBRUARY 21 2018......SUNRISE   659 AM EST   SUNSET   603 PM EST


-  INDICATES NEGATIVE NUMBERS.
R  INDICATES RECORD WAS SET OR TIED.
MM INDICATES DATA IS MISSING.
T  INDICATES TRACE AMOUNT.




$$
