448
CDUS44 KLZK 262100
CLILZK


CLIMATE REPORT
NATIONAL WEATHER SERVICE LITTLE ROCK AR
359 PM CDT THU MAY 26 2016


...................................

...THE NORTH LITTLE ROCK CLIMATE SUMMARY FOR MAY 26 2016...
VALID TODAY AS OF 0300 PM LOCAL TIME.

CLIMATE NORMAL PERIOD 1981 TO 2010
CLIMATE RECORD PERIOD 1975 TO 2016


WEATHER ITEM   OBSERVED TIME   RECORD YEAR NORMAL DEPARTURE LAST
                VALUE   (LST)  VALUE       VALUE  FROM      YEAR
                                                  NORMAL
..................................................................
TEMPERATURE (F)
 TODAY
  MAXIMUM         85        MM  92    2012  83      2       79
  MINIMUM         75        MM  51    1988  64     11       62
  AVERAGE         80                        74      6       71

PRECIPITATION (IN)
  TODAY            T             1.98 1998   0.14  -0.14     0.02
  MONTH TO DATE    1.76                      4.27  -2.51     9.46
  SINCE MAR 1     22.21                     13.83   8.38    23.07
  SINCE JAN 1     27.27                     20.91   6.36    29.25

SNOWFALL (IN)
  TODAY            0.0          MM      MM   0.0    0.0      0.0
  MONTH TO DATE    0.0                       0.0    0.0      0.0
  SINCE MAR 1      T                         0.4   -0.4      6.4
  SINCE JUL 1      7.2                       4.4    2.8     10.6
  SNOW DEPTH       0

DEGREE DAYS
 HEATING
  TODAY            0                         0      0        0
  MONTH TO DATE   33                        21     12       18
  SINCE MAR 1    360                       517   -157      515
  SINCE JUL 1   2321                      3003   -682     3312

 COOLING
  TODAY           15                         9      6        6
  MONTH TO DATE  103                       160    -57      163
  SINCE MAR 1    180                       247    -67      238
  SINCE JAN 1    183                       249    -66      238
..................................................................


WIND (MPH)
  HIGHEST WIND SPEED     9   HIGHEST WIND DIRECTION    SW (220)
  HIGHEST GUST SPEED    18   HIGHEST GUST DIRECTION    SW (220)
  AVERAGE WIND SPEED     7.1


SKY COVER
  POSSIBLE SUNSHINE  MM
  AVERAGE SKY COVER 0.0


WEATHER CONDITIONS
 THE FOLLOWING WEATHER WAS RECORDED TODAY.
  LIGHT RAIN


RELATIVE HUMIDITY (PERCENT)
 HIGHEST    94           100 AM
 LOWEST     65          1200 PM
 AVERAGE    80

..........................................................


THE NORTH LITTLE ROCK CLIMATE NORMALS FOR TOMORROW
                         NORMAL    RECORD    YEAR
 MAXIMUM TEMPERATURE (F)   83        93      2012
 MINIMUM TEMPERATURE (F)   65        52      1992


SUNRISE AND SUNSET
MAY 26 2016...........SUNRISE   559 AM CDT   SUNSET   814 PM CDT
MAY 27 2016...........SUNRISE   558 AM CDT   SUNSET   814 PM CDT


-  INDICATES NEGATIVE NUMBERS.
R  INDICATES RECORD WAS SET OR TIED.
MM INDICATES DATA IS MISSING.
T  INDICATES TRACE AMOUNT.




$$
