000
CDUS44 KLZK 190717
CLILZK


CLIMATE REPORT
NATIONAL WEATHER SERVICE LITTLE ROCK AR
117 AM CST SUN FEB 19 2017


...................................

...THE NORTH LITTLE ROCK CLIMATE SUMMARY FOR FEBRUARY 18 2017...

CLIMATE NORMAL PERIOD 1981 TO 2010
CLIMATE RECORD PERIOD 1975 TO 2017


WEATHER ITEM   OBSERVED TIME   RECORD YEAR NORMAL DEPARTURE LAST
                VALUE   (LST)  VALUE       VALUE  FROM      YEAR
                                                  NORMAL
..................................................................
TEMPERATURE (F)
 YESTERDAY
  MAXIMUM         64        MM  74    1986  55      9       72
  MINIMUM         52        MM  13    1993  37     15       40
  AVERAGE         58                        46     12       56

PRECIPITATION (IN)
  YESTERDAY        0.00          0.85 1991   0.13  -0.13     0.00
  MONTH TO DATE    1.22                      2.23  -1.01     0.34
  SINCE DEC 1      6.67                     10.66  -3.99    13.65
  SINCE JAN 1      3.50                      5.65  -2.15     3.57

SNOWFALL (IN)
  YESTERDAY        0.0           0.3  2006   0.0    0.0      0.0
  MONTH TO DATE    0.0                       1.3   -1.3      0.0
  SINCE DEC 1      0.8                       3.5   -2.7      7.2
  SINCE JUL 1      0.8                       3.5   -2.7      7.2
  SNOW DEPTH       0

DEGREE DAYS
 HEATING
  YESTERDAY        7                        19    -12        9
  MONTH TO DATE  243                       379   -136      344
  SINCE DEC 1   1458                      1800   -342     1479
  SINCE JUL 1   1752                      2312   -560     1832

 COOLING
  YESTERDAY        0                         0      0        0
  MONTH TO DATE   11                         0     11        0
  SINCE DEC 1     13                         2     11        8
  SINCE JAN 1     12                         1     11        1
..................................................................


WIND (MPH)
  HIGHEST WIND SPEED     6   HIGHEST WIND DIRECTION    SW (220)
  HIGHEST GUST SPEED    MM   HIGHEST GUST DIRECTION    MM
  AVERAGE WIND SPEED     2.9


SKY COVER
  POSSIBLE SUNSHINE  MM
  AVERAGE SKY COVER 0.0


WEATHER CONDITIONS
 THE FOLLOWING WEATHER WAS RECORDED YESTERDAY.
  NO SIGNIFICANT WEATHER WAS OBSERVED.


RELATIVE HUMIDITY (PERCENT)
 HIGHEST    96           700 AM
 LOWEST     66          1200 AM
 AVERAGE    81

..........................................................


THE NORTH LITTLE ROCK CLIMATE NORMALS FOR TODAY
                         NORMAL    RECORD    YEAR
 MAXIMUM TEMPERATURE (F)   55        81      1986
 MINIMUM TEMPERATURE (F)   37        14      1978


SUNRISE AND SUNSET
FEBRUARY 19 2017......SUNRISE   650 AM CST   SUNSET   556 PM CST
FEBRUARY 20 2017......SUNRISE   649 AM CST   SUNSET   557 PM CST


-  INDICATES NEGATIVE NUMBERS.
R  INDICATES RECORD WAS SET OR TIED.
MM INDICATES DATA IS MISSING.
T  INDICATES TRACE AMOUNT.




$$
