771
CDUS44 KLZK 230636
CLILZK


CLIMATE REPORT
NATIONAL WEATHER SERVICE LITTLE ROCK AR
135 AM CDT SUN APR 23 2017


...................................

...THE NORTH LITTLE ROCK CLIMATE SUMMARY FOR APRIL 22 2017...

CLIMATE NORMAL PERIOD 1981 TO 2010
CLIMATE RECORD PERIOD 1975 TO 2017


WEATHER ITEM   OBSERVED TIME   RECORD YEAR NORMAL DEPARTURE LAST
                VALUE   (LST)  VALUE       VALUE  FROM      YEAR
                                                  NORMAL
..................................................................
TEMPERATURE (F)
 YESTERDAY
  MAXIMUM         58        MM  89    1980  75    -17       77
  MINIMUM         49        MM  38    1978  55     -6       56
  AVERAGE         54                        65    -11       67

PRECIPITATION (IN)
  YESTERDAY        0.30          2.06 1985   0.18   0.12     0.00
  MONTH TO DATE    3.13                      3.44  -0.31     2.89
  SINCE MAR 1      6.60                      8.21  -1.61    15.41
  SINCE JAN 1     11.88                     15.29  -3.41    20.47

SNOWFALL (IN)
  YESTERDAY        0.0          MM      MM   0.0    0.0      0.0
  MONTH TO DATE    0.0                       0.0    0.0      0.0
  SINCE MAR 1      T                         0.4   -0.4       T
  SINCE JUL 1      0.8                       4.4   -3.6      7.2
  SNOW DEPTH       0

DEGREE DAYS
 HEATING
  YESTERDAY       11                         3      8        0
  MONTH TO DATE   48                       117    -69       82
  SINCE MAR 1    319                       477   -158      326
  SINCE JUL 1   2150                      2963   -813     2287

 COOLING
  YESTERDAY        0                         3     -3        2
  MONTH TO DATE   68                        42     26       17
  SINCE MAR 1     95                        59     36       34
  SINCE JAN 1    112                        61     51       37
..................................................................


WIND (MPH)
  HIGHEST WIND SPEED    13   HIGHEST WIND DIRECTION     N (20)
  HIGHEST GUST SPEED    25   HIGHEST GUST DIRECTION     N (20)
  AVERAGE WIND SPEED     6.8


SKY COVER
  POSSIBLE SUNSHINE  MM
  AVERAGE SKY COVER 0.0


WEATHER CONDITIONS
 THE FOLLOWING WEATHER WAS RECORDED YESTERDAY.
  THUNDERSTORM
  HEAVY RAIN
  RAIN
  LIGHT RAIN


RELATIVE HUMIDITY (PERCENT)
 HIGHEST   100
 LOWEST     83
 AVERAGE    92

..........................................................


THE NORTH LITTLE ROCK CLIMATE NORMALS FOR TODAY
                         NORMAL    RECORD    YEAR
 MAXIMUM TEMPERATURE (F)   75        87      2009
                                             1999
                                             1980
 MINIMUM TEMPERATURE (F)   55        45      2012
                                             1995
                                             1986


SUNRISE AND SUNSET
APRIL 23 2017.........SUNRISE   627 AM CDT   SUNSET   748 PM CDT
APRIL 24 2017.........SUNRISE   626 AM CDT   SUNSET   749 PM CDT


-  INDICATES NEGATIVE NUMBERS.
R  INDICATES RECORD WAS SET OR TIED.
MM INDICATES DATA IS MISSING.
T  INDICATES TRACE AMOUNT.




$$
