000
CDUS44 KLZK 210647
CLILZK


CLIMATE REPORT
NATIONAL WEATHER SERVICE LITTLE ROCK AR
1247 AM CST WED FEB 21 2018


...................................

...THE NORTH LITTLE ROCK CLIMATE SUMMARY FOR FEBRUARY 20 2018...

CLIMATE NORMAL PERIOD 1981 TO 2010
CLIMATE RECORD PERIOD 1975 TO 2018


WEATHER ITEM   OBSERVED TIME   RECORD YEAR NORMAL DEPARTURE LAST
                VALUE   (LST)  VALUE       VALUE  FROM      YEAR
                                                  NORMAL
..................................................................
TEMPERATURE (F)
 YESTERDAY
  MAXIMUM         77        MM  83    1986  56     21       76
  MINIMUM         58        MM  21    2006  38     20       58
  AVERAGE         68                        47     21       67

PRECIPITATION (IN)
  YESTERDAY        0.85          1.01 1989   0.14   0.71     0.97
  MONTH TO DATE    3.19                      2.51   0.68     2.21
  SINCE DEC 1     12.51                     10.94   1.57     7.68
  SINCE JAN 1      5.68                      5.93  -0.25     4.51

SNOWFALL (IN)
  YESTERDAY        0.0           0.2  2013   0.0    0.0      0.0
  MONTH TO DATE    T                         1.4   -1.4      0.0
  SINCE DEC 1      1.5                       3.6   -2.1      0.8
  SINCE JUL 1      1.5                       3.6   -2.1      0.8
  SNOW DEPTH       0

DEGREE DAYS
 HEATING
  YESTERDAY        0                        18    -18        0
  MONTH TO DATE  428                       416     12      245
  SINCE DEC 1   1927                      1837     90     1462
  SINCE JUL 1   2333                      2349    -16     1756

 COOLING
  YESTERDAY        3                         0      3        2
  MONTH TO DATE    3                         0      3       13
  SINCE DEC 1      3                         2      1       15
  SINCE JAN 1      3                         1      2       14
..................................................................


WIND (MPH)
  HIGHEST WIND SPEED    15   HIGHEST WIND DIRECTION     S (180)
  HIGHEST GUST SPEED    29   HIGHEST GUST DIRECTION     S (180)
  AVERAGE WIND SPEED     8.8


SKY COVER
  POSSIBLE SUNSHINE  MM
  AVERAGE SKY COVER 0.0


WEATHER CONDITIONS
 THE FOLLOWING WEATHER WAS RECORDED YESTERDAY.
  THUNDERSTORM
  HEAVY RAIN
  RAIN
  LIGHT RAIN


RELATIVE HUMIDITY (PERCENT)
 HIGHEST   100          1000 PM
 LOWEST     60           300 PM
 AVERAGE    80

..........................................................


THE NORTH LITTLE ROCK CLIMATE NORMALS FOR TODAY
                         NORMAL    RECORD    YEAR
 MAXIMUM TEMPERATURE (F)   56        79      1980
 MINIMUM TEMPERATURE (F)   38        18      1978


SUNRISE AND SUNSET
FEBRUARY 21 2018......SUNRISE   648 AM CST   SUNSET   558 PM CST
FEBRUARY 22 2018......SUNRISE   647 AM CST   SUNSET   559 PM CST


-  INDICATES NEGATIVE NUMBERS.
R  INDICATES RECORD WAS SET OR TIED.
MM INDICATES DATA IS MISSING.
T  INDICATES TRACE AMOUNT.




$$
