000
CDUS44 KLZK 290638
CLILZK


CLIMATE REPORT
NATIONAL WEATHER SERVICE LITTLE ROCK AR
138 AM CDT FRI JUL 29 2016


...................................

...THE NORTH LITTLE ROCK CLIMATE SUMMARY FOR JULY 28 2016...

CLIMATE NORMAL PERIOD 1981 TO 2010
CLIMATE RECORD PERIOD 1975 TO 2016


WEATHER ITEM   OBSERVED TIME   RECORD YEAR NORMAL DEPARTURE LAST
                VALUE   (LST)  VALUE       VALUE  FROM      YEAR
                                                  NORMAL
..................................................................
TEMPERATURE (F)
 YESTERDAY
  MAXIMUM         90    200 PM 105    2012  93     -3       99
                                      1986
  MINIMUM         74    500 AM  62    1994  73      1       79
  AVERAGE         82                        83     -1       89

PRECIPITATION (IN)
  YESTERDAY        T             0.88 2009   0.12  -0.12     0.00
  MONTH TO DATE    4.76                      3.47   1.29     2.11
  SINCE JUN 1      6.68                      6.78  -0.10     4.52
  SINCE JAN 1     34.91                     28.38   6.53    35.58

SNOWFALL (IN)
  YESTERDAY        0.0          MM      MM   0.0    0.0      0.0
  MONTH TO DATE    0.0                       0.0    0.0      0.0
  SINCE JUN 1      0.0                       0.0    0.0      0.0
  SINCE JUL 1      0.0                       0.0    0.0      0.0
  SNOW DEPTH      MM

DEGREE DAYS
 HEATING
  YESTERDAY        0                         0      0        0
  MONTH TO DATE    0                         0      0        0
  SINCE JUN 1      0                         1     -1        0
  SINCE JUL 1      0                         0      0        0

 COOLING
  YESTERDAY       17                        18     -1       24
  MONTH TO DATE  532                       490     42      534
  SINCE JUN 1   1015                       903    112      984
  SINCE JAN 1   1243                      1199     44     1267
..................................................................


WIND (MPH)
  HIGHEST WIND SPEED     8   HIGHEST WIND DIRECTION    SW (220)
  HIGHEST GUST SPEED    16   HIGHEST GUST DIRECTION    SW (220)
  AVERAGE WIND SPEED     3.7


SKY COVER
  POSSIBLE SUNSHINE  MM
  AVERAGE SKY COVER 0.0


WEATHER CONDITIONS
 THE FOLLOWING WEATHER WAS RECORDED YESTERDAY.
  NO SIGNIFICANT WEATHER WAS OBSERVED.


RELATIVE HUMIDITY (PERCENT)
 HIGHEST   100           300 AM
 LOWEST     68           200 PM
 AVERAGE    84

..........................................................


THE NORTH LITTLE ROCK CLIMATE NORMALS FOR TODAY
                         NORMAL    RECORD    YEAR
 MAXIMUM TEMPERATURE (F)   93       105      1986
 MINIMUM TEMPERATURE (F)   73        63      1994


SUNRISE AND SUNSET
JULY 29 2016..........SUNRISE   617 AM CDT   SUNSET   814 PM CDT
JULY 30 2016..........SUNRISE   618 AM CDT   SUNSET   813 PM CDT


-  INDICATES NEGATIVE NUMBERS.
R  INDICATES RECORD WAS SET OR TIED.
MM INDICATES DATA IS MISSING.
T  INDICATES TRACE AMOUNT.




$$
