000
CDUS44 KLZK 011014
CLILZK


CLIMATE REPORT
NATIONAL WEATHER SERVICE LITTLE ROCK AR
414 AM CST SUN MAR 1 2015


...................................

...THE NORTH LITTLE ROCK CLIMATE SUMMARY FOR FEBRUARY 28 2015...

CLIMATE NORMAL PERIOD 1981 TO 2010
CLIMATE RECORD PERIOD 1975 TO 2015


WEATHER ITEM   OBSERVED TIME   RECORD YEAR NORMAL DEPARTURE LAST
                VALUE   (LST)  VALUE       VALUE  FROM      YEAR
                                                  NORMAL
..................................................................
TEMPERATURE (F)
 YESTERDAY
  MAXIMUM         39        MM  81    1980  58    -19       46
  MINIMUM         23R       MM  24    2002  40    -17       31
  AVERAGE         31                        49    -18       39

PRECIPITATION (IN)
  YESTERDAY        T             1.27 1981   0.14  -0.14     0.01
  MONTH TO DATE    3.26                      3.66  -0.40     3.01
  SINCE DEC 1      9.17                     12.09  -2.92    12.64
  SINCE JAN 1      6.18                      7.08  -0.90     5.32

SNOWFALL (IN)
  YESTERDAY        T             0.4  2009   0.0    0.0       T
  MONTH TO DATE    3.6                       1.8    1.8      2.5
  SINCE DEC 1      3.6                       4.0   -0.4      3.6
  SINCE JUL 1      4.2                       4.0    0.2      3.6
  SNOW DEPTH       T

DEGREE DAYS
 HEATING
  YESTERDAY       34                        16     18       26
  MONTH TO DATE  789                       553    236      687
  SINCE DEC 1   2182                      1974    208     2221
  SINCE JUL 1   2797                      2486    311     2827

 COOLING
  YESTERDAY        0                         0      0        0
  MONTH TO DATE    0                         1     -1        0
  SINCE DEC 1      0                         3     -3        1
  SINCE JAN 1      0                         2     -2        0
..................................................................


WIND (MPH)
  HIGHEST WIND SPEED    MM   HIGHEST WIND DIRECTION    MM
  HIGHEST GUST SPEED    MM   HIGHEST GUST DIRECTION    MM
  AVERAGE WIND SPEED    MM


SKY COVER
  POSSIBLE SUNSHINE  MM
  AVERAGE SKY COVER  MM


WEATHER CONDITIONS
 THE FOLLOWING WEATHER WAS RECORDED YESTERDAY.
  LT FREEZING RAIN
  LIGHT SNOW


RELATIVE HUMIDITY (PERCENT)
 HIGHEST    MM
 LOWEST     MM
 AVERAGE    MM

..........................................................


THE NORTH LITTLE ROCK CLIMATE NORMALS FOR TODAY
                         NORMAL    RECORD    YEAR
 MAXIMUM TEMPERATURE (F)   59        80      2006
 MINIMUM TEMPERATURE (F)   40        19      1980


SUNRISE AND SUNSET
MARCH  1 2015.........SUNRISE   639 AM CST   SUNSET   605 PM CST
MARCH  2 2015.........SUNRISE   637 AM CST   SUNSET   606 PM CST


-  INDICATES NEGATIVE NUMBERS.
R  INDICATES RECORD WAS SET OR TIED.
MM INDICATES DATA IS MISSING.
T  INDICATES TRACE AMOUNT.




$$
