000
CDUS44 KLZK 270657
CLILZK


CLIMATE REPORT
NATIONAL WEATHER SERVICE LITTLE ROCK AR
156 AM CDT SAT MAY 27 2017


...................................

...THE NORTH LITTLE ROCK CLIMATE SUMMARY FOR MAY 26 2017...

CLIMATE NORMAL PERIOD 1981 TO 2010
CLIMATE RECORD PERIOD 1975 TO 2017


WEATHER ITEM   OBSERVED TIME   RECORD YEAR NORMAL DEPARTURE LAST
                VALUE   (LST)  VALUE       VALUE  FROM      YEAR
                                                  NORMAL
..................................................................
TEMPERATURE (F)
 YESTERDAY
  MAXIMUM         82        MM  92    2012  83     -1       85
  MINIMUM         67        MM  51    1988  64      3       69
  AVERAGE         75                        74      1       77

PRECIPITATION (IN)
  YESTERDAY        T             1.98 1998   0.14  -0.14     0.05
  MONTH TO DATE    4.78                      4.27   0.51     1.83
  SINCE MAR 1     18.18                     13.83   4.35    22.28
  SINCE JAN 1     23.46                     20.91   2.55    27.34

SNOWFALL (IN)
  YESTERDAY        0.0          MM      MM   0.0    0.0      0.0
  MONTH TO DATE    0.0                       0.0    0.0      0.0
  SINCE MAR 1      T                         0.4   -0.4       T
  SINCE JUL 1      0.8                       4.4   -3.6      7.2
  SNOW DEPTH       0

DEGREE DAYS
 HEATING
  YESTERDAY        0                         0      0        0
  MONTH TO DATE   25                        21      4       33
  SINCE MAR 1    367                       517   -150      360
  SINCE JUL 1   2198                      3003   -805     2321

 COOLING
  YESTERDAY       10                         9      1       12
  MONTH TO DATE  123                       160    -37      100
  SINCE MAR 1    233                       247    -14      177
  SINCE JAN 1    250                       249      1      180
..................................................................


WIND (MPH)
  HIGHEST WIND SPEED    10   HIGHEST WIND DIRECTION     S (200)
  HIGHEST GUST SPEED    24   HIGHEST GUST DIRECTION     S (200)
  AVERAGE WIND SPEED     8.1


SKY COVER
  POSSIBLE SUNSHINE  MM
  AVERAGE SKY COVER 0.0


WEATHER CONDITIONS
 THE FOLLOWING WEATHER WAS RECORDED YESTERDAY.
  LIGHT RAIN


RELATIVE HUMIDITY (PERCENT)
 HIGHEST    93          1000 AM
 LOWEST     69           400 PM
 AVERAGE    81

..........................................................


THE NORTH LITTLE ROCK CLIMATE NORMALS FOR TODAY
                         NORMAL    RECORD    YEAR
 MAXIMUM TEMPERATURE (F)   83        93      2012
 MINIMUM TEMPERATURE (F)   65        52      1992


SUNRISE AND SUNSET
MAY 27 2017...........SUNRISE   558 AM CDT   SUNSET   814 PM CDT
MAY 28 2017...........SUNRISE   558 AM CDT   SUNSET   815 PM CDT


-  INDICATES NEGATIVE NUMBERS.
R  INDICATES RECORD WAS SET OR TIED.
MM INDICATES DATA IS MISSING.
T  INDICATES TRACE AMOUNT.




$$
