000
CDUS46 KHNX 220824
CLIMAE


CLIMATE REPORT
NATIONAL WEATHER SERVICE SAN JOAQUIN VALLEY, CA
1223 AM PST THU FEB 22 2018


...................................

...THE MADERA CA AIRPORT CLIMATE SUMMARY FOR FEBRUARY 21 2018...

CLIMATE NORMAL PERIOD 1981 TO 2010
CLIMATE RECORD PERIOD 1998 TO 2018


WEATHER ITEM   OBSERVED TIME   RECORD YEAR NORMAL DEPARTURE
                VALUE   (LST)  VALUE       VALUE  FROM
                                                  NORMAL
...............................................................
TEMPERATURE (F)
 YESTERDAY
  MAXIMUM         58    409 PM  70    2014  63     -5
                                      2002
  MINIMUM         29R   711 AM  31    2006  41    -12
  AVERAGE         44                        52     -8

PRECIPITATION (IN)
  YESTERDAY        0.00          0.23 2008   0.09  -0.09
  MONTH TO DATE    0.00                      1.52  -1.52
  SINCE OCT 1      1.55                      7.70  -6.15
  SINCE JAN 1      1.14                      3.97  -2.83

SNOWFALL (IN)
  YESTERDAY        0.0
  MONTH TO DATE    0.0
  SINCE DEC 1      0.0
  SINCE JUL 1      0.0
  SNOW DEPTH       0

DEGREE DAYS
 HEATING
  YESTERDAY       21
  MONTH TO DATE  245
  SINCE DEC 1   1233
  SINCE JUL 1   1560

 COOLING
  YESTERDAY        0
  MONTH TO DATE    0
  SINCE DEC 1      0
  SINCE JAN 1      0
...............................................................


WIND (MPH)
  HIGHEST WIND SPEED    12   HIGHEST WIND DIRECTION    NW (310)
  HIGHEST GUST SPEED    16   HIGHEST GUST DIRECTION     W (280)
  AVERAGE WIND SPEED     3.0




RELATIVE HUMIDITY (PERCENT)
 HIGHEST    85
 LOWEST     23
 AVERAGE    54

..........................................................


THE MADERA CA AIRPORT CLIMATE NORMALS FOR TODAY
                         NORMAL    RECORD    YEAR
 MAXIMUM TEMPERATURE (F)   63        76      2002
 MINIMUM TEMPERATURE (F)   41        32      2006


SUNRISE AND SUNSET
FEBRUARY 22 2018......SUNRISE   640 AM PST   SUNSET   548 PM PST
FEBRUARY 23 2018......SUNRISE   639 AM PST   SUNSET   549 PM PST


-  INDICATES NEGATIVE NUMBERS.
R  INDICATES RECORD WAS SET OR TIED.
MM INDICATES DATA IS MISSING.
T  INDICATES TRACE AMOUNT.




$$
