000
CDUS46 KHNX 250023
CLIMAE


CLIMATE REPORT
NATIONAL WEATHER SERVICE SAN JOAQUIN VALLEY, CA
522 PM PDT MON JUL 24 2017


...................................

...THE MADERA CA CLIMATE SUMMARY FOR JULY 24 2017...
VALID AS OF 0400 PM LOCAL TIME.

CLIMATE NORMAL PERIOD 1981 TO 2010
CLIMATE RECORD PERIOD 1998 TO 2017


WEATHER ITEM   OBSERVED TIME   RECORD YEAR NORMAL DEPARTURE LAST
                VALUE   (LST)  VALUE       VALUE  FROM      YEAR
                                                  NORMAL
..................................................................
TEMPERATURE (F)
 TODAY
  MAXIMUM        100        MM 111    2006  98      2      104
  MINIMUM         67        MM  52    1999  60      7       61
  AVERAGE         84                        79      5       83

PRECIPITATION (IN)
  TODAY            0.00          0.00   MM   0.00   0.00     0.00
  MONTH TO DATE    0.00                      0.02  -0.02     0.00
  SINCE OCT 1     14.18                     11.75   2.43    12.96
  SINCE JAN 1     10.11                      8.02   2.09     8.40

SNOWFALL (IN)
  TODAY            0.0
  MONTH TO DATE    0.0
  SINCE JUN 1      0.0
  SINCE JUL 1      0.0
  SNOW DEPTH       0

DEGREE DAYS
 HEATING
  TODAY            0                                         0
  MONTH TO DATE    0                                         0
  SINCE JUN 1      6                                         1
  SINCE JUL 1      0                                         0

 COOLING
  TODAY           19                                        18
  MONTH TO DATE  429                                       327
  SINCE JUN 1    819                                       710
  SINCE JAN 1   1004                                       903
..................................................................


WIND (MPH)
  HIGHEST WIND SPEED     8   HIGHEST WIND DIRECTION    SW (230)
  HIGHEST GUST SPEED    MM   HIGHEST GUST DIRECTION    MM
  AVERAGE WIND SPEED     4.2




RELATIVE HUMIDITY (PERCENT)
 HIGHEST    68
 LOWEST     18
 AVERAGE    43

..........................................................


THE MADERA CA CLIMATE NORMALS FOR TOMORROW
                         NORMAL    RECORD    YEAR
 MAXIMUM TEMPERATURE (F)   97       110      2006
 MINIMUM TEMPERATURE (F)   60        54      1999


SUNRISE AND SUNSET
JULY 24 2017..........SUNRISE   600 AM PDT   SUNSET   814 PM PDT
JULY 25 2017..........SUNRISE   600 AM PDT   SUNSET   813 PM PDT


-  INDICATES NEGATIVE NUMBERS.
R  INDICATES RECORD WAS SET OR TIED.
MM INDICATES DATA IS MISSING.
T  INDICATES TRACE AMOUNT.




$$
