000
CDUS46 KHNX 290823
CLIMAE


CLIMATE REPORT
NATIONAL WEATHER SERVICE SAN JOAQUIN VALLEY, CA
123 AM PDT FRI APR 29 2016


...................................

...THE MADERA CA AIRPORT CLIMATE SUMMARY FOR APRIL 28 2016...

CLIMATE NORMAL PERIOD 1981 TO 2010
CLIMATE RECORD PERIOD 1998 TO 2016


WEATHER ITEM   OBSERVED TIME   RECORD YEAR NORMAL DEPARTURE
                VALUE   (LST)  VALUE       VALUE  FROM
                                                  NORMAL
...............................................................
TEMPERATURE (F)
 YESTERDAY
  MAXIMUM         74    433 PM  97    2007  79     -5
  MINIMUM         45    333 AM  38    1999  47     -2
  AVERAGE         60                        63     -3

PRECIPITATION (IN)
  YESTERDAY        0.00          0.23 2003   0.02  -0.02
  MONTH TO DATE    1.59                      0.90   0.69
  SINCE OCT 1     12.96                     11.01   1.95
  SINCE JAN 1      8.40                      7.28   1.12

SNOWFALL (IN)
  YESTERDAY        0.0
  MONTH TO DATE    0.0
  SINCE MAR 1      0.0
  SINCE JUL 1      0.0
  SNOW DEPTH       0

DEGREE DAYS
 HEATING
  YESTERDAY        5
  MONTH TO DATE   72
  SINCE MAR 1    309
  SINCE JUL 1   2053

 COOLING
  YESTERDAY        0
  MONTH TO DATE   29
  SINCE MAR 1     29
  SINCE JAN 1     29
...............................................................


WIND (MPH)
  HIGHEST WIND SPEED    14   HIGHEST WIND DIRECTION     N (360)
  HIGHEST GUST SPEED    20   HIGHEST GUST DIRECTION     N (20)
  AVERAGE WIND SPEED     4.5




RELATIVE HUMIDITY (PERCENT)
 HIGHEST    93
 LOWEST     38
 AVERAGE    66

..........................................................


THE MADERA CA AIRPORT CLIMATE NORMALS FOR TODAY
                         NORMAL    RECORD    YEAR
 MAXIMUM TEMPERATURE (F)   79        94      2007
 MINIMUM TEMPERATURE (F)   48        39      1999


SUNRISE AND SUNSET
APRIL 29 2016.........SUNRISE   608 AM PDT   SUNSET   748 PM PDT
APRIL 30 2016.........SUNRISE   607 AM PDT   SUNSET   749 PM PDT


-  INDICATES NEGATIVE NUMBERS.
R  INDICATES RECORD WAS SET OR TIED.
MM INDICATES DATA IS MISSING.
T  INDICATES TRACE AMOUNT.




$$
