000
CDUS46 KHNX 230023
CLIMAE


CLIMATE REPORT
NATIONAL WEATHER SERVICE SAN JOAQUIN VALLEY, CA
422 PM PST WED NOV 22 2017


...................................

...THE MADERA CA CLIMATE SUMMARY FOR NOVEMBER 22 2017...
VALID AS OF 0400 PM LOCAL TIME.

CLIMATE NORMAL PERIOD 1981 TO 2010
CLIMATE RECORD PERIOD 1998 TO 2017


WEATHER ITEM   OBSERVED TIME   RECORD YEAR NORMAL DEPARTURE LAST
                VALUE   (LST)  VALUE       VALUE  FROM      YEAR
                                                  NORMAL
..................................................................
TEMPERATURE (F)
 TODAY
  MAXIMUM         74    342 PM  75    2015  62     12       63
  MINIMUM         45    636 AM  27    2003  39      6       39
  AVERAGE         60                        50     10       51

PRECIPITATION (IN)
  TODAY            0.00          0.10 2001   0.04  -0.04     0.00
  MONTH TO DATE    0.13                      0.90  -0.77     1.03
  SINCE OCT 1      0.21                      1.78  -1.57     1.65
  SINCE JAN 1     10.40                     10.07   0.33    10.05

SNOWFALL (IN)
  TODAY            0.0
  MONTH TO DATE    0.0
  SINCE SEP 1      0.0
  SINCE JUL 1      0.0
  SNOW DEPTH       0

DEGREE DAYS
 HEATING
  TODAY            5                                        14
  MONTH TO DATE  168                                       128
  SINCE SEP 1    252                                       181
  SINCE JUL 1    252                                       181

 COOLING
  TODAY            0                                         0
  MONTH TO DATE    2                                         5
  SINCE SEP 1    354                                       324
  SINCE JAN 1   2025                                      1819
..................................................................


WIND (MPH)
  HIGHEST WIND SPEED     7   HIGHEST WIND DIRECTION     W (260)
  HIGHEST GUST SPEED     9   HIGHEST GUST DIRECTION    NW (300)
  AVERAGE WIND SPEED     1.2




RELATIVE HUMIDITY (PERCENT)
 HIGHEST   100
 LOWEST     44
 AVERAGE    72

..........................................................


THE MADERA CA CLIMATE NORMALS FOR TOMORROW
                         NORMAL    RECORD    YEAR
 MAXIMUM TEMPERATURE (F)   61        73      2015
 MINIMUM TEMPERATURE (F)   39        26      2003


SUNRISE AND SUNSET
NOVEMBER 22 2017......SUNRISE   647 AM PST   SUNSET   447 PM PST
NOVEMBER 23 2017......SUNRISE   648 AM PST   SUNSET   446 PM PST


-  INDICATES NEGATIVE NUMBERS.
R  INDICATES RECORD WAS SET OR TIED.
MM INDICATES DATA IS MISSING.
T  INDICATES TRACE AMOUNT.




$$
