000
CDUS46 KHNX 030023
CLIMAE


CLIMATE REPORT
NATIONAL WEATHER SERVICE SAN JOAQUIN VALLEY, CA
422 PM PST FRI DEC 2 2016


...................................

...THE MADERA CA CLIMATE SUMMARY FOR DECEMBER 2 2016...
VALID AS OF 0400 PM LOCAL TIME.

CLIMATE NORMAL PERIOD 1981 TO 2010
CLIMATE RECORD PERIOD 1998 TO 2016


WEATHER ITEM   OBSERVED TIME   RECORD YEAR NORMAL DEPARTURE LAST
                VALUE   (LST)  VALUE       VALUE  FROM      YEAR
                                                  NORMAL
..................................................................
TEMPERATURE (F)
 TODAY
  MAXIMUM         54    321 PM  68    2013  58     -4       59
                                      2003
  MINIMUM         34    304 AM  27    2004  37     -3       34
  AVERAGE         44                        47     -3       47

PRECIPITATION (IN)
  TODAY            0.00          0.49 2014   0.03  -0.03     0.00
  MONTH TO DATE    0.00                      0.05  -0.05     0.00
  SINCE OCT 1      2.20                      2.08   0.12     2.23
  SINCE JAN 1     10.60                     10.37   0.23     4.55

SNOWFALL (IN)
  TODAY           MM
  MONTH TO DATE    0.0
  SINCE DEC 1      0.0
  SINCE JUL 1      0.0
  SNOW DEPTH       0

DEGREE DAYS
 HEATING
  TODAY           21                                        18
  MONTH TO DATE   40                                        38
  SINCE DEC 1     40                                        38
  SINCE JUL 1    348                                       449

 COOLING
  TODAY            0                                         0
  MONTH TO DATE    0                                         0
  SINCE DEC 1      0                                         0
  SINCE JAN 1   1819                                      2056
..................................................................


WIND (MPH)
  HIGHEST WIND SPEED     8   HIGHEST WIND DIRECTION     E (70)
  HIGHEST GUST SPEED     9   HIGHEST GUST DIRECTION     W (280)
  AVERAGE WIND SPEED     1.7




RELATIVE HUMIDITY (PERCENT)
 HIGHEST   100
 LOWEST     59
 AVERAGE    80

..........................................................


THE MADERA CA CLIMATE NORMALS FOR TOMORROW
                         NORMAL    RECORD    YEAR
 MAXIMUM TEMPERATURE (F)   57        75      2014
 MINIMUM TEMPERATURE (F)   37        26      2011


SUNRISE AND SUNSET
DECEMBER  2 2016......SUNRISE   656 AM PST   SUNSET   444 PM PST
DECEMBER  3 2016......SUNRISE   657 AM PST   SUNSET   444 PM PST


-  INDICATES NEGATIVE NUMBERS.
R  INDICATES RECORD WAS SET OR TIED.
MM INDICATES DATA IS MISSING.
T  INDICATES TRACE AMOUNT.




$$
