000
CDUS46 KHNX 300023
CLIMAE


CLIMATE REPORT
NATIONAL WEATHER SERVICE SAN JOAQUIN VALLEY, CA
423 PM PST THU JAN 29 2015


...................................

...THE MADERA CA CLIMATE SUMMARY FOR JANUARY 29 2015...
VALID AS OF 0400 PM LOCAL TIME.

CLIMATE NORMAL PERIOD 1981 TO 2010
CLIMATE RECORD PERIOD 1998 TO 2015


WEATHER ITEM   OBSERVED TIME   RECORD YEAR NORMAL DEPARTURE LAST
                VALUE   (LST)  VALUE       VALUE  FROM      YEAR
                                                  NORMAL
..................................................................
TEMPERATURE (F)
 TODAY
  MAXIMUM         61    319 PM  72    2014  57      4       72
  MINIMUM         44    641 AM  29    2002  38      6       42
  AVERAGE         53                        47      6       57

PRECIPITATION (IN)
  TODAY            0.00          0.03 2008   0.05  -0.05     0.00
  MONTH TO DATE    0.03                      2.35  -2.32     0.00
  SINCE OCT 1      3.71                      6.08  -2.37     0.69
  SINCE JAN 1      0.03                      2.35  -2.32     0.00

SNOWFALL (IN)
  TODAY            0.0
  MONTH TO DATE    0.0
  SINCE DEC 1      0.0
  SINCE JUL 1      0.0
  SNOW DEPTH       0

DEGREE DAYS
 HEATING
  TODAY           12                                         8
  MONTH TO DATE  463                                       418
  SINCE DEC 1    851                                      1071
  SINCE JUL 1   1167                                      1489

 COOLING
  TODAY            0                                         0
  MONTH TO DATE    0                                         0
  SINCE DEC 1      1                                         0
  SINCE JAN 1      0                                         0
..................................................................


WIND (MPH)
  HIGHEST WIND SPEED     7   HIGHEST WIND DIRECTION    NW (330)
  HIGHEST GUST SPEED    12   HIGHEST GUST DIRECTION    NW (330)
  AVERAGE WIND SPEED     3.3




RELATIVE HUMIDITY (PERCENT)
 HIGHEST   100
 LOWEST     75
 AVERAGE    88

..........................................................


THE MADERA CA CLIMATE NORMALS FOR TOMORROW
                         NORMAL    RECORD    YEAR
 MAXIMUM TEMPERATURE (F)   57        63      2009
 MINIMUM TEMPERATURE (F)   38        26      2002


SUNRISE AND SUNSET
JANUARY 29 2015.......SUNRISE   705 AM PST   SUNSET   522 PM PST
JANUARY 30 2015.......SUNRISE   705 AM PST   SUNSET   523 PM PST


-  INDICATES NEGATIVE NUMBERS.
R  INDICATES RECORD WAS SET OR TIED.
MM INDICATES DATA IS MISSING.
T  INDICATES TRACE AMOUNT.




$$
