000
CDUS46 KHNX 260023
CLIMAE


CLIMATE REPORT
NATIONAL WEATHER SERVICE SAN JOAQUIN VALLEY, CA
522 PM PDT SUN SEP 25 2016


...................................

...THE MADERA CA CLIMATE SUMMARY FOR SEPTEMBER 25 2016...
VALID AS OF 0400 PM LOCAL TIME.

CLIMATE NORMAL PERIOD 1981 TO 2010
CLIMATE RECORD PERIOD 1998 TO 2016


WEATHER ITEM   OBSERVED TIME   RECORD YEAR NORMAL DEPARTURE LAST
                VALUE   (LST)  VALUE       VALUE  FROM      YEAR
                                                  NORMAL
..................................................................
TEMPERATURE (F)
 TODAY
  MAXIMUM         96    328 PM 100    2015  87      9      100
  MINIMUM         56    616 AM  46    2005  54      2       62
  AVERAGE         76                        71      5       81

PRECIPITATION (IN)
  TODAY            0.00          0.02 2001   0.01  -0.01     0.00
  MONTH TO DATE    T                         0.20  -0.20     0.17
  SINCE OCT 1     12.96                     11.97   0.99     6.00
  SINCE JAN 1      8.40                      8.24   0.16     2.32

SNOWFALL (IN)
  TODAY            0.0
  MONTH TO DATE    0.0
  SINCE SEP 1      0.0
  SINCE JUL 1      0.0
  SNOW DEPTH       0

DEGREE DAYS
 HEATING
  TODAY            0                                         0
  MONTH TO DATE    3                                         0
  SINCE SEP 1      3                                         0
  SINCE JUL 1      3                                         0

 COOLING
  TODAY           11                                        16
  MONTH TO DATE  210                                       288
  SINCE SEP 1    210                                       288
  SINCE JAN 1   1705                                      1846
..................................................................


WIND (MPH)
  HIGHEST WIND SPEED    12   HIGHEST WIND DIRECTION    SE (120)
  HIGHEST GUST SPEED    13   HIGHEST GUST DIRECTION    SE (130)
  AVERAGE WIND SPEED     4.1




RELATIVE HUMIDITY (PERCENT)
 HIGHEST    67
 LOWEST     15
 AVERAGE    41

..........................................................


THE MADERA CA CLIMATE NORMALS FOR TOMORROW
                         NORMAL    RECORD    YEAR
 MAXIMUM TEMPERATURE (F)   87       100      2009
 MINIMUM TEMPERATURE (F)   54        49      2013


SUNRISE AND SUNSET
SEPTEMBER 25 2016.....SUNRISE   651 AM PDT   SUNSET   652 PM PDT
SEPTEMBER 26 2016.....SUNRISE   652 AM PDT   SUNSET   650 PM PDT


-  INDICATES NEGATIVE NUMBERS.
R  INDICATES RECORD WAS SET OR TIED.
MM INDICATES DATA IS MISSING.
T  INDICATES TRACE AMOUNT.




$$
