000
CDUS46 KHNX 310825
CLIMAE


CLIMATE REPORT
NATIONAL WEATHER SERVICE SAN JOAQUIN VALLEY, CA
124 AM PDT FRI JUL 31 2015


...................................

...THE MADERA CA AIRPORT CLIMATE SUMMARY FOR JULY 30 2015...

CLIMATE NORMAL PERIOD 1981 TO 2010
CLIMATE RECORD PERIOD 1998 TO 2015


WEATHER ITEM   OBSERVED TIME   RECORD YEAR NORMAL DEPARTURE
                VALUE   (LST)  VALUE       VALUE  FROM
                                                  NORMAL
...............................................................
TEMPERATURE (F)
 YESTERDAY
  MAXIMUM        102    355 PM 103    2000  97      5
  MINIMUM         68    522 AM  56    2008  60      8
  AVERAGE         85                        78      7

PRECIPITATION (IN)
  YESTERDAY        0.00          T    2003   0.00   0.00
                                      2003
                                      2014
  MONTH TO DATE    0.11                      0.02   0.09
  SINCE OCT 1      5.82                     11.75  -5.93
  SINCE JAN 1      2.14                      8.02  -5.88

SNOWFALL (IN)
  YESTERDAY        0.0
  MONTH TO DATE    0.0
  SINCE JUN 1      0.0
  SINCE JUL 1      0.0
  SNOW DEPTH       0

DEGREE DAYS
 HEATING
  YESTERDAY        0
  MONTH TO DATE    0
  SINCE JUN 1      0
  SINCE JUL 1      0

 COOLING
  YESTERDAY       20
  MONTH TO DATE  464
  SINCE JUN 1    893
  SINCE JAN 1   1074
...............................................................


WIND (MPH)
  HIGHEST WIND SPEED    13   HIGHEST WIND DIRECTION    NW (310)
  HIGHEST GUST SPEED    15   HIGHEST GUST DIRECTION    NW (320)
  AVERAGE WIND SPEED     5.6




RELATIVE HUMIDITY (PERCENT)
 HIGHEST    61
 LOWEST     19
 AVERAGE    40

..........................................................


THE MADERA CA AIRPORT CLIMATE NORMALS FOR TODAY
                         NORMAL    RECORD    YEAR
 MAXIMUM TEMPERATURE (F)   97       105      2014
 MINIMUM TEMPERATURE (F)   60        54      2001


SUNRISE AND SUNSET
JULY 31 2015..........SUNRISE   605 AM PDT   SUNSET   808 PM PDT
AUGUST  1 2015........SUNRISE   606 AM PDT   SUNSET   807 PM PDT


-  INDICATES NEGATIVE NUMBERS.
R  INDICATES RECORD WAS SET OR TIED.
MM INDICATES DATA IS MISSING.
T  INDICATES TRACE AMOUNT.




$$
