000
CDUS46 KHNX 300821
CLIMAE


CLIMATE REPORT
NATIONAL WEATHER SERVICE SAN JOAQUIN VALLEY, CA
121 AM PDT MON MAR 30 2015


...................................

...THE MADERA CA AIRPORT CLIMATE SUMMARY FOR MARCH 29 2015...

CLIMATE NORMAL PERIOD 1981 TO 2010
CLIMATE RECORD PERIOD 1998 TO 2015


WEATHER ITEM   OBSERVED TIME   RECORD YEAR NORMAL DEPARTURE
                VALUE   (LST)  VALUE       VALUE  FROM
                                                  NORMAL
...............................................................
TEMPERATURE (F)
 YESTERDAY
  MAXIMUM         84    420 PM  87    2004  69     15
  MINIMUM         48    539 AM  34    1999  43      5
  AVERAGE         66                        56     10

PRECIPITATION (IN)
  YESTERDAY        0.00          0.36 2014   0.04  -0.04
  MONTH TO DATE    0.01                      1.70  -1.69
  SINCE OCT 1      4.26                     10.01  -5.75
  SINCE JAN 1      0.58                      6.28  -5.70

SNOWFALL (IN)
  YESTERDAY        0.0
  MONTH TO DATE    0.0
  SINCE MAR 1      0.0
  SINCE JUL 1      0.0
  SNOW DEPTH       0

DEGREE DAYS
 HEATING
  YESTERDAY        0
  MONTH TO DATE  127
  SINCE MAR 1    127
  SINCE JUL 1   1577

 COOLING
  YESTERDAY        1
  MONTH TO DATE   25
  SINCE MAR 1     25
  SINCE JAN 1     27
...............................................................


WIND (MPH)
  HIGHEST WIND SPEED    10   HIGHEST WIND DIRECTION     N (340)
  HIGHEST GUST SPEED    16   HIGHEST GUST DIRECTION     W (270)
  AVERAGE WIND SPEED     4.5




RELATIVE HUMIDITY (PERCENT)
 HIGHEST    77
 LOWEST     20
 AVERAGE    49

..........................................................


THE MADERA CA AIRPORT CLIMATE NORMALS FOR TODAY
                         NORMAL    RECORD    YEAR
 MAXIMUM TEMPERATURE (F)   69        83      2013
                                             2003
 MINIMUM TEMPERATURE (F)   43        34      2009


SUNRISE AND SUNSET
MARCH 30 2015.........SUNRISE   649 AM PDT   SUNSET   721 PM PDT
MARCH 31 2015.........SUNRISE   648 AM PDT   SUNSET   722 PM PDT


-  INDICATES NEGATIVE NUMBERS.
R  INDICATES RECORD WAS SET OR TIED.
MM INDICATES DATA IS MISSING.
T  INDICATES TRACE AMOUNT.




$$
