000
CDUS46 KHNX 220821
CLIMAE


CLIMATE REPORT
NATIONAL WEATHER SERVICE SAN JOAQUIN VALLEY, CA
120 AM PDT MON SEP 22 2014


...................................

...THE MADERA CA AIRPORT CLIMATE SUMMARY FOR SEPTEMBER 21 2014...

CLIMATE NORMAL PERIOD 1981 TO 2010
CLIMATE RECORD PERIOD 1998 TO 2014


WEATHER ITEM   OBSERVED TIME   RECORD YEAR NORMAL DEPARTURE
                VALUE   (LST)  VALUE       VALUE  FROM
                                                  NORMAL
...............................................................
TEMPERATURE (F)
 YESTERDAY
  MAXIMUM         89    354 PM 100    2003  89      0
  MINIMUM         62    618 AM  46    2004  55      7
  AVERAGE         76                        72      4

PRECIPITATION (IN)
  YESTERDAY        0.00          T    2007   0.01  -0.01
  MONTH TO DATE    T                         0.15  -0.15
  SINCE JUL 1      T                         0.19  -0.19
  SINCE JAN 1      3.61                      8.19  -4.58

SNOWFALL (IN)
  YESTERDAY        0.0
  MONTH TO DATE    0.0
  SINCE SEP 1      0.0
  SINCE JUL 1      0.0
  SNOW DEPTH       0

DEGREE DAYS
 HEATING
  YESTERDAY        0
  MONTH TO DATE    0
  SINCE SEP 1      0
  SINCE JUL 1      0

 COOLING
  YESTERDAY       11
  MONTH TO DATE  291
  SINCE SEP 1    291
  SINCE JAN 1   2777
...............................................................


WIND (MPH)
  HIGHEST WIND SPEED    15   HIGHEST WIND DIRECTION    NW (330)
  HIGHEST GUST SPEED    20   HIGHEST GUST DIRECTION    NW (330)
  AVERAGE WIND SPEED     8.0




RELATIVE HUMIDITY (PERCENT)
 HIGHEST    73
 LOWEST     26
 AVERAGE    50

..........................................................


THE MADERA CA AIRPORT CLIMATE NORMALS FOR TODAY
                         NORMAL    RECORD    YEAR
 MAXIMUM TEMPERATURE (F)   88       102      2003
 MINIMUM TEMPERATURE (F)   55        49      2004


SUNRISE AND SUNSET
SEPTEMBER 22 2014.....SUNRISE   648 AM PDT   SUNSET   657 PM PDT
SEPTEMBER 23 2014.....SUNRISE   649 AM PDT   SUNSET   656 PM PDT


-  INDICATES NEGATIVE NUMBERS.
R  INDICATES RECORD WAS SET OR TIED.
MM INDICATES DATA IS MISSING.
T  INDICATES TRACE AMOUNT.




$$
