000
CDUS44 KMAF 220731
CLIMAF


CLIMATE REPORT
NATIONAL WEATHER SERVICE MIDLAND TX
231 AM CDT TUE AUG 22 2017


...................................

...THE MIDLAND CLIMATE SUMMARY FOR AUGUST 21 2017...

CLIMATE NORMAL PERIOD 1981 TO 2010
CLIMATE RECORD PERIOD 1930 TO 2017


WEATHER ITEM   OBSERVED TIME   RECORD YEAR NORMAL DEPARTURE LAST
                VALUE   (LST)  VALUE       VALUE  FROM      YEAR
                                                  NORMAL
..................................................................
TEMPERATURE (F)
 YESTERDAY
  MAXIMUM         93    424 PM 102    1964  93      0       85
  MINIMUM         72    650 AM  54    1947  69      3       68
  AVERAGE         83                        81      2       77

PRECIPITATION (IN)
  YESTERDAY        0.00          1.27 1958   0.06  -0.06     0.00
  MONTH TO DATE    1.87                      1.18   0.69     2.62
  SINCE JUN 1      6.40                      4.80   1.60     6.02
  SINCE JAN 1     12.09                      9.06   3.03     9.76

DEGREE DAYS
 COOLING
  YESTERDAY       18                        16      2       12
  MONTH TO DATE  366                       352     14      398
  SINCE JUN 1   1549                      1345    204     1610
  SINCE JAN 1   2110                      1734    376     2090
..................................................................


WIND (MPH)
  HIGHEST WIND SPEED    18   HIGHEST WIND DIRECTION     S (190)
  HIGHEST GUST SPEED    23   HIGHEST GUST DIRECTION    SW (240)
  AVERAGE WIND SPEED    10.3


SKY COVER
  POSSIBLE SUNSHINE  MM
  AVERAGE SKY COVER 0.1


WEATHER CONDITIONS
 THE FOLLOWING WEATHER WAS RECORDED YESTERDAY.
  NO SIGNIFICANT WEATHER WAS OBSERVED.


RELATIVE HUMIDITY (PERCENT)
 HIGHEST    73           600 AM
 LOWEST     32           600 PM
 AVERAGE    53

..........................................................


THE MIDLAND CLIMATE NORMALS FOR TODAY
                         NORMAL    RECORD    YEAR
 MAXIMUM TEMPERATURE (F)   93       103      1985
 MINIMUM TEMPERATURE (F)   68        52      1947


SUNRISE AND SUNSET
AUGUST 22 2017........SUNRISE   718 AM CDT   SUNSET   824 PM CDT
AUGUST 23 2017........SUNRISE   719 AM CDT   SUNSET   823 PM CDT


-  INDICATES NEGATIVE NUMBERS.
R  INDICATES RECORD WAS SET OR TIED.
MM INDICATES DATA IS MISSING.
T  INDICATES TRACE AMOUNT.




$$
