000
CDUS44 KMAF 190733
CLIMAF


CLIMATE REPORT
NATIONAL WEATHER SERVICE MIDLAND/ODESSA TX
233 AM CDT FRI SEP 19 2014


...................................

...THE MIDLAND CLIMATE SUMMARY FOR SEPTEMBER 18 2014...

CLIMATE NORMAL PERIOD 1981 TO 2010
CLIMATE RECORD PERIOD 1930 TO 2014


WEATHER ITEM   OBSERVED TIME   RECORD YEAR NORMAL DEPARTURE LAST
                VALUE   (LST)  VALUE       VALUE  FROM      YEAR
                                                  NORMAL
..................................................................
TEMPERATURE (F)
 YESTERDAY
  MAXIMUM         80    208 PM  98    2005  86     -6       87
                                      2002
                                      1997
  MINIMUM         69   1210 AM  47    1991  61      8       69
                                      1971
  AVERAGE         75                        74      1       78

PRECIPITATION (IN)
  YESTERDAY        0.23          1.50 1988   0.06   0.17      T
  MONTH TO DATE    1.09                      1.18  -0.09     0.06
  SINCE SEP 1      1.09                      1.18  -0.09     0.06
  SINCE JAN 1      5.83                     10.90  -5.07     4.63

DEGREE DAYS
 HEATING
  YESTERDAY        0                         0      0        0
  MONTH TO DATE   14                         0     14        0
  SINCE SEP 1     14                         0     14        0
  SINCE JUL 1     14                         0     14        0

 COOLING
  YESTERDAY       10                         9      1       13
  MONTH TO DATE  216                       206     10      285
  SINCE SEP 1    216                       206     10      285
  SINCE JAN 1   2413                      2090    323     2460
..................................................................


WIND (MPH)
  HIGHEST WIND SPEED    24   HIGHEST WIND DIRECTION     E (70)
  HIGHEST GUST SPEED    30   HIGHEST GUST DIRECTION    NE (60)
  AVERAGE WIND SPEED     9.4


SKY COVER
  POSSIBLE SUNSHINE  MM
  AVERAGE SKY COVER 0.7


WEATHER CONDITIONS
 THE FOLLOWING WEATHER WAS RECORDED YESTERDAY.
  THUNDERSTORM
  RAIN
  LIGHT RAIN
  FOG
  HAZE


RELATIVE HUMIDITY (PERCENT)
 HIGHEST    93           500 AM
 LOWEST     71           300 PM
 AVERAGE    82

..........................................................


THE MIDLAND CLIMATE NORMALS FOR TODAY
                         NORMAL    RECORD    YEAR
 MAXIMUM TEMPERATURE (F)   86       105      1930
 MINIMUM TEMPERATURE (F)   61        42      1991


SUNRISE AND SUNSET
SEPTEMBER 19 2014.....SUNRISE   735 AM CDT   SUNSET   749 PM CDT
SEPTEMBER 20 2014.....SUNRISE   736 AM CDT   SUNSET   748 PM CDT


-  INDICATES NEGATIVE NUMBERS.
R  INDICATES RECORD WAS SET OR TIED.
MM INDICATES DATA IS MISSING.
T  INDICATES TRACE AMOUNT.




$$
