000
CDUS44 KMAF 250730
CLIMAF


CLIMATE REPORT
NATIONAL WEATHER SERVICE MIDLAND TX
230 AM CDT SUN SEP 25 2016


...................................

...THE MIDLAND CLIMATE SUMMARY FOR SEPTEMBER 24 2016...

CLIMATE NORMAL PERIOD 1981 TO 2010
CLIMATE RECORD PERIOD 1930 TO 2016


WEATHER ITEM   OBSERVED TIME   RECORD YEAR NORMAL DEPARTURE LAST
                VALUE   (LST)  VALUE       VALUE  FROM      YEAR
                                                  NORMAL
..................................................................
TEMPERATURE (F)
 YESTERDAY
  MAXIMUM         90    240 PM 101    1977  84      6       90
  MINIMUM         68   1159 PM  36    1989  59      9       66
  AVERAGE         79                        72      7       78

PRECIPITATION (IN)
  YESTERDAY        T             1.77 1961   0.06  -0.06     0.04
  MONTH TO DATE    1.98                      1.52   0.46     1.77
  SINCE SEP 1      1.98                      1.52   0.46     1.77
  SINCE JAN 1     12.32                     11.24   1.08    15.78

DEGREE DAYS
 HEATING
  YESTERDAY        0                         1     -1        0
  MONTH TO DATE    0                         4     -4        0
  SINCE SEP 1      0                         4     -4        0
  SINCE JUL 1      0                         4     -4        0

 COOLING
  YESTERDAY       14                         8      6       13
  MONTH TO DATE  354                       256     98      391
  SINCE SEP 1    354                       256     98      391
  SINCE JAN 1   2586                      2140    446     2435
..................................................................


WIND (MPH)
  HIGHEST WIND SPEED    21   HIGHEST WIND DIRECTION    SE (150)
  HIGHEST GUST SPEED    25   HIGHEST GUST DIRECTION    SE (150)
  AVERAGE WIND SPEED    10.8


SKY COVER
  POSSIBLE SUNSHINE  MM
  AVERAGE SKY COVER 0.4


WEATHER CONDITIONS
 THE FOLLOWING WEATHER WAS RECORDED YESTERDAY.
  NO SIGNIFICANT WEATHER WAS OBSERVED.


RELATIVE HUMIDITY (PERCENT)
 HIGHEST    79           700 AM
 LOWEST     29           200 PM
 AVERAGE    54

..........................................................


THE MIDLAND CLIMATE NORMALS FOR TODAY
                         NORMAL    RECORD    YEAR
 MAXIMUM TEMPERATURE (F)   84       102      2005
                                             1977
 MINIMUM TEMPERATURE (F)   59        42      2000
                                             1989


SUNRISE AND SUNSET
SEPTEMBER 25 2016.....SUNRISE   739 AM CDT   SUNSET   741 PM CDT
SEPTEMBER 26 2016.....SUNRISE   740 AM CDT   SUNSET   739 PM CDT


-  INDICATES NEGATIVE NUMBERS.
R  INDICATES RECORD WAS SET OR TIED.
MM INDICATES DATA IS MISSING.
T  INDICATES TRACE AMOUNT.




$$
