000
CDUS44 KMAF 270731
CLIMAF


CLIMATE REPORT
NATIONAL WEATHER SERVICE MIDLAND/ODESSA TX
231 AM CDT WED MAY 27 2015


...................................

...THE MIDLAND CLIMATE SUMMARY FOR MAY 26 2015...

CLIMATE NORMAL PERIOD 1981 TO 2010
CLIMATE RECORD PERIOD 1930 TO 2015


WEATHER ITEM   OBSERVED TIME   RECORD YEAR NORMAL DEPARTURE LAST
                VALUE   (LST)  VALUE       VALUE  FROM      YEAR
                                                  NORMAL
..................................................................
TEMPERATURE (F)
 YESTERDAY
  MAXIMUM         89    454 PM 100    1991  90     -1       85
                                      1945
  MINIMUM         57    545 AM  48    1950  63     -6       62
                                      1947
  AVERAGE         73                        76     -3       74

PRECIPITATION (IN)
  YESTERDAY        0.00          2.97 1941   0.07  -0.07     0.00
  MONTH TO DATE    3.13                      1.36   1.77     2.26
  SINCE MAR 1      6.08                      2.61   3.47     2.90
  SINCE JAN 1      8.77                      3.88   4.89     3.16

DEGREE DAYS
 COOLING
  YESTERDAY        8                        12     -4        9
  MONTH TO DATE  182                       221    -39      244
  SINCE MAR 1    312                       327    -15      411
  SINCE JAN 1    313                       329    -16      413
..................................................................


WIND (MPH)
  HIGHEST WIND SPEED    20   HIGHEST WIND DIRECTION    SW (210)
  HIGHEST GUST SPEED    26   HIGHEST GUST DIRECTION     S (200)
  AVERAGE WIND SPEED    10.2


SKY COVER
  POSSIBLE SUNSHINE  MM
  AVERAGE SKY COVER 0.0


WEATHER CONDITIONS
 THE FOLLOWING WEATHER WAS RECORDED YESTERDAY.
  NO SIGNIFICANT WEATHER WAS OBSERVED.


RELATIVE HUMIDITY (PERCENT)
 HIGHEST    93           600 AM
 LOWEST     16           500 PM
 AVERAGE    55

..........................................................


THE MIDLAND CLIMATE NORMALS FOR TODAY
                         NORMAL    RECORD    YEAR
 MAXIMUM TEMPERATURE (F)   90       106      2011
 MINIMUM TEMPERATURE (F)   63        48      1947


SUNRISE AND SUNSET
MAY 27 2015...........SUNRISE   645 AM CDT   SUNSET   847 PM CDT
MAY 28 2015...........SUNRISE   645 AM CDT   SUNSET   847 PM CDT


-  INDICATES NEGATIVE NUMBERS.
R  INDICATES RECORD WAS SET OR TIED.
MM INDICATES DATA IS MISSING.
T  INDICATES TRACE AMOUNT.




$$
