039
CDUS44 KMAF 080830
CLIMAF


CLIMATE REPORT
NATIONAL WEATHER SERVICE MIDLAND TX
230 AM CST MON FEB 8 2016


...................................

...THE MIDLAND CLIMATE SUMMARY FOR FEBRUARY 7 2016...

CLIMATE NORMAL PERIOD 1981 TO 2010
CLIMATE RECORD PERIOD 1930 TO 2016


WEATHER ITEM   OBSERVED TIME   RECORD YEAR NORMAL DEPARTURE LAST
                VALUE   (LST)  VALUE       VALUE  FROM      YEAR
                                                  NORMAL
..................................................................
TEMPERATURE (F)
 YESTERDAY
  MAXIMUM         71    350 PM  83    1932  61     10       81
  MINIMUM         34    808 AM   2    1933  33      1       41
  AVERAGE         53                        47      6       61

PRECIPITATION (IN)
  YESTERDAY        0.00          0.61 1973   0.03  -0.03     0.00
  MONTH TO DATE    0.00                      0.17  -0.17     0.00
  SINCE DEC 1      1.42                      1.33   0.09     2.65
  SINCE JAN 1      0.18                      0.73  -0.55     2.43

SNOWFALL (IN)
  YESTERDAY        0.0
  MONTH TO DATE    0.0
  SINCE DEC 1      8.0
  SINCE JUL 1      8.0
  SNOW DEPTH       0

DEGREE DAYS
 HEATING
  YESTERDAY       12                        18     -6        4
  MONTH TO DATE  137                       132      5      121
  SINCE DEC 1   1250                      1425   -175     1319
  SINCE JUL 1   1602                      1904   -302     1767
..................................................................


WIND (MPH)
  HIGHEST WIND SPEED    21   HIGHEST WIND DIRECTION    NW (320)
  HIGHEST GUST SPEED    27   HIGHEST GUST DIRECTION     W (290)
  AVERAGE WIND SPEED    11.6


SKY COVER
  POSSIBLE SUNSHINE  MM
  AVERAGE SKY COVER 0.0


WEATHER CONDITIONS
 THE FOLLOWING WEATHER WAS RECORDED YESTERDAY.
  NO SIGNIFICANT WEATHER WAS OBSERVED.


RELATIVE HUMIDITY (PERCENT)
 HIGHEST    47           800 AM
 LOWEST     14           200 PM
 AVERAGE    31

..........................................................


THE MIDLAND CLIMATE NORMALS FOR TODAY
                         NORMAL    RECORD    YEAR
 MAXIMUM TEMPERATURE (F)   61        83      1994
 MINIMUM TEMPERATURE (F)   33       -11      1933


SUNRISE AND SUNSET
FEBRUARY  8 2016......SUNRISE   737 AM CST   SUNSET   629 PM CST
FEBRUARY  9 2016......SUNRISE   737 AM CST   SUNSET   630 PM CST


-  INDICATES NEGATIVE NUMBERS.
R  INDICATES RECORD WAS SET OR TIED.
MM INDICATES DATA IS MISSING.
T  INDICATES TRACE AMOUNT.




$$
