000
CDUS44 KMAF 040730
CLIMAF


CLIMATE REPORT
NATIONAL WEATHER SERVICE MIDLAND TX
230 AM CDT FRI SEP 4 2015


...................................

...THE MIDLAND CLIMATE SUMMARY FOR SEPTEMBER 3 2015...

CLIMATE NORMAL PERIOD 1981 TO 2010
CLIMATE RECORD PERIOD 1930 TO 2015


WEATHER ITEM   OBSERVED TIME   RECORD YEAR NORMAL DEPARTURE LAST
                VALUE   (LST)  VALUE       VALUE  FROM      YEAR
                                                  NORMAL
..................................................................
TEMPERATURE (F)
 YESTERDAY
  MAXIMUM         96    430 PM 101    2012  91      5       93
                                      1985
                                      1939
  MINIMUM         68    657 AM  55    1974  66      2       74
  AVERAGE         82                        78      4       84

PRECIPITATION (IN)
  YESTERDAY        0.00          1.69 1986   0.07  -0.07     0.00
  MONTH TO DATE    0.00                      0.19  -0.19     0.00
  SINCE SEP 1      0.00                      0.19  -0.19     0.00
  SINCE JAN 1     14.01                      9.91   4.10     4.74

DEGREE DAYS
 HEATING
  YESTERDAY        0                         0      0        0
  MONTH TO DATE    0                         0      0        0
  SINCE SEP 1      0                         0      0        0
  SINCE JUL 1      0                         0      0        0

 COOLING
  YESTERDAY       17                        13      4       19
  MONTH TO DATE   50                        41      9       70
  SINCE SEP 1     50                        41      9       70
  SINCE JAN 1   2094                      1925    169     2256
..................................................................


WIND (MPH)
  HIGHEST WIND SPEED    20   HIGHEST WIND DIRECTION    SE (150)
  HIGHEST GUST SPEED    26   HIGHEST GUST DIRECTION    SE (140)
  AVERAGE WIND SPEED     8.9


SKY COVER
  POSSIBLE SUNSHINE  MM
  AVERAGE SKY COVER 0.0


WEATHER CONDITIONS
 THE FOLLOWING WEATHER WAS RECORDED YESTERDAY.
  NO SIGNIFICANT WEATHER WAS OBSERVED.


RELATIVE HUMIDITY (PERCENT)
 HIGHEST    68           700 AM
 LOWEST     20           400 PM
 AVERAGE    44

..........................................................


THE MIDLAND CLIMATE NORMALS FOR TODAY
                         NORMAL    RECORD    YEAR
 MAXIMUM TEMPERATURE (F)   90       101      2000
 MINIMUM TEMPERATURE (F)   66        51      1984


SUNRISE AND SUNSET
SEPTEMBER  4 2015.....SUNRISE   726 AM CDT   SUNSET   809 PM CDT
SEPTEMBER  5 2015.....SUNRISE   726 AM CDT   SUNSET   808 PM CDT


-  INDICATES NEGATIVE NUMBERS.
R  INDICATES RECORD WAS SET OR TIED.
MM INDICATES DATA IS MISSING.
T  INDICATES TRACE AMOUNT.




$$
