000
CDUS42 KTAE 290632
CLIMAI


CLIMATE REPORT
NATIONAL WEATHER SERVICE TALLAHASSEE FL
232 AM EDT WED JUL 29 2015


...................................

...THE MARIANNA CLIMATE SUMMARY FOR JULY 28 2015...

CLIMATE NORMAL PERIOD 1981 TO 2010
CLIMATE RECORD PERIOD 1950 TO 2015


WEATHER ITEM   OBSERVED NORMAL DEPARTURE LAST
                VALUE   VALUE  FROM      YEAR
                               NORMAL
...............................................
TEMPERATURE (F)
 YESTERDAY
  MAXIMUM         98     91      7       96
  MINIMUM         75     73      2       72
  AVERAGE         87     82      5       84

PRECIPITATION (IN)
  YESTERDAY        0.00   0.14  -0.14     0.54
  MONTH TO DATE    4.42   4.67  -0.25     4.83
  SINCE JUN 1      8.34  10.24  -1.90     7.50
  SINCE JAN 1     33.91  32.46   1.45    39.22

DEGREE DAYS
 HEATING
  YESTERDAY        0             0
  MONTH TO DATE    0             0
  SINCE JUN 1      0             0
  SINCE JUL 1      0             0

 COOLING
  YESTERDAY       22             5
  MONTH TO DATE  535            59
  SINCE JUN 1   1021            86
  SINCE JAN 1   1701           296
...............................................


WIND (MPH)
  HIGHEST WIND SPEED     9   HIGHEST WIND DIRECTION     W (280)
  HIGHEST GUST SPEED    14   HIGHEST GUST DIRECTION    NE (50)
  AVERAGE WIND SPEED     2.0




RELATIVE HUMIDITY (PERCENT)
 HIGHEST   100
 LOWEST     42
 AVERAGE    71

..........................................................




SUNRISE AND SUNSET
JULY 29 2015..........SUNRISE   556 AM CDT   SUNSET   738 PM CDT
JULY 30 2015..........SUNRISE   557 AM CDT   SUNSET   737 PM CDT


-  INDICATES NEGATIVE NUMBERS.
R  INDICATES RECORD WAS SET OR TIED.
MM INDICATES DATA IS MISSING.
T  INDICATES TRACE AMOUNT.




$$
