899
CDUS42 KTAE 220633
CLIMAI


CLIMATE REPORT
NATIONAL WEATHER SERVICE TALLAHASSEE FL
231 AM EDT SUN OCT 22 2017

...................................

...THE MARIANNA CLIMATE SUMMARY FOR OCTOBER 21 2017...

CLIMATE NORMAL PERIOD 1981 TO 2010
CLIMATE RECORD PERIOD 1950 TO 2017


WEATHER ITEM   OBSERVED NORMAL DEPARTURE LAST
                VALUE   VALUE  FROM      YEAR
                               NORMAL
...............................................
TEMPERATURE (F)
 YESTERDAY
  MAXIMUM         86     79      7       80
  MINIMUM         62     55      7       51
  AVERAGE         74     67      7       66

PRECIPITATION (IN)
  YESTERDAY        0.00   0.11  -0.11     0.00
  MONTH TO DATE    0.46   2.24  -1.78     0.23
  SINCE SEP 1      3.59   6.04  -2.45     4.04
  SINCE JAN 1     43.29  44.37  -1.08    37.83

DEGREE DAYS
 HEATING
  YESTERDAY        0            -2
  MONTH TO DATE    1           -18
  SINCE SEP 1      3           -17
  SINCE JUL 1      3           -17

 COOLING
  YESTERDAY        9             5
  MONTH TO DATE  246           120
  SINCE SEP 1    658           145
  SINCE JAN 1   2921           443
...............................................


WIND (MPH)
  HIGHEST WIND SPEED    16   HIGHEST WIND DIRECTION     E (110)
  HIGHEST GUST SPEED    23   HIGHEST GUST DIRECTION     E (110)
  AVERAGE WIND SPEED     6.2




RELATIVE HUMIDITY (PERCENT)
 HIGHEST   100
 LOWEST     44
 AVERAGE    72

..........................................................




SUNRISE AND SUNSET
OCTOBER 22 2017.......SUNRISE   648 AM CDT   SUNSET   602 PM CDT
OCTOBER 23 2017.......SUNRISE   649 AM CDT   SUNSET   601 PM CDT


-  INDICATES NEGATIVE NUMBERS.
R  INDICATES RECORD WAS SET OR TIED.
MM INDICATES DATA IS MISSING.
T  INDICATES TRACE AMOUNT.

$$
