000
CDUS42 KTAE 080637
CLIMAI


CLIMATE REPORT
NATIONAL WEATHER SERVICE TALLAHASSEE FL
236 AM EDT WED JUL 8 2015


...................................

...THE MARIANNA CLIMATE SUMMARY FOR JULY 7 2015...

CLIMATE NORMAL PERIOD 1981 TO 2010
CLIMATE RECORD PERIOD 1950 TO 2015


WEATHER ITEM   OBSERVED NORMAL DEPARTURE LAST
                VALUE   VALUE  FROM      YEAR
                               NORMAL
...............................................
TEMPERATURE (F)
 YESTERDAY
  MAXIMUM         93     92      1       96
  MINIMUM         72     72      0       70
  AVERAGE         83     82      1       83

PRECIPITATION (IN)
  YESTERDAY        0.00   0.17  -0.17    MM
  MONTH TO DATE    1.56   1.27   0.29      T
  SINCE JUN 1      5.48   6.84  -1.36     2.67
  SINCE JAN 1     31.05  29.06   1.99    34.39

DEGREE DAYS
 HEATING
  YESTERDAY        0             0
  MONTH TO DATE    0             0
  SINCE JUN 1      0             0
  SINCE JUL 1      0             0

 COOLING
  YESTERDAY       18             1
  MONTH TO DATE  109           -10
  SINCE JUN 1    595            17
  SINCE JAN 1   1275           227
...............................................


WIND (MPH)
  HIGHEST WIND SPEED    10   HIGHEST WIND DIRECTION     S (180)
  HIGHEST GUST SPEED    13   HIGHEST GUST DIRECTION    NW (310)
  AVERAGE WIND SPEED     2.6




RELATIVE HUMIDITY (PERCENT)
 HIGHEST   100
 LOWEST     49
 AVERAGE    75

..........................................................




SUNRISE AND SUNSET
JULY  8 2015..........SUNRISE   544 AM CDT   SUNSET   747 PM CDT
JULY  9 2015..........SUNRISE   545 AM CDT   SUNSET   747 PM CDT


-  INDICATES NEGATIVE NUMBERS.
R  INDICATES RECORD WAS SET OR TIED.
MM INDICATES DATA IS MISSING.
T  INDICATES TRACE AMOUNT.




$$
