527
CDUS43 KABR 260910
CLIMBG


CLIMATE REPORT
NATIONAL WEATHER SERVICE ABERDEEN SD
409 AM CDT MON SEP 26 2016


...................................

...THE MOBRIDGE SD CLIMATE SUMMARY FOR SEPTEMBER 25 2016...

CLIMATE NORMAL PERIOD 1981 TO 2010
CLIMATE RECORD PERIOD 1911 TO 2016


WEATHER ITEM   OBSERVED TIME   RECORD YEAR NORMAL DEPARTURE LAST
                VALUE   (LST)  VALUE       VALUE  FROM      YEAR
                                                  NORMAL
..................................................................
TEMPERATURE (F)
 YESTERDAY
  MAXIMUM         67    337 PM  94    1949  70     -3       82
  MINIMUM         44   1129 PM  18    1928  43      1       56
  AVERAGE         56                        56      0       69

PRECIPITATION (IN)
  YESTERDAY        0.00          0.56 1915   0.05  -0.05     0.00
  MONTH TO DATE    0.60                      1.28  -0.68     0.74
  SINCE SEP 1      0.60                      1.28  -0.68     0.74
  SINCE JAN 1     17.57                     15.19   2.38    21.16

DEGREE DAYS
 HEATING
  YESTERDAY        9                         9      0        0
  MONTH TO DATE   70                       135    -65       37
  SINCE SEP 1     70                       135    -65       37
  SINCE JUL 1     84                       168    -84       59

 COOLING
  YESTERDAY        0                         1     -1        4
  MONTH TO DATE   66                        59      7      114
  SINCE SEP 1     66                        59      7      114
  SINCE JAN 1    944                       640    304      826
..................................................................


WIND (MPH)
  HIGHEST WIND SPEED    36   HIGHEST WIND DIRECTION    NW (310)
  HIGHEST GUST SPEED    48   HIGHEST GUST DIRECTION    NW (310)
  AVERAGE WIND SPEED    21.4


SKY COVER
  POSSIBLE SUNSHINE  MM
  AVERAGE SKY COVER 0.4


WEATHER CONDITIONS
 THE FOLLOWING WEATHER WAS RECORDED YESTERDAY.
  NO SIGNIFICANT WEATHER WAS OBSERVED.


RELATIVE HUMIDITY (PERCENT)
 HIGHEST    83           600 AM
 LOWEST     24           500 PM
 AVERAGE    54

..........................................................


THE MOBRIDGE SD CLIMATE NORMALS FOR TODAY
                         NORMAL    RECORD    YEAR
 MAXIMUM TEMPERATURE (F)   69        94      1952
 MINIMUM TEMPERATURE (F)   43        20      1942


SUNRISE AND SUNSET
SEPTEMBER 26 2016.....SUNRISE   734 AM CDT   SUNSET   730 PM CDT
SEPTEMBER 27 2016.....SUNRISE   735 AM CDT   SUNSET   728 PM CDT


-  INDICATES NEGATIVE NUMBERS.
R  INDICATES RECORD WAS SET OR TIED.
MM INDICATES DATA IS MISSING.
T  INDICATES TRACE AMOUNT.




$$
