000
CDUS43 KABR 102344
CLIMBG


CLIMATE REPORT
NATIONAL WEATHER SERVICE ABERDEEN SD
541 PM CST SUN DEC 10 2017


...................................

...THE MOBRIDGE SD CLIMATE SUMMARY FOR DECEMBER 10 2017...
VALID TODAY AS OF 0500 PM LOCAL TIME.

CLIMATE NORMAL PERIOD 1981 TO 2010
CLIMATE RECORD PERIOD 1911 TO 2017


WEATHER ITEM   OBSERVED TIME   RECORD YEAR NORMAL DEPARTURE LAST
                VALUE   (LST)  VALUE       VALUE  FROM      YEAR
                                                  NORMAL
..................................................................
TEMPERATURE (F)
 TODAY
  MAXIMUM         48    345 PM  60    1979  30     18        7
  MINIMUM         29    829 AM -41    1917   9     20       -9
  AVERAGE         39                        19     20       -1

PRECIPITATION (IN)
  TODAY            0.00          0.16 1970   0.01  -0.01     0.09
                                      1949
  MONTH TO DATE    0.27                      0.08   0.19     0.24
  SINCE DEC 1      0.27                      0.08   0.19     0.24
  SINCE JAN 1     15.33                     17.51  -2.18    19.37

SNOWFALL (IN)
  TODAY            0.0
  MONTH TO DATE    3.0
  SINCE OCT 1      3.4
  SINCE JUL 1      3.4
  SNOW DEPTH      MM

DEGREE DAYS
 HEATING
  TODAY           26                        46    -20       66
  MONTH TO DATE  343                       439    -96      485
  SINCE DEC 1    343                       439    -96      485
  SINCE JUL 1   1844                      2205   -361     1636

 COOLING
  TODAY            0                         0      0        0
  MONTH TO DATE    0                         0      0        0
  SINCE DEC 1      0                         0      0        0
  SINCE JAN 1    791                       644    147      961
..................................................................


WIND (MPH)
  HIGHEST WIND SPEED    20   HIGHEST WIND DIRECTION    NW (300)
  HIGHEST GUST SPEED    26   HIGHEST GUST DIRECTION    NW (300)
  AVERAGE WIND SPEED    10.4


SKY COVER
  POSSIBLE SUNSHINE  MM
  AVERAGE SKY COVER 0.1


WEATHER CONDITIONS
 THE FOLLOWING WEATHER WAS RECORDED TODAY.
  NO SIGNIFICANT WEATHER WAS OBSERVED.


RELATIVE HUMIDITY (PERCENT)
 HIGHEST    69           400 AM
 LOWEST     42           100 PM
 AVERAGE    56

..........................................................


THE MOBRIDGE SD CLIMATE NORMALS FOR TOMORROW
                         NORMAL    RECORD    YEAR
 MAXIMUM TEMPERATURE (F)   30        64      1939
 MINIMUM TEMPERATURE (F)    8       -22      1917


SUNRISE AND SUNSET
DECEMBER 10 2017......SUNRISE   811 AM CST   SUNSET   458 PM CST
DECEMBER 11 2017......SUNRISE   812 AM CST   SUNSET   458 PM CST


-  INDICATES NEGATIVE NUMBERS.
R  INDICATES RECORD WAS SET OR TIED.
MM INDICATES DATA IS MISSING.
T  INDICATES TRACE AMOUNT.




$$
