000
CDUS43 KABR 081005
CLIMBG


CLIMATE REPORT
NATIONAL WEATHER SERVICE ABERDEEN SD
405 AM CST MON FEB 8 2016


...................................

...THE MOBRIDGE SD CLIMATE SUMMARY FOR FEBRUARY 7 2016...

CLIMATE NORMAL PERIOD 1981 TO 2010
CLIMATE RECORD PERIOD 1911 TO 2016


WEATHER ITEM   OBSERVED TIME   RECORD YEAR NORMAL DEPARTURE LAST
                VALUE   (LST)  VALUE       VALUE  FROM      YEAR
                                                  NORMAL
..................................................................
TEMPERATURE (F)
 YESTERDAY
  MAXIMUM         40   1240 AM  64    2015  29     11       64
  MINIMUM         30   1159 PM -32    1933   8     22       24
  AVERAGE         35                        18     17       44

PRECIPITATION (IN)
  YESTERDAY        T             0.23 1937   0.01  -0.01      T
  MONTH TO DATE    0.03                      0.09  -0.06     0.03
  SINCE DEC 1      0.48                      0.82  -0.34     0.76
  SINCE JAN 1      0.15                      0.38  -0.23     0.34

SNOWFALL (IN)
  YESTERDAY        T
  MONTH TO DATE    0.3
  SINCE OCT 1     11.2
  SINCE JUL 1     11.2
  SNOW DEPTH       T

DEGREE DAYS
 HEATING
  YESTERDAY       30                        46    -16       21
  MONTH TO DATE  243                       329    -86      320
  SINCE DEC 1   2870                      3296   -426     2928
  SINCE JUL 1   4164                      5062   -898     4753

 COOLING
  YESTERDAY        0                         0      0        0
  MONTH TO DATE    0                         0      0        0
  SINCE DEC 1      0                         0      0        0
  SINCE JAN 1      0                         0      0        0
..................................................................


WIND (MPH)
  HIGHEST WIND SPEED    47   HIGHEST WIND DIRECTION    NW (330)
  HIGHEST GUST SPEED    63   HIGHEST GUST DIRECTION    NW (320)
  AVERAGE WIND SPEED    28.4


SKY COVER
  POSSIBLE SUNSHINE  MM
  AVERAGE SKY COVER 0.6


WEATHER CONDITIONS
 THE FOLLOWING WEATHER WAS RECORDED YESTERDAY.
  LIGHT SNOW
  FOG


RELATIVE HUMIDITY (PERCENT)
 HIGHEST    82          1000 AM
 LOWEST     44           500 PM
 AVERAGE    63

..........................................................


THE MOBRIDGE SD CLIMATE NORMALS FOR TODAY
                         NORMAL    RECORD    YEAR
 MAXIMUM TEMPERATURE (F)   29        66      1954
 MINIMUM TEMPERATURE (F)    8       -31      1933


SUNRISE AND SUNSET
FEBRUARY  8 2016......SUNRISE   754 AM CST   SUNSET   558 PM CST
FEBRUARY  9 2016......SUNRISE   753 AM CST   SUNSET   559 PM CST


-  INDICATES NEGATIVE NUMBERS.
R  INDICATES RECORD WAS SET OR TIED.
MM INDICATES DATA IS MISSING.
T  INDICATES TRACE AMOUNT.




$$
