000
CDUS43 KABR 300905
CLIMBG


CLIMATE REPORT
NATIONAL WEATHER SERVICE ABERDEEN SD
404 AM CDT THU JUL 30 2015


...................................

...THE MOBRIDGE SD CLIMATE SUMMARY FOR JULY 29 2015...

CLIMATE NORMAL PERIOD 1981 TO 2010
CLIMATE RECORD PERIOD 1911 TO 2015


WEATHER ITEM   OBSERVED TIME   RECORD YEAR NORMAL DEPARTURE LAST
                VALUE   (LST)  VALUE       VALUE  FROM      YEAR
                                                  NORMAL
..................................................................
TEMPERATURE (F)
 YESTERDAY
  MAXIMUM         86    335 PM 104    1933  87     -1       82
  MINIMUM         59   1159 PM  44    2004  60     -1       50
  AVERAGE         73                        74     -1       66

PRECIPITATION (IN)
  YESTERDAY        0.00          2.06 1941   0.08  -0.08     0.00
  MONTH TO DATE    2.28                      2.54  -0.26     0.53
  SINCE JUN 1      5.83                      5.70   0.13     8.44
  SINCE JAN 1     16.62                     11.72   4.90    14.56

DEGREE DAYS
 HEATING
  YESTERDAY        0                         0      0        0
  MONTH TO DATE    0                         5     -5       23
  SINCE JUN 1     18                        80    -62       98
  SINCE JUL 1      0                         5     -5       23

 COOLING
  YESTERDAY        8                         9     -1        1
  MONTH TO DATE  304                       234     70      156
  SINCE JUN 1    453                       333    120      201
  SINCE JAN 1    469                       349    120      251
..................................................................


WIND (MPH)
  HIGHEST WIND SPEED    26   HIGHEST WIND DIRECTION    NW (310)
  HIGHEST GUST SPEED    33   HIGHEST GUST DIRECTION    NW (310)
  AVERAGE WIND SPEED    11.7


SKY COVER
  POSSIBLE SUNSHINE  MM
  AVERAGE SKY COVER 0.0


WEATHER CONDITIONS
 THE FOLLOWING WEATHER WAS RECORDED YESTERDAY.
  NO SIGNIFICANT WEATHER WAS OBSERVED.


RELATIVE HUMIDITY (PERCENT)
 HIGHEST    87          1000 PM
 LOWEST     27           200 PM
 AVERAGE    57

..........................................................


THE MOBRIDGE SD CLIMATE NORMALS FOR TODAY
                         NORMAL    RECORD    YEAR
 MAXIMUM TEMPERATURE (F)   87       112      2006
 MINIMUM TEMPERATURE (F)   60        46      1971


SUNRISE AND SUNSET
JULY 30 2015..........SUNRISE   623 AM CDT   SUNSET   913 PM CDT
JULY 31 2015..........SUNRISE   624 AM CDT   SUNSET   911 PM CDT


-  INDICATES NEGATIVE NUMBERS.
R  INDICATES RECORD WAS SET OR TIED.
MM INDICATES DATA IS MISSING.
T  INDICATES TRACE AMOUNT.




$$
