000
CDUS43 KABR 231029
CLIMBG


CLIMATE REPORT
NATIONAL WEATHER SERVICE ABERDEEN SD
429 AM CST SUN NOV 23 2014


...................................

...THE MOBRIDGE SD CLIMATE SUMMARY FOR NOVEMBER 22 2014...

CLIMATE NORMAL PERIOD 1981 TO 2010
CLIMATE RECORD PERIOD 1911 TO 2014


WEATHER ITEM   OBSERVED TIME   RECORD YEAR NORMAL DEPARTURE LAST
                VALUE   (LST)  VALUE       VALUE  FROM      YEAR
                                                  NORMAL
..................................................................
TEMPERATURE (F)
 YESTERDAY
  MAXIMUM         44    353 PM  67    1912  39      5       27
  MINIMUM         25    606 AM  -8    1929  17      8        3
  AVERAGE         35                        28      7       15

PRECIPITATION (IN)
  YESTERDAY        T             0.28 1931   0.01  -0.01     0.00
  MONTH TO DATE    0.58                      0.44   0.14     0.04
  SINCE SEP 1      1.85                      3.48  -1.63     9.10
  SINCE JAN 1     21.17                     17.39   3.78    22.92

SNOWFALL (IN)
  YESTERDAY        0.0
  MONTH TO DATE    6.2
  SINCE OCT 1      6.2
  SINCE JUL 1      6.2
  SNOW DEPTH       1

DEGREE DAYS
 HEATING
  YESTERDAY       30                        37     -7       50
  MONTH TO DATE  820                       677    143      731
  SINCE SEP 1   1411                      1418     -7     1480
  SINCE JUL 1   1458                      1451      7     1493

 COOLING
  YESTERDAY        0                         0      0        0
  MONTH TO DATE    0                         0      0        0
  SINCE SEP 1     68                        63      5      116
  SINCE JAN 1    471                       644   -173      700
..................................................................


WIND (MPH)
  HIGHEST WIND SPEED    15   HIGHEST WIND DIRECTION    SE (140)
  HIGHEST GUST SPEED    17   HIGHEST GUST DIRECTION     S (170)
  AVERAGE WIND SPEED     6.6


SKY COVER
  POSSIBLE SUNSHINE  MM
  AVERAGE SKY COVER 0.1


WEATHER CONDITIONS
 THE FOLLOWING WEATHER WAS RECORDED YESTERDAY.
  LIGHT RAIN


RELATIVE HUMIDITY (PERCENT)
 HIGHEST    92           300 AM
 LOWEST     62           200 PM
 AVERAGE    77

..........................................................


THE MOBRIDGE SD CLIMATE NORMALS FOR TODAY
                         NORMAL    RECORD    YEAR
 MAXIMUM TEMPERATURE (F)   38        56      2005
                                             1957
 MINIMUM TEMPERATURE (F)   17       -10      1985


SUNRISE AND SUNSET
NOVEMBER 23 2014......SUNRISE   752 AM CST   SUNSET   504 PM CST
NOVEMBER 24 2014......SUNRISE   753 AM CST   SUNSET   503 PM CST


-  INDICATES NEGATIVE NUMBERS.
R  INDICATES RECORD WAS SET OR TIED.
MM INDICATES DATA IS MISSING.
T  INDICATES TRACE AMOUNT.




$$
