000
CDUS43 KABR 281051
CLIMBG


CLIMATE REPORT
NATIONAL WEATHER SERVICE ABERDEEN SD
550 AM CDT THU JUL 28 2016


...................................

...THE MOBRIDGE SD CLIMATE SUMMARY FOR JULY 27 2016...

CLIMATE NORMAL PERIOD 1981 TO 2010
CLIMATE RECORD PERIOD 1911 TO 2016


WEATHER ITEM   OBSERVED TIME   RECORD YEAR NORMAL DEPARTURE LAST
                VALUE   (LST)  VALUE       VALUE  FROM      YEAR
                                                  NORMAL
..................................................................
TEMPERATURE (F)
 YESTERDAY
  MAXIMUM         84    324 PM 106    1931  87     -3       94
  MINIMUM         64    323 AM  41    1915  60      4       67
                                      1948
  AVERAGE         74                        74      0       81

PRECIPITATION (IN)
  YESTERDAY        T             1.32 1914   0.10  -0.10     0.72
  MONTH TO DATE    1.10                      2.38  -1.28     2.28
  SINCE JUN 1      3.51                      5.54  -2.03     5.83
  SINCE JAN 1     13.89                     11.56   2.33    16.62

DEGREE DAYS
 HEATING
  YESTERDAY        0                         0      0        0
  MONTH TO DATE    1                         5     -4        0
  SINCE JUN 1     13                        80    -67       18
  SINCE JUL 1      1                         5     -4        0

 COOLING
  YESTERDAY        9                         9      0       16
  MONTH TO DATE  303                       216     87      291
  SINCE JUN 1    523                       315    208      440
  SINCE JAN 1    539                       331    208      456
..................................................................


WIND (MPH)
  HIGHEST WIND SPEED    16   HIGHEST WIND DIRECTION    NE (50)
  HIGHEST GUST SPEED    27   HIGHEST GUST DIRECTION    NE (40)
  AVERAGE WIND SPEED     6.7


SKY COVER
  POSSIBLE SUNSHINE  MM
  AVERAGE SKY COVER 0.6


WEATHER CONDITIONS
 THE FOLLOWING WEATHER WAS RECORDED YESTERDAY.
  LIGHT RAIN


RELATIVE HUMIDITY (PERCENT)
 HIGHEST    87           200 AM
 LOWEST     47           100 PM
 AVERAGE    67

..........................................................


THE MOBRIDGE SD CLIMATE NORMALS FOR TODAY
                         NORMAL    RECORD    YEAR
 MAXIMUM TEMPERATURE (F)   87       111      2006
 MINIMUM TEMPERATURE (F)   60        43      1915


SUNRISE AND SUNSET
JULY 28 2016..........SUNRISE   621 AM CDT   SUNSET   914 PM CDT
JULY 29 2016..........SUNRISE   623 AM CDT   SUNSET   913 PM CDT


-  INDICATES NEGATIVE NUMBERS.
R  INDICATES RECORD WAS SET OR TIED.
MM INDICATES DATA IS MISSING.
T  INDICATES TRACE AMOUNT.




$$
