000
CDUS43 KABR 281200
CLIMBG


CLIMATE REPORT
NATIONAL WEATHER SERVICE ABERDEEN SD
700 AM CDT TUE MAR 28 2017


...................................

...THE MOBRIDGE SD CLIMATE SUMMARY FOR MARCH 27 2017...

CLIMATE NORMAL PERIOD 1981 TO 2010
CLIMATE RECORD PERIOD 1911 TO 2017


WEATHER ITEM   OBSERVED TIME   RECORD YEAR NORMAL DEPARTURE LAST
                VALUE   (LST)  VALUE       VALUE  FROM      YEAR
                                                  NORMAL
..................................................................
TEMPERATURE (F)
 YESTERDAY
  MAXIMUM         63    405 PM  84    1946  48     15       60
  MINIMUM         29    632 AM  -5    1913  25      4       20
  AVERAGE         46                        37      9       40

PRECIPITATION (IN)
  YESTERDAY        0.00          1.10 1975   0.03  -0.03     0.00
  MONTH TO DATE    0.62                      0.74  -0.12     0.57
  SINCE MAR 1      0.62                      0.74  -0.12     0.57
  SINCE JAN 1      1.38                      1.47  -0.09     1.79

SNOWFALL (IN)
  YESTERDAY        0.0
  MONTH TO DATE    8.3
  SINCE OCT 1     47.3
  SINCE JUL 1     47.3
  SNOW DEPTH       0

DEGREE DAYS
 HEATING
  YESTERDAY       19                        28     -9       25
  MONTH TO DATE  860                       919    -59      663
  SINCE MAR 1    860                       919    -59      663
  SINCE JUL 1   6297                      6894   -597     5538

 COOLING
  YESTERDAY        0                         0      0        0
  MONTH TO DATE    0                         0      0        0
  SINCE MAR 1      0                         0      0        0
  SINCE JAN 1      0                         0      0        0
..................................................................


WIND (MPH)
  HIGHEST WIND SPEED    16   HIGHEST WIND DIRECTION    SE (150)
  HIGHEST GUST SPEED    19   HIGHEST GUST DIRECTION     S (160)
  AVERAGE WIND SPEED     5.7


SKY COVER
  POSSIBLE SUNSHINE  MM
  AVERAGE SKY COVER 0.3


WEATHER CONDITIONS
 THE FOLLOWING WEATHER WAS RECORDED YESTERDAY.
  FOG
  FOG W/VISIBILITY <= 1/4 MILE


RELATIVE HUMIDITY (PERCENT)
 HIGHEST    92           400 AM
 LOWEST     34           400 PM
 AVERAGE    63

..........................................................


THE MOBRIDGE SD CLIMATE NORMALS FOR TODAY
                         NORMAL    RECORD    YEAR
 MAXIMUM TEMPERATURE (F)   49        83      1946
 MINIMUM TEMPERATURE (F)   26        -4      1913


SUNRISE AND SUNSET
MARCH 28 2017.........SUNRISE   729 AM CDT   SUNSET   805 PM CDT
MARCH 29 2017.........SUNRISE   727 AM CDT   SUNSET   806 PM CDT


-  INDICATES NEGATIVE NUMBERS.
R  INDICATES RECORD WAS SET OR TIED.
MM INDICATES DATA IS MISSING.
T  INDICATES TRACE AMOUNT.




$$
