000
CDUS43 KABR 050904
CLIMBG


CLIMATE REPORT
NATIONAL WEATHER SERVICE ABERDEEN SD
403 AM CDT SUN JUL 5 2015


...................................

...THE MOBRIDGE SD CLIMATE SUMMARY FOR JULY 4 2015...

CLIMATE NORMAL PERIOD 1981 TO 2010
CLIMATE RECORD PERIOD 1911 TO 2015


WEATHER ITEM   OBSERVED TIME   RECORD YEAR NORMAL DEPARTURE LAST
                VALUE   (LST)  VALUE       VALUE  FROM      YEAR
                                                  NORMAL
..................................................................
TEMPERATURE (F)
 YESTERDAY
  MAXIMUM         90    352 PM 103    1936  84      6       85
  MINIMUM         67    402 AM  41    1915  59      8       64
  AVERAGE         79                        71      8       75

PRECIPITATION (IN)
  YESTERDAY        0.00          1.40 1916   0.08  -0.08      T
  MONTH TO DATE    1.21                      0.32   0.89     0.01
  SINCE JUN 1      4.76                      3.48   1.28     7.92
  SINCE JAN 1     15.55                      9.50   6.05    14.04

DEGREE DAYS
 HEATING
  YESTERDAY        0                         1     -1        0
  MONTH TO DATE    0                         4     -4       10
  SINCE JUN 1     18                        79    -61       85
  SINCE JUL 1      0                         4     -4       10

 COOLING
  YESTERDAY       14                         7      7       10
  MONTH TO DATE   37                        26     11       12
  SINCE JUN 1    186                       125     61       57
  SINCE JAN 1    202                       141     61      107
..................................................................


WIND (MPH)
  HIGHEST WIND SPEED    21   HIGHEST WIND DIRECTION    SE (150)
  HIGHEST GUST SPEED    25   HIGHEST GUST DIRECTION    SE (150)
  AVERAGE WIND SPEED    12.2


SKY COVER
  POSSIBLE SUNSHINE  MM
  AVERAGE SKY COVER 0.0


WEATHER CONDITIONS
 THE FOLLOWING WEATHER WAS RECORDED YESTERDAY.
  THUNDERSTORM
  FOG


RELATIVE HUMIDITY (PERCENT)
 HIGHEST   100          1200 AM
 LOWEST     55           100 PM
 AVERAGE    78

..........................................................


THE MOBRIDGE SD CLIMATE NORMALS FOR TODAY
                         NORMAL    RECORD    YEAR
 MAXIMUM TEMPERATURE (F)   84       109      1936
 MINIMUM TEMPERATURE (F)   59        38      1915


SUNRISE AND SUNSET
JULY  5 2015..........SUNRISE   559 AM CDT   SUNSET   933 PM CDT
JULY  6 2015..........SUNRISE   600 AM CDT   SUNSET   933 PM CDT


-  INDICATES NEGATIVE NUMBERS.
R  INDICATES RECORD WAS SET OR TIED.
MM INDICATES DATA IS MISSING.
T  INDICATES TRACE AMOUNT.




$$
