081
CDUS43 KDTX 130536
CLIMBS


CLIMATE REPORT
NATIONAL WEATHER SERVICE DETROIT/PONTIAC MI
1236 AM EST WED DEC 13 2017


...................................

...THE TRI CITIES MI CLIMATE SUMMARY FOR DECEMBER 12 2017...

CLIMATE NORMAL PERIOD 1981 TO 2010
CLIMATE RECORD PERIOD 1898 TO 2017


WEATHER ITEM   OBSERVED TIME   NORMAL DEPARTURE LAST
                VALUE   (LST)  VALUE  FROM      YEAR
                                      NORMAL
......................................................
TEMPERATURE (F)
 YESTERDAY
  MAXIMUM         28    155 AM  34     -6       31
  MINIMUM         14    819 PM  22     -8       27
  AVERAGE         21            28     -7

PRECIPITATION (IN)
  YESTERDAY        T             0.05  -0.05
  MONTH TO DATE    0.20          0.79  -0.59
  SINCE DEC 1      0.20          0.79  -0.59
  SINCE JAN 1     36.92         30.47   6.45

SNOWFALL (IN)
  YESTERDAY        T
  MONTH TO DATE    2.0
  SINCE DEC 1      2.0
  SINCE JUL 1      2.0
  SNOW DEPTH       4

DEGREE DAYS
 HEATING
  YESTERDAY       44                    7
  MONTH TO DATE  397                  -21
  SINCE DEC 1    397                  -21
  SINCE JUL 1   1628                 -263

 COOLING
  YESTERDAY        0                    0
  MONTH TO DATE    0                    0
  SINCE DEC 1      0                    0
  SINCE JAN 1    665                  108
......................................................


WIND (MPH)
  HIGHEST WIND SPEED    30   HIGHEST WIND DIRECTION    NW (330)
  HIGHEST GUST SPEED    41   HIGHEST GUST DIRECTION    NW (330)
  AVERAGE WIND SPEED    16.1



WEATHER CONDITIONS
 THE FOLLOWING WEATHER WAS RECORDED YESTERDAY.
  LIGHT SNOW
  FOG
  HAZE
  BLOWING SNOW


RELATIVE HUMIDITY (PERCENT)
 HIGHEST    92
 LOWEST     49
 AVERAGE    71

..........................................................


THE TRI CITIES MI CLIMATE NORMALS FOR TODAY
                         NORMAL
 MAXIMUM TEMPERATURE (F)   34
 MINIMUM TEMPERATURE (F)   22


SUNRISE AND SUNSET
DECEMBER 13 2017......SUNRISE   801 AM EST   SUNSET   500 PM EST
DECEMBER 14 2017......SUNRISE   802 AM EST   SUNSET   500 PM EST


-  INDICATES NEGATIVE NUMBERS.
R  INDICATES RECORD WAS SET OR TIED.
MM INDICATES DATA IS MISSING.
T  INDICATES TRACE AMOUNT.




$$
