000
CDUS43 KDTX 280542
CLIMBS


CLIMATE REPORT
NATIONAL WEATHER SERVICE DETROIT/PONTIAC MI
142 AM EDT WED SEP 28 2016


...................................

...THE TRI CITIES MI CLIMATE SUMMARY FOR SEPTEMBER 27 2016...

CLIMATE NORMAL PERIOD 1981 TO 2010
CLIMATE RECORD PERIOD 1898 TO 2016


WEATHER ITEM   OBSERVED TIME   NORMAL DEPARTURE LAST
                VALUE   (LST)  VALUE  FROM      YEAR
                                      NORMAL
......................................................
TEMPERATURE (F)
 YESTERDAY
  MAXIMUM         63    141 PM  67     -4       78
  MINIMUM         50    720 AM  46      4       57
  AVERAGE         57            57      0

PRECIPITATION (IN)
  YESTERDAY        T             0.11  -0.11
  MONTH TO DATE    2.45          3.48  -1.03
  SINCE SEP 1      2.45          3.48  -1.03
  SINCE JAN 1     25.37         24.00   1.37

SNOWFALL (IN)
  YESTERDAY        0.0
  MONTH TO DATE    0.0
  SINCE SEP 1      0.0
  SINCE JUL 1      0.0
  SNOW DEPTH       0

DEGREE DAYS
 HEATING
  YESTERDAY        8                   -1
  MONTH TO DATE   40                  -90
  SINCE SEP 1     40                  -90
  SINCE JUL 1     42                 -128

 COOLING
  YESTERDAY        0                   -1
  MONTH TO DATE   82                   35
  SINCE SEP 1     82                   35
  SINCE JAN 1    830                  279
......................................................


WIND (MPH)
  HIGHEST WIND SPEED    26   HIGHEST WIND DIRECTION     W (250)
  HIGHEST GUST SPEED    33   HIGHEST GUST DIRECTION     W (250)
  AVERAGE WIND SPEED    11.2



WEATHER CONDITIONS
 THE FOLLOWING WEATHER WAS RECORDED YESTERDAY.
  LIGHT RAIN
  HAZE


RELATIVE HUMIDITY (PERCENT)
 HIGHEST    77
 LOWEST     52
 AVERAGE    65

..........................................................


THE TRI CITIES MI CLIMATE NORMALS FOR TODAY
                         NORMAL
 MAXIMUM TEMPERATURE (F)   67
 MINIMUM TEMPERATURE (F)   46


SUNRISE AND SUNSET
SEPTEMBER 28 2016.....SUNRISE   731 AM EDT   SUNSET   722 PM EDT
SEPTEMBER 29 2016.....SUNRISE   732 AM EDT   SUNSET   720 PM EDT


-  INDICATES NEGATIVE NUMBERS.
R  INDICATES RECORD WAS SET OR TIED.
MM INDICATES DATA IS MISSING.
T  INDICATES TRACE AMOUNT.




$$
