000
CDUS43 KDTX 140540
CLIMBS


CLIMATE REPORT
NATIONAL WEATHER SERVICE DETROIT/PONTIAC MI
1240 AM EST SUN FEB 14 2016


...................................

...THE TRI CITIES MI CLIMATE SUMMARY FOR FEBRUARY 13 2016...

CLIMATE NORMAL PERIOD 1981 TO 2010
CLIMATE RECORD PERIOD 1898 TO 2016


WEATHER ITEM   OBSERVED TIME   NORMAL DEPARTURE LAST
                VALUE   (LST)  VALUE  FROM      YEAR
                                      NORMAL
......................................................
TEMPERATURE (F)
 YESTERDAY
  MAXIMUM         13    349 PM  31    -18       20
  MINIMUM          0    845 AM  17    -17       -3
  AVERAGE          7            24    -17

PRECIPITATION (IN)
  YESTERDAY        T             0.06  -0.06
  MONTH TO DATE    1.12          0.63   0.49
  SINCE DEC 1      6.26          4.20   2.06
  SINCE JAN 1      3.16          2.34   0.82

SNOWFALL (IN)
  YESTERDAY        T
  MONTH TO DATE    7.2
  SINCE DEC 1     19.5
  SINCE JUL 1     23.0
  SNOW DEPTH       T

DEGREE DAYS
 HEATING
  YESTERDAY       58                   17
  MONTH TO DATE  487                  -60
  SINCE DEC 1   2461                 -578
  SINCE JUL 1   3472                -1040

 COOLING
  YESTERDAY        0                    0
  MONTH TO DATE    0                    0
  SINCE DEC 1      0                    0
  SINCE JAN 1      0                    0
......................................................


WIND (MPH)
  HIGHEST WIND SPEED    16   HIGHEST WIND DIRECTION    NW (300)
  HIGHEST GUST SPEED    20   HIGHEST GUST DIRECTION    NW (300)
  AVERAGE WIND SPEED     4.6



WEATHER CONDITIONS
 THE FOLLOWING WEATHER WAS RECORDED YESTERDAY.
  LIGHT SNOW
  HAZE


RELATIVE HUMIDITY (PERCENT)
 HIGHEST    75
 LOWEST     53
 AVERAGE    64

..........................................................


THE TRI CITIES MI CLIMATE NORMALS FOR TODAY
                         NORMAL
 MAXIMUM TEMPERATURE (F)   31
 MINIMUM TEMPERATURE (F)   17


SUNRISE AND SUNSET
FEBRUARY 14 2016......SUNRISE   737 AM EST   SUNSET   605 PM EST
FEBRUARY 15 2016......SUNRISE   735 AM EST   SUNSET   606 PM EST


-  INDICATES NEGATIVE NUMBERS.
R  INDICATES RECORD WAS SET OR TIED.
MM INDICATES DATA IS MISSING.
T  INDICATES TRACE AMOUNT.




$$
