000
CDUS43 KDTX 230536
CLIMBS


CLIMATE REPORT
NATIONAL WEATHER SERVICE DETROIT/PONTIAC MI
136 AM EDT TUE SEP 23 2014


...................................

...THE  TRI CITIES MI CLIMATE SUMMARY FOR SEPTEMBER 22 2014...

CLIMATE NORMAL PERIOD 1981 TO 2010
CLIMATE RECORD PERIOD 1898 TO 2014


WEATHER ITEM   OBSERVED TIME   NORMAL DEPARTURE
                VALUE   (LST)  VALUE  FROM
                                      NORMAL
...................................................
TEMPERATURE (F)
 YESTERDAY
  MAXIMUM         64    424 PM  70     -6
  MINIMUM         45    726 AM  48     -3
  AVERAGE         55            59     -4

PRECIPITATION (IN)
  YESTERDAY        0.00          0.13  -0.13
  MONTH TO DATE    3.46          2.86   0.60
  SINCE SEP 1      3.46          2.86   0.60
  SINCE JAN 1     25.57         23.38   2.19

SNOWFALL (IN)
  YESTERDAY        0.0
  MONTH TO DATE    0.0
  SINCE SEP 1      0.0
  SINCE JUL 1      0.0
  SNOW DEPTH       0

DEGREE DAYS
 HEATING
  YESTERDAY       10                    3
  MONTH TO DATE  118                   28
  SINCE SEP 1    118                   28
  SINCE JUL 1    144                   14

 COOLING
  YESTERDAY        0                   -1
  MONTH TO DATE   52                   10
  SINCE SEP 1     52                   10
  SINCE JAN 1    537                   -9
...................................................


WIND (MPH)
  HIGHEST WIND SPEED    15   HIGHEST WIND DIRECTION     W (270)
  HIGHEST GUST SPEED    21   HIGHEST GUST DIRECTION     W (280)
  AVERAGE WIND SPEED     9.0




RELATIVE HUMIDITY (PERCENT)
 HIGHEST    89
 LOWEST     48
 AVERAGE    69

..........................................................


THE  TRI CITIES MI CLIMATE NORMALS FOR TODAY
                         NORMAL
 MAXIMUM TEMPERATURE (F)   69
 MINIMUM TEMPERATURE (F)   48


SUNRISE AND SUNSET
SEPTEMBER 23 2014.....SUNRISE   725 AM EDT   SUNSET   732 PM EDT
SEPTEMBER 24 2014.....SUNRISE   726 AM EDT   SUNSET   730 PM EDT


-  INDICATES NEGATIVE NUMBERS.
R  INDICATES RECORD WAS SET OR TIED.
MM INDICATES DATA IS MISSING.
T  INDICATES TRACE AMOUNT.




$$
