000
CDUS46 KHNX 270829
CLIMCE


CLIMATE REPORT
NATIONAL WEATHER SERVICE SAN JOAQUIN VALLEY, CA
126 AM PDT FRI MAY 27 2016


...................................

...THE MERCED  CA CLIMATE SUMMARY FOR MAY 26 2016...

CLIMATE NORMAL PERIOD 1981 TO 2010
CLIMATE RECORD PERIOD 1998 TO 2016


WEATHER ITEM   OBSERVED TIME   RECORD YEAR NORMAL DEPARTURE
                VALUE   (LST)  VALUE       VALUE  FROM
                                                  NORMAL
...............................................................
TEMPERATURE (F)
 YESTERDAY
  MAXIMUM         83        MM  97    2014  85     -2
  MINIMUM         54        MM  48    2011  54      0
  AVERAGE         69                        69      0

PRECIPITATION (IN)
  YESTERDAY        0.00          0.05 2010   0.01  -0.01
  MONTH TO DATE    0.11                      0.54  -0.43
  SINCE OCT 1     14.66                     12.02   2.64
  SINCE JAN 1     10.94                      8.51   2.43

SNOWFALL (IN)
  YESTERDAY        0.0
  MONTH TO DATE    0.0
  SINCE MAR 1      0.0
  SINCE JUL 1      0.0
  SNOW DEPTH       0

DEGREE DAYS
 HEATING
  YESTERDAY        0
  MONTH TO DATE   30
  SINCE MAR 1    369
  SINCE JUL 1   2266

 COOLING
  YESTERDAY        4
  MONTH TO DATE   88
  SINCE MAR 1    117
  SINCE JAN 1    117
...............................................................


WIND (MPH)
  HIGHEST WIND SPEED    10   HIGHEST WIND DIRECTION    NW (300)
  HIGHEST GUST SPEED    18   HIGHEST GUST DIRECTION    NW (330)
  AVERAGE WIND SPEED     5.3




RELATIVE HUMIDITY (PERCENT)
 HIGHEST    83
 LOWEST     33
 AVERAGE    58

..........................................................


THE MERCED  CA CLIMATE NORMALS FOR TODAY
                         NORMAL    RECORD    YEAR
 MAXIMUM TEMPERATURE (F)   85        97      2009
 MINIMUM TEMPERATURE (F)   54        49      2012


SUNRISE AND SUNSET
MAY 27 2016...........SUNRISE   545 AM PDT   SUNSET   814 PM PDT
MAY 28 2016...........SUNRISE   545 AM PDT   SUNSET   815 PM PDT


-  INDICATES NEGATIVE NUMBERS.
R  INDICATES RECORD WAS SET OR TIED.
MM INDICATES DATA IS MISSING.
T  INDICATES TRACE AMOUNT.




$$
