017
CDUS46 KHNX 010827
CLIMCE


CLIMATE REPORT
NATIONAL WEATHER SERVICE SAN JOAQUIN VALLEY, CA
125 AM PDT SUN MAY 1 2016


...................................

...THE MERCED  CA CLIMATE SUMMARY FOR APRIL 30 2016...

CLIMATE NORMAL PERIOD 1981 TO 2010
CLIMATE RECORD PERIOD 1998 TO 2016


WEATHER ITEM   OBSERVED TIME   RECORD YEAR NORMAL DEPARTURE
                VALUE   (LST)  VALUE       VALUE  FROM
                                                  NORMAL
...............................................................
TEMPERATURE (F)
 YESTERDAY
  MAXIMUM         81    403 PM  94    2014  78      3
  MINIMUM         53   1014 PM  40    2003  48      5
  AVERAGE         67                        63      4

PRECIPITATION (IN)
  YESTERDAY        T   R         T    2009   0.03  -0.03
                                      2009
                                      2015
  MONTH TO DATE    3.59                      0.95   2.64
  SINCE OCT 1     14.55                     11.48   3.07
  SINCE JAN 1     10.83                      7.97   2.86

SNOWFALL (IN)
  YESTERDAY        0.0
  MONTH TO DATE    0.0
  SINCE MAR 1      0.0
  SINCE JUL 1      0.0
  SNOW DEPTH       0

DEGREE DAYS
 HEATING
  YESTERDAY        0
  MONTH TO DATE   89
  SINCE MAR 1    339
  SINCE JUL 1   2236

 COOLING
  YESTERDAY        2
  MONTH TO DATE   29
  SINCE MAR 1     29
  SINCE JAN 1     29
...............................................................


WIND (MPH)
  HIGHEST WIND SPEED    23   HIGHEST WIND DIRECTION    NW (320)
  HIGHEST GUST SPEED    30   HIGHEST GUST DIRECTION    NW (320)
  AVERAGE WIND SPEED    12.1




RELATIVE HUMIDITY (PERCENT)
 HIGHEST    72
 LOWEST     23
 AVERAGE    48

..........................................................


THE MERCED  CA CLIMATE NORMALS FOR TODAY
                         NORMAL    RECORD    YEAR
 MAXIMUM TEMPERATURE (F)   78        96      2014
 MINIMUM TEMPERATURE (F)   48        39      2011


SUNRISE AND SUNSET
MAY  1 2016...........SUNRISE   607 AM PDT   SUNSET   752 PM PDT
MAY  2 2016...........SUNRISE   606 AM PDT   SUNSET   753 PM PDT


-  INDICATES NEGATIVE NUMBERS.
R  INDICATES RECORD WAS SET OR TIED.
MM INDICATES DATA IS MISSING.
T  INDICATES TRACE AMOUNT.




$$
