000
CDUS46 KHNX 260823
CLIMCE


CLIMATE REPORT
NATIONAL WEATHER SERVICE SAN JOAQUIN VALLEY, CA
123 AM PDT FRI MAY 26 2017


...................................

...THE MERCED  CA CLIMATE SUMMARY FOR MAY 25 2017...

CLIMATE NORMAL PERIOD 1981 TO 2010
CLIMATE RECORD PERIOD 1998 TO 2017


WEATHER ITEM   OBSERVED TIME   RECORD YEAR NORMAL DEPARTURE
                VALUE   (LST)  VALUE       VALUE  FROM
                                                  NORMAL
...............................................................
TEMPERATURE (F)
 YESTERDAY
  MAXIMUM         78        MM  98    2014  84     -6
  MINIMUM         51        MM  46    2010  53     -2
  AVERAGE         65                        69     -4

PRECIPITATION (IN)
  YESTERDAY        0.00          0.13 2010   0.01  -0.01
  MONTH TO DATE    0.00                      0.53  -0.53
  SINCE OCT 1     15.79                     12.01   3.78
  SINCE JAN 1     11.56                      8.50   3.06

SNOWFALL (IN)
  YESTERDAY        0.0
  MONTH TO DATE    0.0
  SINCE MAR 1      0.0
  SINCE JUL 1      0.0
  SNOW DEPTH       0

DEGREE DAYS
 HEATING
  YESTERDAY        0
  MONTH TO DATE   36
  SINCE MAR 1    499
  SINCE JUL 1   2369

 COOLING
  YESTERDAY        0
  MONTH TO DATE  126
  SINCE MAR 1    126
  SINCE JAN 1    126
...............................................................


WIND (MPH)
  HIGHEST WIND SPEED    12   HIGHEST WIND DIRECTION     W (270)
  HIGHEST GUST SPEED    20   HIGHEST GUST DIRECTION     W (250)
  AVERAGE WIND SPEED     7.9




RELATIVE HUMIDITY (PERCENT)
 HIGHEST    83
 LOWEST     30
 AVERAGE    57

..........................................................


THE MERCED  CA CLIMATE NORMALS FOR TODAY
                         NORMAL    RECORD    YEAR
 MAXIMUM TEMPERATURE (F)   85        97      2014
 MINIMUM TEMPERATURE (F)   54        48      2011


SUNRISE AND SUNSET
MAY 26 2017...........SUNRISE   546 AM PDT   SUNSET   813 PM PDT
MAY 27 2017...........SUNRISE   546 AM PDT   SUNSET   814 PM PDT


-  INDICATES NEGATIVE NUMBERS.
R  INDICATES RECORD WAS SET OR TIED.
MM INDICATES DATA IS MISSING.
T  INDICATES TRACE AMOUNT.




$$
