000
CDUS46 KHNX 250021
CLIMCE


CLIMATE REPORT
NATIONAL WEATHER SERVICE SAN JOAQUIN VALLEY, CA
520 PM PDT FRI OCT 24 2014


...................................

...THE MERCED  CA CLIMATE SUMMARY FOR OCTOBER 24 2014...
VALID AS OF 0500 PM LOCAL TIME.

CLIMATE NORMAL PERIOD 1981 TO 2010
CLIMATE RECORD PERIOD 1998 TO 2014


WEATHER ITEM   OBSERVED TIME   RECORD YEAR NORMAL DEPARTURE LAST
                VALUE   (LST)  VALUE       VALUE  FROM      YEAR
                                                  NORMAL
..................................................................
TEMPERATURE (F)
 TODAY
  MAXIMUM         84    346 PM  88    2007  75      9       77
  MINIMUM         50    453 AM  40    2002  47      3       44
  AVERAGE         67                        61      6       61

PRECIPITATION (IN)
  TODAY            0.00          0.75 1998   0.04  -0.04     0.00
  MONTH TO DATE    0.00                      0.46  -0.46     0.10
  SINCE JUL 1      T                         0.77  -0.77     0.10
  SINCE JAN 1      3.96                      9.45  -5.49     2.88

SNOWFALL (IN)
  TODAY            0.0
  MONTH TO DATE    0.0
  SINCE SEP 1      0.0
  SINCE JUL 1      0.0
  SNOW DEPTH       0

DEGREE DAYS
 HEATING
  TODAY            0                                         4
  MONTH TO DATE    5                                        55
  SINCE SEP 1      5                                        62
  SINCE JUL 1      5                                        62

 COOLING
  TODAY            2                                         0
  MONTH TO DATE  142                                         5
  SINCE SEP 1    498                                       264
  SINCE JAN 1   2146                                      1787
..................................................................


WIND (MPH)
  HIGHEST WIND SPEED    12   HIGHEST WIND DIRECTION    SE (140)
  HIGHEST GUST SPEED    15   HIGHEST GUST DIRECTION     S (160)
  AVERAGE WIND SPEED     4.5




RELATIVE HUMIDITY (PERCENT)
 HIGHEST    93
 LOWEST     31
 AVERAGE    62

..........................................................


THE MERCED  CA CLIMATE NORMALS FOR TOMORROW
                         NORMAL    RECORD    YEAR
 MAXIMUM TEMPERATURE (F)   75        87      2008
 MINIMUM TEMPERATURE (F)   47        43      2013
                                             2006


SUNRISE AND SUNSET
OCTOBER 24 2014.......SUNRISE   719 AM PDT   SUNSET   614 PM PDT
OCTOBER 25 2014.......SUNRISE   720 AM PDT   SUNSET   612 PM PDT


-  INDICATES NEGATIVE NUMBERS.
R  INDICATES RECORD WAS SET OR TIED.
MM INDICATES DATA IS MISSING.
T  INDICATES TRACE AMOUNT.




$$
