000
CDUS46 KHNX 110828
CLIMCE


CLIMATE REPORT
NATIONAL WEATHER SERVICE SAN JOAQUIN VALLEY, CA
1227 AM PST THU FEB 11 2016


...................................

...THE MERCED  CA CLIMATE SUMMARY FOR FEBRUARY 10 2016...

CLIMATE NORMAL PERIOD 1981 TO 2010
CLIMATE RECORD PERIOD 1998 TO 2016


WEATHER ITEM   OBSERVED TIME   RECORD YEAR NORMAL DEPARTURE
                VALUE   (LST)  VALUE       VALUE  FROM
                                                  NORMAL
...............................................................
TEMPERATURE (F)
 YESTERDAY
  MAXIMUM         72    412 PM  74    2012  59     13
  MINIMUM         41    636 AM  27    2003  39      2
  AVERAGE         57                        49      8

PRECIPITATION (IN)
  YESTERDAY        0.00          0.43 2000   0.08  -0.08
  MONTH TO DATE    T                         0.77  -0.77
  SINCE OCT 1      8.21                      6.89   1.32
  SINCE JAN 1      4.49                      3.38   1.11

SNOWFALL (IN)
  YESTERDAY        0.0
  MONTH TO DATE    0.0
  SINCE DEC 1      0.0
  SINCE JUL 1      0.0
  SNOW DEPTH       0

DEGREE DAYS
 HEATING
  YESTERDAY        8
  MONTH TO DATE  156
  SINCE DEC 1   1259
  SINCE JUL 1   1712

 COOLING
  YESTERDAY        0
  MONTH TO DATE    0
  SINCE DEC 1      0
  SINCE JAN 1      0
...............................................................


WIND (MPH)
  HIGHEST WIND SPEED     9   HIGHEST WIND DIRECTION    NW (320)
  HIGHEST GUST SPEED    19   HIGHEST GUST DIRECTION    SE (150)
  AVERAGE WIND SPEED     2.4




RELATIVE HUMIDITY (PERCENT)
 HIGHEST   100
 LOWEST     44
 AVERAGE    72

..........................................................


THE MERCED  CA CLIMATE NORMALS FOR TODAY
                         NORMAL    RECORD    YEAR
 MAXIMUM TEMPERATURE (F)   60        70      2006
 MINIMUM TEMPERATURE (F)   39        28      1999


SUNRISE AND SUNSET
FEBRUARY 11 2016......SUNRISE   656 AM PST   SUNSET   537 PM PST
FEBRUARY 12 2016......SUNRISE   655 AM PST   SUNSET   539 PM PST


-  INDICATES NEGATIVE NUMBERS.
R  INDICATES RECORD WAS SET OR TIED.
MM INDICATES DATA IS MISSING.
T  INDICATES TRACE AMOUNT.




$$
