000
CDUS46 KHNX 290822
CLIMCE


CLIMATE REPORT
NATIONAL WEATHER SERVICE SAN JOAQUIN VALLEY, CA
121 AM PDT FRI MAY 29 2015


...................................

...THE MERCED  CA CLIMATE SUMMARY FOR MAY 28 2015...

CLIMATE NORMAL PERIOD 1981 TO 2010
CLIMATE RECORD PERIOD 1998 TO 2015


WEATHER ITEM   OBSERVED TIME   RECORD YEAR NORMAL DEPARTURE
                VALUE   (LST)  VALUE       VALUE  FROM
                                                  NORMAL
...............................................................
TEMPERATURE (F)
 YESTERDAY
  MAXIMUM         85    515 PM 102    2003  85      0
  MINIMUM         54    512 AM  45    2010  54      0
  AVERAGE         70                        70      0

PRECIPITATION (IN)
  YESTERDAY        0.00          0.19 2004   0.01  -0.01
  MONTH TO DATE    0.74                      0.56   0.18
  SINCE OCT 1      7.84                     12.04  -4.20
  SINCE JAN 1      3.09                      8.53  -5.44

SNOWFALL (IN)
  YESTERDAY        0.0
  MONTH TO DATE    0.0
  SINCE MAR 1      0.0
  SINCE JUL 1      0.0
  SNOW DEPTH       0

DEGREE DAYS
 HEATING
  YESTERDAY        0
  MONTH TO DATE   50
  SINCE MAR 1    309
  SINCE JUL 1   1773

 COOLING
  YESTERDAY        5
  MONTH TO DATE   48
  SINCE MAR 1     92
  SINCE JAN 1     92
...............................................................


WIND (MPH)
  HIGHEST WIND SPEED    13   HIGHEST WIND DIRECTION     N (340)
  HIGHEST GUST SPEED    18   HIGHEST GUST DIRECTION    NW (330)
  AVERAGE WIND SPEED     8.1




RELATIVE HUMIDITY (PERCENT)
 HIGHEST    89
 LOWEST     29
 AVERAGE    59

..........................................................


THE MERCED  CA CLIMATE NORMALS FOR TODAY
                         NORMAL    RECORD    YEAR
 MAXIMUM TEMPERATURE (F)   85        97      2003
 MINIMUM TEMPERATURE (F)   54        46      2010
                                             2006


SUNRISE AND SUNSET
MAY 29 2015...........SUNRISE   545 AM PDT   SUNSET   815 PM PDT
MAY 30 2015...........SUNRISE   544 AM PDT   SUNSET   816 PM PDT


-  INDICATES NEGATIVE NUMBERS.
R  INDICATES RECORD WAS SET OR TIED.
MM INDICATES DATA IS MISSING.
T  INDICATES TRACE AMOUNT.




$$
