000
CDUS46 KHNX 010821
CLIMCE


CLIMATE REPORT
NATIONAL WEATHER SERVICE SAN JOAQUIN VALLEY, CA
1220 AM PST SUN MAR 1 2015


...................................

...THE MERCED  CA CLIMATE SUMMARY FOR FEBRUARY 28 2015...

CLIMATE NORMAL PERIOD 1981 TO 2010
CLIMATE RECORD PERIOD 1998 TO 2015


WEATHER ITEM   OBSERVED TIME   RECORD YEAR NORMAL DEPARTURE
                VALUE   (LST)  VALUE       VALUE  FROM
                                                  NORMAL
...............................................................
TEMPERATURE (F)
 YESTERDAY
  MAXIMUM         61    228 PM  72    2013  63     -2
  MINIMUM         36    447 AM  31    2011  41     -5
  AVERAGE         49                        52     -3

PRECIPITATION (IN)
  YESTERDAY        0.00          0.45 2014   0.09  -0.09
  MONTH TO DATE    1.05                      2.34  -1.29
  SINCE OCT 1      5.82                      8.46  -2.64
  SINCE JAN 1      1.07                      4.95  -3.88

SNOWFALL (IN)
  YESTERDAY        0.0
  MONTH TO DATE    0.0
  SINCE DEC 1      0.0
  SINCE JUL 1      0.0
  SNOW DEPTH       0

DEGREE DAYS
 HEATING
  YESTERDAY       16
  MONTH TO DATE  293
  SINCE DEC 1   1179
  SINCE JUL 1   1464

 COOLING
  YESTERDAY        0
  MONTH TO DATE    0
  SINCE DEC 1      0
  SINCE JAN 1      0
...............................................................


WIND (MPH)
  HIGHEST WIND SPEED    13   HIGHEST WIND DIRECTION    SW (220)
  HIGHEST GUST SPEED    17   HIGHEST GUST DIRECTION    SE (140)
  AVERAGE WIND SPEED     5.0




RELATIVE HUMIDITY (PERCENT)
 HIGHEST    92
 LOWEST     51
 AVERAGE    72

..........................................................


THE MERCED  CA CLIMATE NORMALS FOR TODAY
                         NORMAL    RECORD    YEAR
 MAXIMUM TEMPERATURE (F)   63        74      2013
 MINIMUM TEMPERATURE (F)   41        31      2011


SUNRISE AND SUNSET
MARCH  1 2015.........SUNRISE   634 AM PST   SUNSET   556 PM PST
MARCH  2 2015.........SUNRISE   632 AM PST   SUNSET   557 PM PST


-  INDICATES NEGATIVE NUMBERS.
R  INDICATES RECORD WAS SET OR TIED.
MM INDICATES DATA IS MISSING.
T  INDICATES TRACE AMOUNT.




$$
