000
CDUS46 KHNX 230823
CLIMCE


CLIMATE REPORT
NATIONAL WEATHER SERVICE SAN JOAQUIN VALLEY, CA
123 AM PDT SUN JUL 23 2017


...................................

...THE MERCED  CA CLIMATE SUMMARY FOR JULY 22 2017...

CLIMATE NORMAL PERIOD 1981 TO 2010
CLIMATE RECORD PERIOD 1998 TO 2017


WEATHER ITEM   OBSERVED TIME   RECORD YEAR NORMAL DEPARTURE
                VALUE   (LST)  VALUE       VALUE  FROM
                                                  NORMAL
...............................................................
TEMPERATURE (F)
 YESTERDAY
  MAXIMUM         99        MM 110    2006  95      4
  MINIMUM         61        MM  54    2001  61      0
  AVERAGE         80                        78      2

PRECIPITATION (IN)
  YESTERDAY        0.00          0.02 2012   0.00   0.00
  MONTH TO DATE    0.00                      0.00   0.00
  SINCE OCT 1     16.03                     12.19   3.84
  SINCE JAN 1     11.80                      8.68   3.12

SNOWFALL (IN)
  YESTERDAY        0.0
  MONTH TO DATE    0.0
  SINCE JUN 1      0.0
  SINCE JUL 1      0.0
  SNOW DEPTH       0

DEGREE DAYS
 HEATING
  YESTERDAY        0
  MONTH TO DATE    0
  SINCE JUN 1     10
  SINCE JUL 1      0

 COOLING
  YESTERDAY       15
  MONTH TO DATE  371
  SINCE JUN 1    733
  SINCE JAN 1    885
...............................................................


WIND (MPH)
  HIGHEST WIND SPEED     8   HIGHEST WIND DIRECTION     W (260)
  HIGHEST GUST SPEED    MM   HIGHEST GUST DIRECTION    MM
  AVERAGE WIND SPEED     4.4




RELATIVE HUMIDITY (PERCENT)
 HIGHEST    67
 LOWEST     15
 AVERAGE    41

..........................................................


THE MERCED  CA CLIMATE NORMALS FOR TODAY
                         NORMAL    RECORD    YEAR
 MAXIMUM TEMPERATURE (F)   95       112      2006
 MINIMUM TEMPERATURE (F)   61        57      2016


SUNRISE AND SUNSET
JULY 23 2017..........SUNRISE   600 AM PDT   SUNSET   817 PM PDT
JULY 24 2017..........SUNRISE   601 AM PDT   SUNSET   817 PM PDT


-  INDICATES NEGATIVE NUMBERS.
R  INDICATES RECORD WAS SET OR TIED.
MM INDICATES DATA IS MISSING.
T  INDICATES TRACE AMOUNT.




$$
