000
CDUS46 KHNX 170824
CLIMCE


CLIMATE REPORT
NATIONAL WEATHER SERVICE SAN JOAQUIN VALLEY, CA
1223 AM PST FRI NOV 17 2017


...................................

...THE MERCED  CA CLIMATE SUMMARY FOR NOVEMBER 16 2017...

CLIMATE NORMAL PERIOD 1981 TO 2010
CLIMATE RECORD PERIOD 1998 TO 2017


WEATHER ITEM   OBSERVED TIME   RECORD YEAR NORMAL DEPARTURE
                VALUE   (LST)  VALUE       VALUE  FROM
                                                  NORMAL
...............................................................
TEMPERATURE (F)
 YESTERDAY
  MAXIMUM         69    158 PM  82    2008  64      5
  MINIMUM         56   1159 PM  33    2009  41     15
  AVERAGE         63                        52     11

PRECIPITATION (IN)
  YESTERDAY        0.64R         0.09 2012   0.04   0.60
  MONTH TO DATE    0.66                      0.67  -0.01
  SINCE OCT 1      0.81                      1.48  -0.67
  SINCE JAN 1     12.63                     10.47   2.16

SNOWFALL (IN)
  YESTERDAY        0.0
  MONTH TO DATE    0.0
  SINCE SEP 1      0.0
  SINCE JUL 1      0.0
  SNOW DEPTH       0

DEGREE DAYS
 HEATING
  YESTERDAY        2
  MONTH TO DATE  122
  SINCE SEP 1    217
  SINCE JUL 1    217

 COOLING
  YESTERDAY        0
  MONTH TO DATE    0
  SINCE SEP 1    307
  SINCE JAN 1   1843
...............................................................


WIND (MPH)
  HIGHEST WIND SPEED    22   HIGHEST WIND DIRECTION    NW (300)
  HIGHEST GUST SPEED    28   HIGHEST GUST DIRECTION    NW (310)
  AVERAGE WIND SPEED     6.7




RELATIVE HUMIDITY (PERCENT)
 HIGHEST    90
 LOWEST     47
 AVERAGE    69

..........................................................


THE MERCED  CA CLIMATE NORMALS FOR TODAY
                         NORMAL    RECORD    YEAR
 MAXIMUM TEMPERATURE (F)   63        82      2008
 MINIMUM TEMPERATURE (F)   40        31      2000


SUNRISE AND SUNSET
NOVEMBER 17 2017......SUNRISE   644 AM PST   SUNSET   451 PM PST
NOVEMBER 18 2017......SUNRISE   645 AM PST   SUNSET   450 PM PST


-  INDICATES NEGATIVE NUMBERS.
R  INDICATES RECORD WAS SET OR TIED.
MM INDICATES DATA IS MISSING.
T  INDICATES TRACE AMOUNT.




$$
