000
CDAK49 PAMC 302218
CLIMCG

CLIMATE REPORT
NATIONAL WEATHER SERVICE MCGRATH, AK
218 PM AKDT TUE AUG 30 2016

...................................
...THE MCGRATH AIRPORT CLIMATE SUMMARY FOR AUGUST 30 2016...
VALID TODAY AS OF 2:00 PM LOCAL TIME

CLIMATE NORMAL PERIOD  1981 TO  2010
CLIMATE RECORD PERIOD  1940 TO  2016

WEATHER ITEM   OBSERVED TIME    RECORD YEAR NORMAL DEPARTURE LAST
               VALUE    (LST)   VALUE       VALUE  FROM      YEAR
                                                   NORMAL
...................................................................
TEMPERATURE
TODAY
 MAXIMUM            68  1259 PM    76  1977     60       8     46
 MINIMUM            44  0650 AM    28  1994     42       2     36
 AVERAGE            56                          51       5     41

PRECIPITATION
(INCHES)
 TODAY            0.00           1.18  1942   0.08   -0.08   0.03
 MONTH TO DATE    3.77                        2.71    1.06   2.74
 SINCE JUN 1     10.38                        6.61    3.77   7.68
 SINCE JAN 1     13.19                       11.28    1.91   9.02

SNOWFALL
(INCHES)
 TODAY             0.0            0.0  2016    0.0     0.0    0.0
 MONTH TO DATE     0.0                         0.0     0.0    0.0
 SINCE JUN 1       0.0                         0.0     0.0    0.0
 SINCE JUL 1       0.0                         0.0     0.0    0.0
 SNOW DEPTH (IN)     0                                          0

DEGREE DAYS
 HEATING
  TODAY              9                          14      -5     24
  MONTH TO DATE    164                         311    -147    305
  SINCE JUN 1      489                         717    -228   1268
  SINCE JUL 1      299                         483    -184     MM

 COOLING
  TODAY              0                           0       0      0
  MONTH TO DATE      0                           0       0      5
  SINCE JUN 1       28                          16      12     31
  SINCE JAN 1       28                          16      12     MM
...................................................................

WIND (MPH)
 HIGHEST WIND SPEED    15     HIGHEST WIND DIRECTION     80
 HIGHEST GUST SPEED    19     HIGHEST GUST DIRECTION     60
 AVERAGE WIND SPEED    MM

SKY COVER
  POSSIBLE SUNSHINE  MM            AVERAGE SKY COVER MM

WEATHER CONDITIONS
 THE FOLLOWING WEATHER WAS RECORDED TODAY.
 NO SIGNIFICANT WEATHER WAS OBSERVED.

...................................................................

THE MCGRATH CLIMATE NORMALS FOR TOMORROW
                        NORMAL    RECORD   YEAR
 MAXIMUM TEMPERATURE      60        70     1978
 MINIMUM TEMPERATURE      42        29     1962

SUNRISE AND SUNSET
 AUG 30 2016..........SUNRISE  7:06 AM      SUNSET  9:39 PM
 AUG 31 2016..........SUNRISE  7:09 AM      SUNSET  9:36 PM

-  INDICATES NEGATIVE NUMBERS.
R  INDICATES RECORD HAS BEEN SET OR TIED.
MM INDICATES DATA IS MISSING.
T  INDICATES TRACE OF PRECIPITATION.

&&
-------------------------------------------------------------------

AMOUNT OF DAYLIGHT TODAY  (HOUR:MIN)........14 HOURS 33 MINUTES
LOSS SINCE YESTERDAY (HOUR:MIN:SEC)....-0:06:08

$$
BW AUG 16
