771
CDAK49 PAMC 131126
CLIMCG

CLIMATE REPORT
NATIONAL WEATHER SERVICE MCGRATH, AK
226 AM AKST SAT FEB 13 2016

...................................
...THE MCGRATH AIRPORT CLIMATE SUMMARY FOR FEBRUARY 12 2016...

CLIMATE NORMAL PERIOD  1981 TO  2010
CLIMATE RECORD PERIOD  1940 TO  2016

WEATHER ITEM   OBSERVED TIME    RECORD YEAR NORMAL DEPARTURE LAST
               VALUE    (LST)   VALUE       VALUE  FROM      YEAR
                                                   NORMAL
...................................................................
TEMPERATURE
YESTERDAY
 MAXIMUM            17  0306 PM    40  1980     11       6     15
 MINIMUM            -3  1132 PM   -52  1945    -10       7      3
 AVERAGE             7                           1       6      9

PRECIPITATION
(INCHES)
 YESTERDAY           T           0.40  1990   0.03   -0.03   0.04
 MONTH TO DATE    0.10                        0.39   -0.29   0.04
 SINCE DEC 1      0.65                        2.77   -2.12   1.71
 SINCE JAN 1      0.18                        1.48   -1.30   0.31

SNOWFALL
(INCHES)
 YESTERDAY         0.2            6.9  1944    0.5    -0.3    0.7
 MONTH TO DATE     2.9                         5.5    -2.6    0.7
 SINCE DEC 1      16.9                        41.4   -24.5   22.3
 SINCE JUL 1      63.9                        72.4    -8.5   32.0
 SNOW DEPTH (IN)    20                                         13

DEGREE DAYS
 HEATING
  YESTERDAY         58                          64      -6     56
  MONTH TO DATE    740                         798     -58    907
  SINCE DEC 1     4451                        5125    -674   4747
  SINCE JUL 1     8601                        9257    -656   8408

 COOLING
  YESTERDAY          0                           0       0      0
  MONTH TO DATE      0                           0       0      0
  SINCE DEC 1        0                           0       0      0
  SINCE JAN 1        0                           0       0      0
...................................................................

WIND (MPH)
 HIGHEST WIND SPEED     7     HIGHEST WIND DIRECTION    330
 HIGHEST GUST SPEED     9     HIGHEST GUST DIRECTION    360
 AVERAGE WIND SPEED   1.3

WEATHER CONDITIONS
 THE FOLLOWING WEATHER WAS RECORDED YESTERDAY...FOG...SNOW
...................................................................

THE MCGRATH CLIMATE NORMALS FOR TODAY
                           NORMAL    RECORD   YEAR
 MAXIMUM TEMPERATURE (F)     12        42     1942
 MINIMUM TEMPERATURE (F)    -10       -51     1955

SUNRISE AND SUNSET
 FEB 13 2016..........SUNRISE  9:20 AM      SUNSET  5:56 PM
 FEB 14 2016..........SUNRISE  9:17 AM      SUNSET  5:59 PM

-  INDICATES NEGATIVE NUMBERS.
R  INDICATES RECORD HAS BEEN SET OR TIED.
MM INDICATES DATA IS MISSING.
T  INDICATES TRACE OF PRECIPITATION.

&&
-------------------------------------------------------------------

AMOUNT OF DAYLIGHT TODAY  (HOUR:MIN)........8 HOURS 36 MINUTES
GAIN SINCE YESTERDAY (HOUR:MIN:SEC)....+0:06:09

$$
JMM FEB 16
