000
CDAK49 PAFG 251007
CLIMCG

CLIMATE REPORT
NATIONAL WEATHER SERVICE FAIRBANKS AK
207 AM AKDT SUN JUN 25 2017


...................................

...THE MCGRATH AK CLIMATE SUMMARY FOR JUNE 24 2017...

CLIMATE NORMAL PERIOD 1981 TO 2010
CLIMATE RECORD PERIOD 1946 TO 2017


WEATHER ITEM   OBSERVED TIME   RECORD YEAR NORMAL DEPARTURE LAST
                VALUE   (LST)  VALUE       VALUE  FROM      YEAR
                                                  NORMAL
..................................................................
TEMPERATURE (F)
 YESTERDAY
  MAXIMUM         73    449 PM  88    1971  70      3       73
  MINIMUM         44    459 AM  36    1951  49     -5       55
  AVERAGE         59                        60     -1       64

PRECIPITATION (IN)
  YESTERDAY        T             0.67 2004   0.06  -0.06     0.01
  MONTH TO DATE    1.12                      1.17  -0.05     2.10
  SINCE JUN 1      1.12                      1.17  -0.05     2.10
  SINCE JAN 1      4.11                      5.84  -1.73     4.75

SNOWFALL (IN)
  YESTERDAY        0.0           0.0    MM   0.0    0.0      0.0
  MONTH TO DATE    0.0                       0.0    0.0      0.0
  SINCE JUN 1      0.0                       0.0    0.0      0.0
  SINCE JUL 1     51.3                      97.3  -46.0      0.0
  SNOW DEPTH       0

DEGREE DAYS
 HEATING
  YESTERDAY        6                         6      0        1
  MONTH TO DATE  132                       204    -72      185
  SINCE JUN 1    132                       204    -72      185
  SINCE JUL 1  13161                     13717   -556     3835

 COOLING
  YESTERDAY        0                         0      0        0
  MONTH TO DATE    1                         0      1        2
  SINCE JUN 1      1                         0      1        2
  SINCE JAN 1      1                         0      1        2
..................................................................


WIND (MPH)
  HIGHEST GUST SPEED    19   HIGHEST GUST DIRECTION     W (270)


SKY COVER
  AVERAGE SKY COVER 0.3


WEATHER CONDITIONS
 THE FOLLOWING WEATHER WAS RECORDED YESTERDAY.
  LIGHT RAIN


RELATIVE HUMIDITY (PERCENT)
 HIGHEST    93
 LOWEST     35
 AVERAGE    64

..........................................................


THE MCGRATH AK CLIMATE NORMALS FOR TODAY
                         NORMAL    RECORD    YEAR
 MAXIMUM TEMPERATURE (F)   71        87      1971
 MINIMUM TEMPERATURE (F)   50        36      1954
                                             1951


SUNRISE AND SUNSET
JUNE 25 2017..........SUNRISE   418 AM AKDT  SUNSET  1232 AM AKDT
JUNE 26 2017..........SUNRISE   419 AM AKDT  SUNSET  1232 AM AKDT

-  INDICATES NEGATIVE NUMBERS.
R  INDICATES RECORD WAS SET OR TIED.
MM INDICATES DATA IS MISSING.
T  INDICATES TRACE AMOUNT.

&&

SNOW DEPTH IS MEASURED AT 3AM AKST/4AM AKDT.

----------------------------
AVAILABLE DAYLIGHT

AMOUNT OF DAYLIGHT TODAY  (HOUR:MIN)........20:14
GAIN/LOSS SINCE YESTERDAY (HOUR:MIN:SEC)....-0:01:01

$$
NTS JUN 17
