764
CDAK49 PAFG 050941
CLIMCG

CLIMATE REPORT
NATIONAL WEATHER SERVICE FAIRBANKS AK
1241 AM AKST MON DEC 5 2016


...................................

...THE MCGRATH AK CLIMATE SUMMARY FOR DECEMBER 4 2016...

CLIMATE NORMAL PERIOD 1981 TO 2010
CLIMATE RECORD PERIOD 1946 TO 2016


WEATHER ITEM   OBSERVED TIME   RECORD YEAR NORMAL DEPARTURE LAST
                VALUE   (LST)  VALUE       VALUE  FROM      YEAR
                                                  NORMAL
..................................................................
TEMPERATURE (F)
 YESTERDAY
  MAXIMUM        -13    322 PM  45    2002   8    -21       MM
  MINIMUM        -28   1052 AM -50    1975  -9    -19       MM
                                      1970
  AVERAGE        -20                        -1    -19       MM

PRECIPITATION (IN)
  YESTERDAY        0.00          0.99 2011   0.04  -0.04    MM
  MONTH TO DATE    T                         0.16  -0.16    MM
  SINCE DEC 1      T                         0.16  -0.16    MM
  SINCE JAN 1     18.53                     16.87   1.66    MM

SNOWFALL (IN)
  YESTERDAY        0.0           4.1  1983   0.6   -0.6     MM
  MONTH TO DATE    0.1                       2.5   -2.4     MM
  SINCE DEC 1      0.1                       2.5   -2.4     MM
  SINCE JUL 1      8.4                      33.5  -25.1     MM
  SNOW DEPTH       5

DEGREE DAYS
 HEATING
  YESTERDAY       85                        66     19       MM
  MONTH TO DATE  336                       261     75       MM
  SINCE DEC 1    336                       261     75       MM
  SINCE JUL 1   4082                      4384   -302       MM

 COOLING
  YESTERDAY        0                         0      0       MM
  MONTH TO DATE    0                         0      0       MM
  SINCE DEC 1      0                         0      0       MM
  SINCE JAN 1     29                        20      9       MM
..................................................................


WIND (MPH)
  HIGHEST GUST SPEED     9   HIGHEST GUST DIRECTION     W (290)


SKY COVER
  AVERAGE SKY COVER 0.0


WEATHER CONDITIONS
 THE FOLLOWING WEATHER WAS RECORDED YESTERDAY.
  NO SIGNIFICANT WEATHER WAS OBSERVED.


RELATIVE HUMIDITY (PERCENT)
 HIGHEST    81
 LOWEST     66
 AVERAGE    74

..........................................................


THE MCGRATH AK CLIMATE NORMALS FOR TODAY
                         NORMAL    RECORD    YEAR
 MAXIMUM TEMPERATURE (F)    8        37      2009
 MINIMUM TEMPERATURE (F)   -9       -54      1975


SUNRISE AND SUNSET
DECEMBER 05 2016......SUNRISE  1038 AM AKST  SUNSET   350 PM AKST
DECEMBER 06 2016......SUNRISE  1040 AM AKST  SUNSET   349 PM AKST

-  INDICATES NEGATIVE NUMBERS.
R  INDICATES RECORD WAS SET OR TIED.
MM INDICATES DATA IS MISSING.
T  INDICATES TRACE AMOUNT.

&&

SNOW DEPTH IS MEASURED AT 3AM AKST/4AM AKDT.

----------------------------
AVAILABLE DAYLIGHT

AMOUNT OF DAYLIGHT TODAY  (HOUR:MIN)........5:12
GAIN/LOSS SINCE YESTERDAY (HOUR:MIN:SEC)....-0:03:31

$$
SDB DEC 16
