895
CDAK49 PAMC 220903
CLIMCG

CLIMATE REPORT
NATIONAL WEATHER SERVICE MCGRATH, AK
104 AM AKDT FRI MAY 22 2015

...................................
...THE MCGRATH AIRPORT CLIMATE SUMMARY FOR MAY 21 2015...

CLIMATE NORMAL PERIOD  1981 TO  2015
CLIMATE RECORD PERIOD  1939 TO  2015

WEATHER ITEM   OBSERVED TIME    RECORD YEAR NORMAL DEPARTURE LAST
               VALUE    (LST)   VALUE       VALUE  FROM      YEAR
                                                   NORMAL
...................................................................
TEMPERATURE
YESTERDAY
 MAXIMUM            61  0614 PM    81  2002     60       1     60
 MINIMUM            47  0722 AM    24  1986     38       9     41
 AVERAGE            54                          49       5     51

PRECIPITATION
(INCHES)
 YESTERDAY        0.03           0.68  1953   0.04   -0.01   0.00
 MONTH TO DATE    0.24                        0.69   -0.45   0.30
 SINCE MAR 1      0.76                        2.24   -1.48   0.42
 SINCE JAN 1      1.20                        4.27   -3.07   2.11

SNOWFALL
(INCHES)
 YESTERDAY         0.0            0.6  1964    0.0     0.0    0.0
 MONTH TO DATE     0.0                         0.8    -0.8      T
 SINCE MAR 1       8.5                        17.2    -8.7    1.1
 SINCE JUL 1      41.6                        97.2   -55.6   47.1
 SNOW DEPTH (IN)     0                                          0

DEGREE DAYS
 HEATING
  YESTERDAY         11                          16      -5     14
  MONTH TO DATE    302                         425    -123    357
  SINCE MAR 1     2636                        3141    -505   2938
  SINCE JUL 1    11702                       13379   -1677  11765

 COOLING
  YESTERDAY          0                           0       0      0
  MONTH TO DATE      0                           0       0      0
  SINCE MAR 1        0                           0       0      0
  SINCE JAN 1        0                           0       0      0
...................................................................

WIND (MPH)
 HIGHEST WIND SPEED    16     HIGHEST WIND DIRECTION    200
 HIGHEST GUST SPEED    23     HIGHEST GUST DIRECTION    200
 AVERAGE WIND SPEED   6.3

WEATHER CONDITIONS
 THE FOLLOWING WEATHER WAS RECORDED YESTERDAY.
  RAIN

...................................................................

THE MCGRATH CLIMATE NORMALS FOR TODAY
                           NORMAL    RECORD   YEAR
 MAXIMUM TEMPERATURE (F)     60        78     2002
 MINIMUM TEMPERATURE (F)     38        28     1950

SUNRISE AND SUNSET
 MAY 22 2015..........SUNRISE  5:01 AM      SUNSET 11:41 PM
 MAY 23 2015..........SUNRISE  4:58 AM      SUNSET 11:43 PM

-  INDICATES NEGATIVE NUMBERS.
R  INDICATES RECORD HAS BEEN SET OR TIED.
MM INDICATES DATA IS MISSING.
T  INDICATES TRACE OF PRECIPITATION.

&&
-------------------------------------------------------------------

AMOUNT OF DAYLIGHT TODAY  (HOUR:MIN)........18 HOURS 40 MINUTES
GAIN/LOSS SINCE YESTERDAY (HOUR:MIN:SEC)....+0:05:28

$$
TR MAY 15
