000
CDAK49 PAMC 261112
CLIMCG

CLIMATE REPORT
NATIONAL WEATHER SERVICE MCGRATH, AK
212 AM AKST FRI DEC 26 2014

...................................
...THE MCGRATH AIRPORT CLIMATE SUMMARY FOR DECEMBER 25 2014...

CLIMATE NORMAL PERIOD  1981 TO  2010
CLIMATE RECORD PERIOD  1940 TO  2014

WEATHER ITEM   OBSERVED TIME    RECORD YEAR NORMAL DEPARTURE LAST
               VALUE    (LST)   VALUE       VALUE  FROM      YEAR
                                                   NORMAL
...................................................................
TEMPERATURE
YESTERDAY
 MAXIMUM            18  1159 PM    40  1971      4      14    -25
 MINIMUM            11  0156 AM   -58  1961    -14      25    -35
 AVERAGE            15                          -5      20    -30

PRECIPITATION
(INCHES)
 YESTERDAY        0.17           0.48  1984   0.04    0.13   0.00
 MONTH TO DATE    0.85                        1.03   -0.18   1.27
 SINCE DEC 1      0.85                        1.03   -0.18   1.27
 SINCE JAN 1     11.26                       17.74   -6.48  20.71

SNOWFALL
(INCHES)
 YESTERDAY         2.9            7.1  1984    0.6     2.3    0.0
 MONTH TO DATE    11.9                        16.4    -4.5   13.9
 SINCE DEC 1      11.9                        16.4    -4.5   13.9
 SINCE JUL 1      21.6                        47.4   -25.8   26.8
 SNOW DEPTH (IN)    10                                         13

DEGREE DAYS
 HEATING
  YESTERDAY         50                          70     -20     95
  MONTH TO DATE   1446                        1689    -243   1562
  SINCE DEC 1     1443                        1689    -246   1556
  SINCE JUL 1     5088                        5821    -733   5016

 COOLING
  YESTERDAY          0                           0       0      0
  MONTH TO DATE      0                           0       0      0
  SINCE DEC 1        0                           0       0      0
  SINCE JAN 1       11                          16      -5     78
...................................................................

WIND (MPH)
 HIGHEST WIND SPEED     8     HIGHEST WIND DIRECTION    140
 HIGHEST GUST SPEED     9     HIGHEST GUST DIRECTION    140
 AVERAGE WIND SPEED   1.3

WEATHER CONDITIONS
 THE FOLLOWING WEATHER WAS RECORDED YESTERDAY.
 FOG
 SNOW
...................................................................

THE MCGRATH CLIMATE NORMALS FOR TODAY
                           NORMAL    RECORD   YEAR
 MAXIMUM TEMPERATURE (F)      3        43     1985
 MINIMUM TEMPERATURE (F)    -14       -65     1961

SUNRISE AND SUNSET
 DEC 26 2014..........SUNRISE 11:01 AM      SUNSET  3:47 PM
 DEC 27 2014..........SUNRISE 11:00 AM      SUNSET  3:48 PM

-  INDICATES NEGATIVE NUMBERS.
R  INDICATES RECORD HAS BEEN SET OR TIED.
MM INDICATES DATA IS MISSING.
T  INDICATES TRACE OF PRECIPITATION.

&&
-------------------------------------------------------------------

AMOUNT OF DAYLIGHT TODAY  (HOUR:MIN)........4 HOURS 46 MINUTES
GAIN SINCE YESTERDAY (HOUR:MIN:SEC)....+0:01:06

$$
ADJ DEC 14
