000
CDUS43 KEAX 040637
CLIMCI

CLIMATE REPORT
NATIONAL WEATHER SERVICE KANSAS CITY/PLEASANT HILL MO
134 AM CDT FRI SEP 4 2015


...................................

...THE KANSAS CITY INTERNATIONAL MO CLIMATE SUMMARY FOR SEPTEMBER 3 2015...

CLIMATE NORMAL PERIOD 1981 TO 2010
CLIMATE RECORD PERIOD 1888 TO 2015


WEATHER ITEM   OBSERVED TIME   RECORD YEAR NORMAL DEPARTURE LAST
                VALUE   (LST)  VALUE       VALUE  FROM      YEAR
                                                  NORMAL
..................................................................
TEMPERATURE (F)
 YESTERDAY
  MAXIMUM         93    153 PM 109    1947  84      9       86
  MINIMUM         72    410 AM  45    1974  63      9       65
  AVERAGE         83                        73     10       76

PRECIPITATION (IN)
  YESTERDAY        0.00          3.75 1894   0.15  -0.15     0.56
  MONTH TO DATE    0.17                      0.45  -0.28     1.06
  SINCE SEP 1      0.17                      0.45  -0.28     1.06
  SINCE JAN 1     32.08                     27.85   4.23    27.05

SNOWFALL (IN)
  YESTERDAY        0.0           0.0    MM   0.0    0.0      0.0
  MONTH TO DATE    0.0                       0.0    0.0      0.0
  SINCE SEP 1      0.0                       0.0    0.0      0.0
  SINCE JUL 1      0.0                       0.0    0.0      0.0
  SNOW DEPTH       0

DEGREE DAYS
 HEATING
  YESTERDAY        0                         0      0        0
  MONTH TO DATE    0                         0      0        0
  SINCE SEP 1      0                         0      0        0
  SINCE JUL 1      3                         2      1        2

 COOLING
  YESTERDAY       18                         9      9       11
  MONTH TO DATE   51                        27     24       27
  SINCE SEP 1     51                        27     24       27
  SINCE JAN 1   1126                      1200    -74     1146
..................................................................


WIND (MPH)
  HIGHEST WIND SPEED    21   HIGHEST WIND DIRECTION     S (200)
  HIGHEST GUST SPEED    27   HIGHEST GUST DIRECTION     S (190)
  AVERAGE WIND SPEED    11.6


SKY COVER
  POSSIBLE SUNSHINE  MM
  AVERAGE SKY COVER 0.5


WEATHER CONDITIONS
 THE FOLLOWING WEATHER WAS RECORDED YESTERDAY.
  HAZE


RELATIVE HUMIDITY (PERCENT)
 HIGHEST    84           300 AM
 LOWEST     44           300 PM
 AVERAGE    64

..........................................................


THE KANSAS CITY INTERNATIONAL MO CLIMATE NORMALS FOR TODAY
                         NORMAL    RECORD    YEAR
 MAXIMUM TEMPERATURE (F)   84       101      1954
                                             1913
 MINIMUM TEMPERATURE (F)   62        44      1974


SUNRISE AND SUNSET
SEPTEMBER  4 2015.....SUNRISE   650 AM CDT   SUNSET   745 PM CDT
SEPTEMBER  5 2015.....SUNRISE   651 AM CDT   SUNSET   744 PM CDT


-  INDICATES NEGATIVE NUMBERS.
R  INDICATES RECORD WAS SET OR TIED.
MM INDICATES DATA IS MISSING.
T  INDICATES TRACE AMOUNT.


&&

...MISCELLANEOUS CLIMATE DATA FROM YESTERDAY...

LOCATION                HIGH    LOW      PRECIP
ST. JOSEPH               90      71       T
DOWNTOWN KANSAS CITY     92      74       0.00
OLATHE NEW CENTURY       90      70       0.00
OLATHE JO CO EXEC        88      69       0.00
LEES SUMMIT              90      73       0.00
KIRKSVILLE               92      69       0.00
CHILLICOTHE              93      70       0.00
SEDALIA                  94      70       0.00
NWS PLEASANT HILL MO     91      69       0.00


THIS PRODUCT...ALONG WITH OTHER WEATHER...HYDROLOGICAL AND CLIMATE
INFORMATION...IS AVAILABLE ON THE WEB AT HTTP://WWW.WEATHER.GOV/EAX
OR AT HTTP://WEATHER.GOV

$$
