000
CDUS43 KEAX 220634
CLIMCI

CLIMATE REPORT
NATIONAL WEATHER SERVICE KANSAS CITY/PLEASANT HILL MO
132 AM CDT TUE AUG 22 2017


...................................

...THE KANSAS CITY INTERNATIONAL MO CLIMATE SUMMARY FOR AUGUST 21 2017...

CLIMATE NORMAL PERIOD 1981 TO 2010
CLIMATE RECORD PERIOD 1888 TO 2017


WEATHER ITEM   OBSERVED TIME   RECORD YEAR NORMAL DEPARTURE LAST
                VALUE   (LST)  VALUE       VALUE  FROM      YEAR
                                                  NORMAL
..................................................................
TEMPERATURE (F)
 YESTERDAY
  MAXIMUM         83    856 AM 106    2003  87     -4       81
  MINIMUM         68    852 PM  53    2004  66      2       55
                                      1956
                                      1950
  AVERAGE         76                        77     -1       68

PRECIPITATION (IN)
  YESTERDAY        4.08R         2.55 1938   0.13   3.95     0.00
  MONTH TO DATE    7.59                      2.55   5.04     1.57
  SINCE JUN 1     19.02                     12.23   6.79    11.31
  SINCE JAN 1     35.29                     26.06   9.23    31.84

SNOWFALL (IN)
  YESTERDAY        0.0           0.0    MM   0.0    0.0      0.0
  MONTH TO DATE    0.0                       0.0    0.0      0.0
  SINCE JUN 1      0.0                       0.0    0.0      0.0
  SINCE JUL 1      0.0                       0.0    0.0      0.0
  SNOW DEPTH       0

DEGREE DAYS
 HEATING
  YESTERDAY        0                         0      0        0
  MONTH TO DATE    4                         0      4        0
  SINCE JUN 1      5                         9     -4        0
  SINCE JUL 1      4                         0      4        0

 COOLING
  YESTERDAY       11                        12     -1        3
  MONTH TO DATE  173                       269    -96      268
  SINCE JUN 1    918                       949    -31     1113
  SINCE JAN 1   1029                      1065    -36     1184
..................................................................


WIND (MPH)
  HIGHEST WIND SPEED    37   HIGHEST WIND DIRECTION     N (350)
  HIGHEST GUST SPEED    45   HIGHEST GUST DIRECTION     N (360)
  AVERAGE WIND SPEED    10.8


SKY COVER
  POSSIBLE SUNSHINE  MM
  AVERAGE SKY COVER 0.7


WEATHER CONDITIONS
 THE FOLLOWING WEATHER WAS RECORDED YESTERDAY.
  THUNDERSTORM
  HEAVY RAIN
  RAIN
  LIGHT RAIN
  FOG
  FOG W/VISIBILITY <= 1/4 MILE
  HAZE


RELATIVE HUMIDITY (PERCENT)
 HIGHEST    97           900 PM
 LOWEST     74          1200 AM
 AVERAGE    86

..........................................................


THE KANSAS CITY INTERNATIONAL MO CLIMATE NORMALS FOR TODAY
                         NORMAL    RECORD    YEAR
 MAXIMUM TEMPERATURE (F)   87       104      1936
 MINIMUM TEMPERATURE (F)   66        52      1923


SUNRISE AND SUNSET
AUGUST 22 2017........SUNRISE   638 AM CDT   SUNSET   804 PM CDT
AUGUST 23 2017........SUNRISE   639 AM CDT   SUNSET   803 PM CDT


-  INDICATES NEGATIVE NUMBERS.
R  INDICATES RECORD WAS SET OR TIED.
MM INDICATES DATA IS MISSING.
T  INDICATES TRACE AMOUNT.


&&

...MISCELLANEOUS CLIMATE DATA FROM YESTERDAY...

LOCATION                HIGH    LOW      PRECIP
ST. JOSEPH               84      68       0.87
DOWNTOWN KANSAS CITY     82      70       2.41
OLATHE NEW CENTURY       89      69       3.16
OLATHE JO CO EXEC        87      68       3.71
LEES SUMMIT              81      69       3.48
KIRKSVILLE               79      67       3.20
CHILLICOTHE              79      69       1.41
SEDALIA                  91      69       0.00
NWS PLEASANT HILL MO     89      69       2.48


THIS PRODUCT...ALONG WITH OTHER WEATHER...HYDROLOGICAL AND CLIMATE
INFORMATION...IS AVAILABLE ON THE WEB AT HTTP://WWW.WEATHER.GOV/EAX
OR AT HTTP://WEATHER.GOV

$$
