000
CDUS43 KEAX 280633
CLIMCI

CLIMATE REPORT
NATIONAL WEATHER SERVICE KANSAS CITY/PLEASANT HILL MO
132 AM CDT FRI APR 28 2017


...................................

...THE KANSAS CITY INTERNATIONAL MO CLIMATE SUMMARY FOR APRIL 27 2017...

CLIMATE NORMAL PERIOD 1981 TO 2010
CLIMATE RECORD PERIOD 1888 TO 2017


WEATHER ITEM   OBSERVED TIME   RECORD YEAR NORMAL DEPARTURE LAST
                VALUE   (LST)  VALUE       VALUE  FROM      YEAR
                                                  NORMAL
..................................................................
TEMPERATURE (F)
 YESTERDAY
  MAXIMUM         63    302 PM  90    1989  69     -6       71
                                      1970
  MINIMUM         42    632 AM  32    1988  48     -6       49
                                      1967
  AVERAGE         53                        59     -6       60

PRECIPITATION (IN)
  YESTERDAY        0.03          2.64 1917   0.15  -0.12     0.67
  MONTH TO DATE    4.43                      3.23   1.20     6.35
  SINCE MAR 1      7.24                      5.60   1.64     9.07
  SINCE JAN 1      8.69                      8.13   0.56    10.23

SNOWFALL (IN)
  YESTERDAY       MM             0.0    MM   0.0   MM        0.0
  MONTH TO DATE    0.0                       0.6   -0.6      0.0
  SINCE MAR 1      0.4                       2.6   -2.2      0.6
  SINCE JUL 1      4.9                      18.8  -13.9      5.9
  SNOW DEPTH       0

DEGREE DAYS
 HEATING
  YESTERDAY       12                         7      5        5
  MONTH TO DATE  211                       308    -97      209
  SINCE MAR 1    736                       954   -218      652
  SINCE JUL 1   3990                      4999  -1009     4009

 COOLING
  YESTERDAY        0                         1     -1        0
  MONTH TO DATE   27                        21      6       12
  SINCE MAR 1     33                        24      9       14
  SINCE JAN 1     33                        24      9       14
..................................................................


WIND (MPH)
  HIGHEST WIND SPEED    16   HIGHEST WIND DIRECTION    SW (230)
  HIGHEST GUST SPEED    21   HIGHEST GUST DIRECTION    SW (210)
  AVERAGE WIND SPEED     7.8


SKY COVER
  POSSIBLE SUNSHINE  MM
  AVERAGE SKY COVER 0.8


WEATHER CONDITIONS
 THE FOLLOWING WEATHER WAS RECORDED YESTERDAY.
  LIGHT RAIN


RELATIVE HUMIDITY (PERCENT)
 HIGHEST    83          1000 PM
 LOWEST     39           300 PM
 AVERAGE    61

..........................................................


THE KANSAS CITY INTERNATIONAL MO CLIMATE NORMALS FOR TODAY
                         NORMAL    RECORD    YEAR
 MAXIMUM TEMPERATURE (F)   70        91      1970
 MINIMUM TEMPERATURE (F)   49        33      1965


SUNRISE AND SUNSET
APRIL 28 2017.........SUNRISE   624 AM CDT   SUNSET   810 PM CDT
APRIL 29 2017.........SUNRISE   622 AM CDT   SUNSET   811 PM CDT


-  INDICATES NEGATIVE NUMBERS.
R  INDICATES RECORD WAS SET OR TIED.
MM INDICATES DATA IS MISSING.
T  INDICATES TRACE AMOUNT.


&&

...MISCELLANEOUS CLIMATE DATA FROM YESTERDAY...

LOCATION                HIGH    LOW      PRECIP
ST. JOSEPH               64      42       0.08
DOWNTOWN KANSAS CITY     63      43       T
OLATHE NEW CENTURY       61      38       0.08
OLATHE JO CO EXEC        60      40       0.07
LEES SUMMIT              62      41       0.04
KIRKSVILLE               60      40       0.06
CHILLICOTHE              63      42       0.03
SEDALIA                  62      43       T
NWS PLEASANT HILL MO     62      41       0.05


THIS PRODUCT...ALONG WITH OTHER WEATHER...HYDROLOGICAL AND CLIMATE
INFORMATION...IS AVAILABLE ON THE WEB AT HTTP://WWW.WEATHER.GOV/EAX
OR AT HTTP://WEATHER.GOV

$$

73
