000
CDUS43 KEAX 230645
CLIMCI

CLIMATE REPORT
NATIONAL WEATHER SERVICE KANSAS CITY/PLEASANT HILL MO
1243 AM CST FRI FEB 23 2018


...................................

...THE KANSAS CITY INTERNATIONAL MO CLIMATE SUMMARY FOR FEBRUARY 22 2018...

CLIMATE NORMAL PERIOD 1981 TO 2010
CLIMATE RECORD PERIOD 1888 TO 2018


WEATHER ITEM   OBSERVED TIME   RECORD YEAR NORMAL DEPARTURE LAST
                VALUE   (LST)  VALUE       VALUE  FROM      YEAR
                                                  NORMAL
..................................................................
TEMPERATURE (F)
 YESTERDAY
  MAXIMUM         33    905 PM  79    2017  46    -13       79
  MINIMUM         25   1251 AM   3    1910  26     -1       42
  AVERAGE         29                        36     -7       61

PRECIPITATION (IN)
  YESTERDAY        0.14          1.03 1925   0.05   0.09     0.00
                                      1915
  MONTH TO DATE    1.12                      1.11   0.01     0.06
  SINCE DEC 1      2.44                      3.71  -1.27     2.64
  SINCE JAN 1      2.25                      2.18   0.07     1.45

SNOWFALL (IN)
  YESTERDAY        T             3.6  1994   0.2   -0.2      0.0
  MONTH TO DATE    0.9                       4.5   -3.6      0.0
  SINCE DEC 1      5.8                      13.9   -8.1      4.5
  SINCE JUL 1      5.8                      15.3   -9.5      4.5
  SNOW DEPTH       0

DEGREE DAYS
 HEATING
  YESTERDAY       36                        29      7        4
  MONTH TO DATE  778                       715     63      463
  SINCE DEC 1   2915                      2877     38     2541
  SINCE JUL 1   3795                      3879    -84     3125

 COOLING
  YESTERDAY        0                         0      0        0
  MONTH TO DATE    0                         0      0        0
  SINCE DEC 1      0                         0      0        0
  SINCE JAN 1      0                         0      0        0
..................................................................


WIND (MPH)
  HIGHEST WIND SPEED    18   HIGHEST WIND DIRECTION     E (110)
  HIGHEST GUST SPEED    22   HIGHEST GUST DIRECTION    SE (120)
  AVERAGE WIND SPEED     7.9


SKY COVER
  POSSIBLE SUNSHINE  MM
  AVERAGE SKY COVER 1.0


WEATHER CONDITIONS
 THE FOLLOWING WEATHER WAS RECORDED YESTERDAY.
  LIGHT RAIN
  LT FREEZING RAIN
  LIGHT SNOW
  FOG


RELATIVE HUMIDITY (PERCENT)
 HIGHEST   100           800 AM
 LOWEST     84           100 AM
 AVERAGE    92

..........................................................


THE KANSAS CITY INTERNATIONAL MO CLIMATE NORMALS FOR TODAY
                         NORMAL    RECORD    YEAR
 MAXIMUM TEMPERATURE (F)   46        73      1933
 MINIMUM TEMPERATURE (F)   26        -5      1910


SUNRISE AND SUNSET
FEBRUARY 23 2018......SUNRISE   700 AM CST   SUNSET   605 PM CST
FEBRUARY 24 2018......SUNRISE   659 AM CST   SUNSET   606 PM CST


-  INDICATES NEGATIVE NUMBERS.
R  INDICATES RECORD WAS SET OR TIED.
MM INDICATES DATA IS MISSING.
T  INDICATES TRACE AMOUNT.


&&

...MISCELLANEOUS CLIMATE DATA FROM YESTERDAY...

LOCATION                HIGH    LOW      PRECIP
ST. JOSEPH               32      25       0.24
DOWNTOWN KANSAS CITY     36      28       0.03
OLATHE NEW CENTURY       33      26       0.13
OLATHE JO CO EXEC        33      25       0.05
LEES SUMMIT              33      26       0.05
KIRKSVILLE               35      27       0.11
CHILLICOTHE              34      27       0.20
SEDALIA                  41      29       0.09
NWS PLEASANT HILL MO     35      26       0.09


THIS PRODUCT...ALONG WITH OTHER WEATHER...HYDROLOGICAL AND CLIMATE
INFORMATION...IS AVAILABLE ON THE WEB AT HTTP://WWW.WEATHER.GOV/EAX
OR AT HTTP://WEATHER.GOV

$$

JW
