000
CDUS43 KEAX 221238
CLIMCI

CLIMATE REPORT
NATIONAL WEATHER SERVICE KANSAS CITY/PLEASANT HILL MO
737 AM CDT FRI AUG 22 2014


...................................

...THE KANSAS CITY INTERNATIONAL MO CLIMATE SUMMARY FOR AUGUST 22 2014...
VALID AS OF 0700 AM LOCAL TIME.

CLIMATE NORMAL PERIOD 1981 TO 2010
CLIMATE RECORD PERIOD 1888 TO 2014


WEATHER ITEM   OBSERVED TIME   RECORD YEAR NORMAL DEPARTURE LAST
                VALUE   (LST)  VALUE       VALUE  FROM      YEAR
                                                  NORMAL
..................................................................
TEMPERATURE (F)
 TODAY
  MAXIMUM         82    139 AM 104    1936  87     -5       88
  MINIMUM         76    545 AM  52    1923  66     10       67
  AVERAGE         79                        76      3       78

PRECIPITATION (IN)
  TODAY            0.00          2.76 2001   0.12  -0.12     0.00
  MONTH TO DATE    4.73                      2.67   2.06     2.12
  SINCE JUN 1     14.68                     12.35   2.33     7.74
  SINCE JAN 1     23.30                     26.18  -2.88    22.67

SNOWFALL (IN)
  TODAY            0.0           0.0    MM   0.0    0.0      0.0
  MONTH TO DATE    0.0                       0.0    0.0      0.0
  SINCE JUN 1      0.0                       0.0    0.0      0.0
  SINCE JUL 1      0.0                       0.0    0.0      0.0
  SNOW DEPTH       0

DEGREE DAYS
 HEATING
  TODAY            0                         0      0        0
  MONTH TO DATE    0                         0      0        0
  SINCE JUN 1      3                         9     -6       17
  SINCE JUL 1      2                         0      2        0

 COOLING
  TODAY           14                        12      2       13
  MONTH TO DATE  245                       281    -36      188
  SINCE JUN 1    808                       961   -153      831
  SINCE JAN 1    969                      1077   -108      936
..................................................................


WIND (MPH)
  HIGHEST WIND SPEED    18   HIGHEST WIND DIRECTION     S (190)
  HIGHEST GUST SPEED    22   HIGHEST GUST DIRECTION     S (200)
  AVERAGE WIND SPEED    11.0


SKY COVER
  POSSIBLE SUNSHINE  MM
  AVERAGE SKY COVER 0.5


WEATHER CONDITIONS
 THE FOLLOWING WEATHER WAS RECORDED TODAY.
  NO SIGNIFICANT WEATHER WAS OBSERVED.


RELATIVE HUMIDITY (PERCENT)
 HIGHEST    82           400 AM
 LOWEST     69          1200 AM
 AVERAGE    76

..........................................................


THE KANSAS CITY INTERNATIONAL MO CLIMATE NORMALS FOR TOMORROW
                         NORMAL    RECORD    YEAR
 MAXIMUM TEMPERATURE (F)   87       104      1936
 MINIMUM TEMPERATURE (F)   66        48      1891


SUNRISE AND SUNSET
AUGUST 22 2014........SUNRISE   638 AM CDT   SUNSET   805 PM CDT
AUGUST 23 2014........SUNRISE   639 AM CDT   SUNSET   803 PM CDT


-  INDICATES NEGATIVE NUMBERS.
R  INDICATES RECORD WAS SET OR TIED.
MM INDICATES DATA IS MISSING.
T  INDICATES TRACE AMOUNT.




&&

...MISCELLANEOUS CLIMATE DATA FROM TODAY...

LOCATION                HIGH    LOW      PRECIP
ST. JOSEPH               81      75       0.00
DOWNTOWN KANSAS CITY     84      80       0.00
OLATHE NEW CENTURY       81      76       0.00
OLATHE JO CO EXEC        80      75       0.00
LEES SUMMIT              82      76       0.00
KIRKSVILLE               82      74       0.50
CHILLICOTHE              82      76       0.04
SEDALIA                  81      77       0.00
NWS PLEASANT HILL MO     79      74       0.00


THIS PRODUCT...ALONG WITH OTHER WEATHER...HYDROLOGICAL AND CLIMATE
INFORMATION...IS AVAILABLE ON THE WEB AT HTTP://WWW.CRH.NOAA.GOV/EAX
OR AT HTTP://WEATHER.GOV

$$

JW
