969
CDUS43 KGLD 270747
CLIMCK

CLIMATE REPORT
NATIONAL WEATHER SERVICE GOODLAND
143 AM MDT SAT AUG 27 2016


...................................

...THE MCCOOK NE CLIMATE SUMMARY FOR AUGUST 26 2016...

CLIMATE NORMAL PERIOD 1981 TO 2010
CLIMATE RECORD PERIOD 1896 TO 2016


WEATHER ITEM   OBSERVED TIME   RECORD YEAR NORMAL DEPARTURE LAST
                VALUE   (LST)  VALUE       VALUE  FROM      YEAR
                                                  NORMAL
..................................................................
TEMPERATURE (F)
 YESTERDAY
  MAXIMUM         76    204 PM 109    1926  86    -10      101
  MINIMUM         52   1114 PM  48    1985  58     -6       60
  AVERAGE         64                        72     -8       81

PRECIPITATION (IN)
  YESTERDAY        0.20                      0.08   0.12     0.00
  MONTH TO DATE    2.13                      2.77  -0.64     2.48
  SINCE JUN 1      7.36                      9.40  -2.04     8.92
  SINCE JAN 1     17.56                     17.34   0.22    15.08

..................................................................


THE MCCOOK NE CLIMATE NORMALS FOR TODAY
                         NORMAL    RECORD    YEAR
 MAXIMUM TEMPERATURE (F)   86       105      1960
 MINIMUM TEMPERATURE (F)   58        40      1922



-  INDICATES NEGATIVE NUMBERS.
R  INDICATES RECORD WAS SET OR TIED.
MM INDICATES DATA IS MISSING.
T  INDICATES TRACE AMOUNT.

$$
