000
CDUS42 KFFC 220821
CLIMCN


CLIMATE REPORT
NATIONAL WEATHER SERVICE PEACHTREE CITY GA
421 AM EDT FRI AUG 22 2014


...................................

...THE MACON CLIMATE SUMMARY FOR AUGUST 21 2014...

CLIMATE NORMAL PERIOD 1981 TO 2010
CLIMATE RECORD PERIOD 1899 TO 2014


WEATHER ITEM   OBSERVED TIME   RECORD YEAR NORMAL DEPARTURE LAST
                VALUE   (LST)  VALUE       VALUE  FROM      YEAR
                                                  NORMAL
..................................................................
TEMPERATURE (F)
 YESTERDAY
  MAXIMUM         98    411 PM 105    1980  91      7       89
  MINIMUM         69    445 AM  57    1943  70     -1       68
  AVERAGE         84                        80      4       79

PRECIPITATION (IN)
  YESTERDAY        0.00          1.94 1906   0.14  -0.14     0.02
  MONTH TO DATE    0.92                      2.76  -1.84     8.03
  SINCE JUN 1     11.61                     11.77  -0.16    27.27
  SINCE JAN 1     33.80                     30.60   3.20    55.96

DEGREE DAYS
 HEATING
  YESTERDAY        0                         0      0        0
  MONTH TO DATE    0                         0      0        0
  SINCE JUN 1      0                         0      0        0
  SINCE JUL 1      0                         0      0        0

 COOLING
  YESTERDAY       19                        16      3       14
  MONTH TO DATE  313                       345    -32      293
  SINCE JUN 1   1167                      1285   -118     1138
  SINCE JAN 1   1445                      1598   -153     1348
..................................................................


WIND (MPH)
  RESULTANT WIND SPEED   4   RESULTANT WIND DIRECTION  NW (300)
  HIGHEST WIND SPEED    13   HIGHEST WIND DIRECTION     W (280)
  HIGHEST GUST SPEED    21   HIGHEST GUST DIRECTION     N (340)
  AVERAGE WIND SPEED     4.8


SKY COVER
  AVERAGE SKY COVER 0.1


WEATHER CONDITIONS
 THE FOLLOWING WEATHER WAS RECORDED YESTERDAY.
  NO SIGNIFICANT WEATHER WAS OBSERVED.


RELATIVE HUMIDITY (PERCENT)
 HIGHEST   100          1200 AM
 LOWEST     35           400 PM
 AVERAGE    68

..........................................................


THE MACON CLIMATE NORMALS FOR TODAY
                         NORMAL    RECORD    YEAR
 MAXIMUM TEMPERATURE (F)   91       103      1968
 MINIMUM TEMPERATURE (F)   70        58      1930
                                             1918


SUNRISE AND SUNSET
AUGUST 22 2014........SUNRISE   703 AM EDT   SUNSET   812 PM EDT
AUGUST 23 2014........SUNRISE   703 AM EDT   SUNSET   810 PM EDT


-  INDICATES NEGATIVE NUMBERS.
R  INDICATES RECORD WAS SET OR TIED.
MM INDICATES DATA IS MISSING.
T  INDICATES TRACE AMOUNT.




$$
