000
CDUS42 KFFC 240834
CLIMCN


CLIMATE REPORT
NATIONAL WEATHER SERVICE PEACHTREE CITY GA
434 AM EDT SUN SEP 24 2017


...................................

...THE MACON CLIMATE SUMMARY FOR SEPTEMBER 23 2017...

CLIMATE NORMAL PERIOD 1981 TO 2010
CLIMATE RECORD PERIOD 1899 TO 2017


WEATHER ITEM   OBSERVED TIME   RECORD YEAR NORMAL DEPARTURE LAST
                VALUE   (LST)  VALUE       VALUE  FROM      YEAR
                                                  NORMAL
..................................................................
TEMPERATURE (F)
 YESTERDAY
  MAXIMUM         89    230 PM  98    1970  84      5       92
                                      1925
  MINIMUM         64    634 AM  46    1999  61      3       68
  AVERAGE         77                        73      4       80

PRECIPITATION (IN)
  YESTERDAY        0.03          2.24 1911   0.11  -0.08     0.00
  MONTH TO DATE    3.87                      2.83   1.04     2.18
  SINCE SEP 1      3.87                      2.83   1.04     2.18
  SINCE JAN 1     41.40                     34.77   6.63    26.40

DEGREE DAYS
 HEATING
  YESTERDAY        0                         0      0        0
  MONTH TO DATE    1                         0      1        0
  SINCE SEP 1      1                         0      1        0
  SINCE JUL 1      1                         0      1        0

 COOLING
  YESTERDAY       12                         8      4       15
  MONTH TO DATE  214                       257    -43      332
  SINCE SEP 1    214                       257    -43      332
  SINCE JAN 1   2076                      2001     75     2359
..................................................................


WIND (MPH)
  RESULTANT WIND SPEED   3   RESULTANT WIND DIRECTION  NE (60)
  HIGHEST WIND SPEED    15   HIGHEST WIND DIRECTION     E (80)
  HIGHEST GUST SPEED    19   HIGHEST GUST DIRECTION     E (80)
  AVERAGE WIND SPEED     3.9


SKY COVER
  AVERAGE SKY COVER 0.1


WEATHER CONDITIONS
 THE FOLLOWING WEATHER WAS RECORDED YESTERDAY.
  FOG


RELATIVE HUMIDITY (PERCENT)
 HIGHEST   100           100 AM
 LOWEST     48           400 PM
 AVERAGE    74

..........................................................


THE MACON CLIMATE NORMALS FOR TODAY
                         NORMAL    RECORD    YEAR
 MAXIMUM TEMPERATURE (F)   84        96      1993
                                             1961
                                             1931
 MINIMUM TEMPERATURE (F)   61        44      1967


SUNRISE AND SUNSET
SEPTEMBER 24 2017.....SUNRISE   724 AM EDT   SUNSET   728 PM EDT
SEPTEMBER 25 2017.....SUNRISE   725 AM EDT   SUNSET   727 PM EDT


-  INDICATES NEGATIVE NUMBERS.
R  INDICATES RECORD WAS SET OR TIED.
MM INDICATES DATA IS MISSING.
T  INDICATES TRACE AMOUNT.




$$
