000
CDUS42 KFFC 200920
CLIMCN


CLIMATE REPORT
NATIONAL WEATHER SERVICE PEACHTREE CITY GA
420 AM EST FRI JAN 20 2017


...................................

...THE MACON CLIMATE SUMMARY FOR JANUARY 19 2017...

CLIMATE NORMAL PERIOD 1981 TO 2010
CLIMATE RECORD PERIOD 1899 TO 2017


WEATHER ITEM   OBSERVED TIME   RECORD YEAR NORMAL DEPARTURE LAST
                VALUE   (LST)  VALUE       VALUE  FROM      YEAR
                                                  NORMAL
..................................................................
TEMPERATURE (F)
 YESTERDAY
  MAXIMUM         76    149 PM  79    1990  58     18       47
  MINIMUM         48    622 AM   5    1977  35     13       21
  AVERAGE         62                        46     16       34

PRECIPITATION (IN)
  YESTERDAY        0.00          1.65 1978   0.14  -0.14     0.00
  MONTH TO DATE    7.83                      2.51   5.32     1.17
  SINCE DEC 1     13.78                      6.55   7.23    13.79
  SINCE JAN 1      7.83                      2.51   5.32     1.17

SNOWFALL (IN)
  YESTERDAY        0.0           0.0  2002   0.0    0.0      0.0
  MONTH TO DATE    0.0                       0.3   -0.3      0.0
  SINCE DEC 1      0.0                       0.4   -0.4      0.0
  SINCE JUL 1      0.0                       0.4   -0.4      0.0
  SNOW DEPTH       0

DEGREE DAYS
 HEATING
  YESTERDAY        3                        19    -16       31
  MONTH TO DATE  209                       361   -152      383
  SINCE DEC 1    600                       891   -291      614
  SINCE JUL 1    842                      1286   -444      886

 COOLING
  YESTERDAY        0                         0      0        0
  MONTH TO DATE    1                         0      1        0
  SINCE DEC 1      3                         3      0       42
  SINCE JAN 1      1                         0      1        0
..................................................................


WIND (MPH)
  RESULTANT WIND SPEED   4   RESULTANT WIND DIRECTION   S (170)
  HIGHEST WIND SPEED    15   HIGHEST WIND DIRECTION     S (190)
  HIGHEST GUST SPEED    19   HIGHEST GUST DIRECTION     S (190)
  AVERAGE WIND SPEED     5.4


SKY COVER
  AVERAGE SKY COVER 0.4


WEATHER CONDITIONS
 THE FOLLOWING WEATHER WAS RECORDED YESTERDAY.
  FOG
  FOG W/VISIBILITY <= 1/4 MILE


RELATIVE HUMIDITY (PERCENT)
 HIGHEST   100           900 AM
 LOWEST     53           400 PM
 AVERAGE    77

..........................................................


THE MACON CLIMATE NORMALS FOR TODAY
                         NORMAL    RECORD    YEAR
 MAXIMUM TEMPERATURE (F)   58        77      1954
 MINIMUM TEMPERATURE (F)   35         1      1985


SUNRISE AND SUNSET
JANUARY 20 2017.......SUNRISE   735 AM EST   SUNSET   556 PM EST
JANUARY 21 2017.......SUNRISE   735 AM EST   SUNSET   557 PM EST


-  INDICATES NEGATIVE NUMBERS.
R  INDICATES RECORD WAS SET OR TIED.
MM INDICATES DATA IS MISSING.
T  INDICATES TRACE AMOUNT.




$$
