000
CDUS42 KFFC 262038
CLIMCN


CLIMATE REPORT
NATIONAL WEATHER SERVICE PEACHTREE CITY GA
437 PM EDT TUE JUL 26 2016


...................................

...THE MACON CLIMATE SUMMARY FOR JULY 26 2016...
VALID TODAY AS OF 0400 PM LOCAL TIME.

CLIMATE NORMAL PERIOD 1981 TO 2010
CLIMATE RECORD PERIOD 1899 TO 2016


WEATHER ITEM   OBSERVED TIME   RECORD YEAR NORMAL DEPARTURE LAST
                VALUE   (LST)  VALUE       VALUE  FROM      YEAR
                                                  NORMAL
..................................................................
TEMPERATURE (F)
 TODAY
  MAXIMUM         98    141 PM 100    2010  93      5       95
                                      1993
  MINIMUM         73    616 AM  60    1911  71      2       67
  AVERAGE         86                        82      4       81

PRECIPITATION (IN)
  TODAY            0.00          3.11 1995   0.15  -0.15     0.00
  MONTH TO DATE    1.69                      4.20  -2.51     1.35
  SINCE JUN 1      3.58                      8.26  -4.68     5.13
  SINCE JAN 1     21.54                     27.09  -5.55    21.63

DEGREE DAYS
 HEATING
  TODAY            0                         0      0        0
  MONTH TO DATE    0                         0      0        0
  SINCE JUN 1      0                         0      0        0
  SINCE JUL 1      0                         0      0        0

 COOLING
  TODAY           21                        17      4       16
  MONTH TO DATE  509                       436     73      492
  SINCE JUN 1   1004                       855    149      973
  SINCE JAN 1   1356                      1168    188     1358
..................................................................


WIND (MPH)
  RESULTANT WIND SPEED   2   RESULTANT WIND DIRECTION   S (190)
  HIGHEST WIND SPEED    13   HIGHEST WIND DIRECTION    SW (210)
  HIGHEST GUST SPEED    18   HIGHEST GUST DIRECTION     S (160)
  AVERAGE WIND SPEED     2.7


SKY COVER
  AVERAGE SKY COVER 0.0


WEATHER CONDITIONS
 THE FOLLOWING WEATHER WAS RECORDED TODAY.
  NO SIGNIFICANT WEATHER WAS OBSERVED.


RELATIVE HUMIDITY (PERCENT)
 HIGHEST    87           500 AM
 LOWEST     39           300 PM
 AVERAGE    63

..........................................................


THE MACON CLIMATE NORMALS FOR TOMORROW
                         NORMAL    RECORD    YEAR
 MAXIMUM TEMPERATURE (F)   93       100      1993
                                             1968
                                             1940
 MINIMUM TEMPERATURE (F)   71        60      1911


SUNRISE AND SUNSET
JULY 26 2016..........SUNRISE   645 AM EDT   SUNSET   837 PM EDT
JULY 27 2016..........SUNRISE   646 AM EDT   SUNSET   836 PM EDT


-  INDICATES NEGATIVE NUMBERS.
R  INDICATES RECORD WAS SET OR TIED.
MM INDICATES DATA IS MISSING.
T  INDICATES TRACE AMOUNT.




$$
