000
CDUS42 KFFC 210818
CLIMCN


CLIMATE REPORT
NATIONAL WEATHER SERVICE PEACHTREE CITY GA
418 AM EDT FRI JUL 21 2017


...................................

...THE MACON CLIMATE SUMMARY FOR JULY 20 2017...

CLIMATE NORMAL PERIOD 1981 TO 2010
CLIMATE RECORD PERIOD 1899 TO 2017


WEATHER ITEM   OBSERVED TIME   RECORD YEAR NORMAL DEPARTURE LAST
                VALUE   (LST)  VALUE       VALUE  FROM      YEAR
                                                  NORMAL
..................................................................
TEMPERATURE (F)
 YESTERDAY
  MAXIMUM         98    343 PM 106    1986  93      5       98
  MINIMUM         72    603 AM  61    2009  71      1       75
  AVERAGE         85                        82      3       87

PRECIPITATION (IN)
  YESTERDAY        0.00          1.78 1981   0.16  -0.16     0.00
  MONTH TO DATE    2.82                      3.27  -0.45     1.18
  SINCE JUN 1      8.08                      7.33   0.75     3.07
  SINCE JAN 1     31.81                     26.16   5.65    21.03

DEGREE DAYS
 HEATING
  YESTERDAY        0                         0      0        0
  MONTH TO DATE    0                         0      0        0
  SINCE JUN 1      0                         0      0        0
  SINCE JUL 1      0                         0      0        0

 COOLING
  YESTERDAY       20                        17      3       22
  MONTH TO DATE  354                       334     20      389
  SINCE JUN 1    748                       753     -5      884
  SINCE JAN 1   1193                      1066    127     1236
..................................................................


WIND (MPH)
  RESULTANT WIND SPEED   0   RESULTANT WIND DIRECTION  SE (150)
  HIGHEST WIND SPEED    10   HIGHEST WIND DIRECTION    SE (150)
  HIGHEST GUST SPEED    14   HIGHEST GUST DIRECTION     W (260)
  AVERAGE WIND SPEED     2.8


SKY COVER
  AVERAGE SKY COVER 0.0


WEATHER CONDITIONS
 THE FOLLOWING WEATHER WAS RECORDED YESTERDAY.
  FOG


RELATIVE HUMIDITY (PERCENT)
 HIGHEST    94          1200 AM
 LOWEST     36           500 PM
 AVERAGE    65

..........................................................


THE MACON CLIMATE NORMALS FOR TODAY
                         NORMAL    RECORD    YEAR
 MAXIMUM TEMPERATURE (F)   93       106      1986
 MINIMUM TEMPERATURE (F)   71        64      1910


SUNRISE AND SUNSET
JULY 21 2017..........SUNRISE   641 AM EDT   SUNSET   840 PM EDT
JULY 22 2017..........SUNRISE   642 AM EDT   SUNSET   840 PM EDT


-  INDICATES NEGATIVE NUMBERS.
R  INDICATES RECORD WAS SET OR TIED.
MM INDICATES DATA IS MISSING.
T  INDICATES TRACE AMOUNT.




$$
