000
CDUS42 KFFC 190024
CLIMCN


CLIMATE REPORT
NATIONAL WEATHER SERVICE PEACHTREE CITY GA
823 PM EDT THU SEP 18 2014


...................................

...THE MACON CLIMATE SUMMARY FOR SEPTEMBER 18 2014...
VALID AS OF 0800 PM LOCAL TIME.

CLIMATE NORMAL PERIOD 1981 TO 2010
CLIMATE RECORD PERIOD 1899 TO 2014


WEATHER ITEM   OBSERVED TIME   RECORD YEAR NORMAL DEPARTURE LAST
                VALUE   (LST)  VALUE       VALUE  FROM      YEAR
                                                  NORMAL
..................................................................
TEMPERATURE (F)
 TODAY
  MAXIMUM         82    303 PM  99    1931  86     -4       81
  MINIMUM         62    408 AM  51    1981  63     -1       62
                                      1903
  AVERAGE         72                        74     -2       72

PRECIPITATION (IN)
  TODAY            0.00          2.28 1901   0.11  -0.11     0.00
  MONTH TO DATE    2.03                      2.30  -0.27     0.13
  SINCE SEP 1      2.03                      2.30  -0.27     0.13
  SINCE JAN 1     35.96                     34.24   1.72    58.26

DEGREE DAYS
 HEATING
  TODAY            0                         0      0        0
  MONTH TO DATE    0                         0      0        0
  SINCE SEP 1      0                         0      0        0
  SINCE JUL 1      0                         0      0        0

 COOLING
  TODAY            7                        10     -3        7
  MONTH TO DATE  268                       214     54      237
  SINCE SEP 1    268                       214     54      237
  SINCE JAN 1   1866                      1958    -92     1712
..................................................................


WIND (MPH)
  HIGHEST WIND SPEED    29   HIGHEST WIND DIRECTION    NW (310)
  HIGHEST GUST SPEED    84   HIGHEST GUST DIRECTION    NW (330)
  AVERAGE WIND SPEED     3.5


SKY COVER
  AVERAGE SKY COVER 0.5


WEATHER CONDITIONS
 THE FOLLOWING WEATHER WAS RECORDED TODAY.
  FOG
  HAZE


RELATIVE HUMIDITY (PERCENT)
 HIGHEST   100           100 AM
 LOWEST     62           200 PM

..........................................................


THE MACON CLIMATE NORMALS FOR TOMORROW
                         NORMAL    RECORD
 MAXIMUM TEMPERATURE (F)   85       101
 MINIMUM TEMPERATURE (F)   63        45


SUNRISE AND SUNSET
SEPTEMBER 18 2014.....SUNRISE   720 AM EDT   SUNSET   737 PM EDT
SEPTEMBER 19 2014.....SUNRISE   721 AM EDT   SUNSET   735 PM EDT


-  INDICATES NEGATIVE NUMBERS.
R  INDICATES RECORD WAS SET OR TIED.
MM INDICATES DATA IS MISSING.
T  INDICATES TRACE AMOUNT.




$$
