000
CDUS42 KMLB 312018
CLIMCO


CLIMATE REPORT
NATIONAL WEATHER SERVICE MELBOURNE FL
417 PM EDT WED AUG 31 2016


...................................

...THE ORLANDO  CLIMATE SUMMARY FOR AUGUST 31 2016...
VALID TODAY AS OF 0400 PM LOCAL TIME.

CLIMATE NORMAL PERIOD 1981 TO 2010
CLIMATE RECORD PERIOD 1892 TO 2016


WEATHER ITEM   OBSERVED TIME   RECORD YEAR NORMAL DEPARTURE LAST
                VALUE   (LST)  VALUE       VALUE  FROM      YEAR
                                                  NORMAL
..................................................................
TEMPERATURE (F)
 TODAY
  MAXIMUM         86    127 PM  97    1963  91     -5       91
                                      1936
                                      1914
  MINIMUM         76    522 AM  66    1934  74      2       75
                                      1893
  AVERAGE         81                        82     -1       83

PRECIPITATION (IN)
  TODAY            T             3.59 2015   0.22  -0.22     3.59
  MONTH TO DATE    9.04                      7.13   1.91    15.86
  SINCE JUN 1     20.74                     21.98  -1.24    30.07
  SINCE JAN 1     40.83                     36.61   4.22    44.06

SNOWFALL (IN)
  TODAY            0.0
  MONTH TO DATE    0.0
  SINCE JUN 1      0.0
  SINCE JUL 1      0.0

DEGREE DAYS
 HEATING
  TODAY            0                         0      0        0
  MONTH TO DATE    0                         0      0        0
  SINCE JUN 1      0                         0      0        0
  SINCE JUL 1      0                         0      0        0

 COOLING
  TODAY           16                        17     -1       18
  MONTH TO DATE  586                       553     33      562
  SINCE JUN 1   1759                      1592    167     1691
  SINCE JAN 1   2674                      2393    281     2871
..................................................................


WIND (MPH)
  HIGHEST WIND SPEED    16   HIGHEST WIND DIRECTION     S (200)
  HIGHEST GUST SPEED    20   HIGHEST GUST DIRECTION    SE (140)
  AVERAGE WIND SPEED    10.1


SKY COVER
  AVERAGE SKY COVER 0.9


WEATHER CONDITIONS
 THE FOLLOWING WEATHER WAS RECORDED TODAY.
  LIGHT RAIN


RELATIVE HUMIDITY (PERCENT)
 HIGHEST    94           100 AM
 LOWEST     70           200 PM
 AVERAGE    82

..........................................................


THE ORLANDO  CLIMATE NORMALS FOR TOMORROW
                         NORMAL    RECORD    YEAR
 MAXIMUM TEMPERATURE (F)   91        96      1935
                                             1914
                                             1907
 MINIMUM TEMPERATURE (F)   74        65      1938


SUNRISE AND SUNSET
AUGUST 31 2016........SUNRISE   703 AM EDT   SUNSET   747 PM EDT
SEPTEMBER  1 2016.....SUNRISE   704 AM EDT   SUNSET   746 PM EDT


-  INDICATES NEGATIVE NUMBERS.
R  INDICATES RECORD WAS SET OR TIED.
MM INDICATES DATA IS MISSING.
T  INDICATES TRACE AMOUNT.




$$
