000
CDUS42 KMLB 170627
CLIMCO


CLIMATE REPORT
NATIONAL WEATHER SERVICE MELBOURNE FL
227 AM EDT THU AUG 17 2017


...................................

...THE ORLANDO  CLIMATE SUMMARY FOR AUGUST 16 2017...

CLIMATE NORMAL PERIOD 1981 TO 2010
CLIMATE RECORD PERIOD 1892 TO 2017


WEATHER ITEM   OBSERVED TIME   RECORD YEAR NORMAL DEPARTURE LAST
                VALUE   (LST)  VALUE       VALUE  FROM      YEAR
                                                  NORMAL
..................................................................
TEMPERATURE (F)
 YESTERDAY
  MAXIMUM         93    100 PM 101    1918  92      1       89
  MINIMUM         74   1028 PM  66    1938  74      0       74
  AVERAGE         84                        83      1       82

PRECIPITATION (IN)
  YESTERDAY        T             2.62 2016   0.23  -0.23     2.62
  MONTH TO DATE    3.57                      3.84  -0.27     7.02
  SINCE JUN 1     19.61                     18.69   0.92    18.72
  SINCE JAN 1     26.00                     33.32  -7.32    38.81

SNOWFALL (IN)
  YESTERDAY        0.0
  MONTH TO DATE    0.0
  SINCE JUN 1      0.0
  SINCE JUL 1      0.0

DEGREE DAYS
 HEATING
  YESTERDAY        0                         0      0        0
  MONTH TO DATE    0                         0      0        0
  SINCE JUN 1      0                         0      0        0
  SINCE JUL 1      0                         0      0        0

 COOLING
  YESTERDAY       19                        18      1       17
  MONTH TO DATE  300                       288     12      295
  SINCE JUN 1   1292                      1327    -35     1468
  SINCE JAN 1   2328                      2128    200     2383
..................................................................


WIND (MPH)
  HIGHEST WIND SPEED    23   HIGHEST WIND DIRECTION    NW (330)
  HIGHEST GUST SPEED    30   HIGHEST GUST DIRECTION    NW (330)
  AVERAGE WIND SPEED     3.5


SKY COVER
  AVERAGE SKY COVER 0.6


WEATHER CONDITIONS
 THE FOLLOWING WEATHER WAS RECORDED YESTERDAY.
  THUNDERSTORM
  RAIN
  LIGHT RAIN


RELATIVE HUMIDITY (PERCENT)
 HIGHEST   100          1200 AM
 LOWEST     59          1200 PM
 AVERAGE    80

..........................................................


THE ORLANDO  CLIMATE NORMALS FOR TODAY
                         NORMAL    RECORD    YEAR
 MAXIMUM TEMPERATURE (F)   92        99      1929
 MINIMUM TEMPERATURE (F)   74        66      1938


SUNRISE AND SUNSET
AUGUST 17 2017........SUNRISE   656 AM EDT   SUNSET   802 PM EDT
AUGUST 18 2017........SUNRISE   657 AM EDT   SUNSET   801 PM EDT


-  INDICATES NEGATIVE NUMBERS.
R  INDICATES RECORD WAS SET OR TIED.
MM INDICATES DATA IS MISSING.
T  INDICATES TRACE AMOUNT.




$$
