000
CDUS42 KMLB 250651
CLIMCO


CLIMATE REPORT
NATIONAL WEATHER SERVICE MELBOURNE FL
240 AM EDT SAT MAR 25 2017


...................................

...THE ORLANDO  CLIMATE SUMMARY FOR MARCH 24 2017...

CLIMATE NORMAL PERIOD 1981 TO 2010
CLIMATE RECORD PERIOD 1892 TO 2017


WEATHER ITEM   OBSERVED TIME   RECORD YEAR NORMAL DEPARTURE LAST
                VALUE   (LST)  VALUE       VALUE  FROM      YEAR
                                                  NORMAL
..................................................................
TEMPERATURE (F)
 YESTERDAY
  MAXIMUM         82    135 PM  96    1907  79      3       84
  MINIMUM         62   1146 PM  35    1968  57      5       55
  AVERAGE         72                        68      4       70

PRECIPITATION (IN)
  YESTERDAY        0.00          3.46 1930   0.13  -0.13     3.30
  MONTH TO DATE    0.09                      2.87  -2.78     3.54
  SINCE MAR 1      0.09                      2.87  -2.78     3.54
  SINCE JAN 1      3.02                      7.60  -4.58    10.88

SNOWFALL (IN)
  YESTERDAY        0.0
  MONTH TO DATE    0.0
  SINCE MAR 1      0.0
  SINCE JUL 1      0.0

DEGREE DAYS
 HEATING
  YESTERDAY        0                         1     -1        0
  MONTH TO DATE   37                        52    -15       16
  SINCE MAR 1     37                        52    -15       16
  SINCE JUL 1    206                       551   -345      370

 COOLING
  YESTERDAY        7                         4      3        5
  MONTH TO DATE  100                        87     13      143
  SINCE MAR 1    100                        87     13      143
  SINCE JAN 1    301                       191    110      205
..................................................................


WIND (MPH)
  HIGHEST WIND SPEED    23   HIGHEST WIND DIRECTION     E (100)
  HIGHEST GUST SPEED    29   HIGHEST GUST DIRECTION     E (70)
  AVERAGE WIND SPEED    12.3


SKY COVER
  AVERAGE SKY COVER 0.6


WEATHER CONDITIONS
 THE FOLLOWING WEATHER WAS RECORDED YESTERDAY.
  NO SIGNIFICANT WEATHER WAS OBSERVED.


RELATIVE HUMIDITY (PERCENT)
 HIGHEST    73          1200 AM
 LOWEST     39           100 PM
 AVERAGE    56

..........................................................


THE ORLANDO  CLIMATE NORMALS FOR TODAY
                         NORMAL    RECORD    YEAR
 MAXIMUM TEMPERATURE (F)   79        95      1929
                                             1907
 MINIMUM TEMPERATURE (F)   57        37      1915


SUNRISE AND SUNSET
MARCH 25 2017.........SUNRISE   723 AM EDT   SUNSET   740 PM EDT
MARCH 26 2017.........SUNRISE   722 AM EDT   SUNSET   740 PM EDT


-  INDICATES NEGATIVE NUMBERS.
R  INDICATES RECORD WAS SET OR TIED.
MM INDICATES DATA IS MISSING.
T  INDICATES TRACE AMOUNT.




$$
