000
CDUS42 KMLB 230630
CLIMCO


CLIMATE REPORT
NATIONAL WEATHER SERVICE MELBOURNE FL
230 AM EDT MON OCT 23 2017


...................................

...THE ORLANDO INTL CLIMATE SUMMARY FOR OCTOBER 22 2017...

CLIMATE NORMAL PERIOD 1981 TO 2010
CLIMATE RECORD PERIOD 1892 TO 2017


WEATHER ITEM   OBSERVED TIME   RECORD YEAR NORMAL DEPARTURE LAST
                VALUE   (LST)  VALUE       VALUE  FROM      YEAR
                                                  NORMAL
..................................................................
TEMPERATURE (F)
 YESTERDAY
  MAXIMUM         88    251 PM  95    1919  83      5       76
  MINIMUM         73    624 AM  42    1913  65      8       57
  AVERAGE         81                        74      7       67

PRECIPITATION (IN)
  YESTERDAY        T             2.27 1993   0.09  -0.09     0.00
  MONTH TO DATE    3.30                      2.62   0.68     2.77
  SINCE SEP 1     17.39                      8.68   8.71    10.03
  SINCE JAN 1     45.81                     45.29   0.52    51.72

SNOWFALL (IN)
  YESTERDAY        0.0
  MONTH TO DATE    0.0
  SINCE JUL 1      0.0

DEGREE DAYS
 HEATING
  YESTERDAY        0                         0      0        0
  MONTH TO DATE    0                         0      0        0
  SINCE SEP 1      0                         0      0        0
  SINCE JUL 1      0                         0      0        0

 COOLING
  YESTERDAY       16                         9      7        2
  MONTH TO DATE  325                       257     68      291
  SINCE SEP 1    814                       740     74      814
  SINCE JAN 1   3412                      3133    279     3487
..................................................................


WIND (MPH)
  HIGHEST WIND SPEED    18   HIGHEST WIND DIRECTION    SE (140)
  HIGHEST GUST SPEED    23   HIGHEST GUST DIRECTION    SE (130)
  AVERAGE WIND SPEED     8.8


SKY COVER
  AVERAGE SKY COVER 0.7


WEATHER CONDITIONS
 THE FOLLOWING WEATHER WAS RECORDED YESTERDAY.
  NO SIGNIFICANT WEATHER WAS OBSERVED.


RELATIVE HUMIDITY (PERCENT)
 HIGHEST   100           700 AM
 LOWEST     55           300 PM
 AVERAGE    78

..........................................................


THE ORLANDO INTL CLIMATE NORMALS FOR TODAY
                         NORMAL    RECORD    YEAR
 MAXIMUM TEMPERATURE (F)   83        93      1919
 MINIMUM TEMPERATURE (F)   64        47      1937


SUNRISE AND SUNSET
OCTOBER 23 2017.......SUNRISE   731 AM EDT   SUNSET   648 PM EDT
OCTOBER 24 2017.......SUNRISE   732 AM EDT   SUNSET   647 PM EDT


-  INDICATES NEGATIVE NUMBERS.
R  INDICATES RECORD WAS SET OR TIED.
MM INDICATES DATA IS MISSING.
T  INDICATES TRACE AMOUNT.




$$
