674
CDUS42 KMLB 180636
CLIMCO


CLIMATE REPORT
NATIONAL WEATHER SERVICE MELBOURNE FL
136 AM EST THU JAN 18 2018


...................................

...THE ORLANDO INTL CLIMATE SUMMARY FOR JANUARY 17 2018...

CLIMATE NORMAL PERIOD 1981 TO 2010
CLIMATE RECORD PERIOD 1892 TO 2018


WEATHER ITEM   OBSERVED TIME   RECORD YEAR NORMAL DEPARTURE LAST
                VALUE   (LST)  VALUE       VALUE  FROM      YEAR
                                                  NORMAL
..................................................................
TEMPERATURE (F)
 YESTERDAY
  MAXIMUM         71    327 PM  87    1943  71      0       81
  MINIMUM         39   1159 PM  28    1959  49    -10       57
  AVERAGE         55                        60     -5       69

PRECIPITATION (IN)
  YESTERDAY        0.00          2.03 2011   0.07  -0.07     0.00
  MONTH TO DATE    1.29                      1.29   0.00     1.14
  SINCE DEC 1      1.64                      3.87  -2.23     3.66
  SINCE JAN 1      1.29                      1.29   0.00     1.14

SNOWFALL (IN)
  YESTERDAY        0.0
  MONTH TO DATE    0.0
  SINCE JUL 1      0.0

DEGREE DAYS
 HEATING
  YESTERDAY       10                         6      4        0
  MONTH TO DATE  176                       109     67       42
  SINCE DEC 1    277                       253     24       74
  SINCE JUL 1    301                       300      1       97

 COOLING
  YESTERDAY        0                         1     -1        4
  MONTH TO DATE   21                        20      1       50
  SINCE DEC 1    113                        90     23      209
  SINCE JAN 1     21                        20      1       50
..................................................................


WIND (MPH)
  HIGHEST WIND SPEED    22   HIGHEST WIND DIRECTION    NW (330)
  HIGHEST GUST SPEED    28   HIGHEST GUST DIRECTION     W (290)
  AVERAGE WIND SPEED     9.7


SKY COVER
  AVERAGE SKY COVER 0.3


WEATHER CONDITIONS
 THE FOLLOWING WEATHER WAS RECORDED YESTERDAY.
  NO SIGNIFICANT WEATHER WAS OBSERVED.


RELATIVE HUMIDITY (PERCENT)
 HIGHEST   100           100 AM
 LOWEST     40           100 PM
 AVERAGE    70

..........................................................


THE ORLANDO INTL CLIMATE NORMALS FOR TODAY
                         NORMAL    RECORD    YEAR
 MAXIMUM TEMPERATURE (F)   71        86      1943
 MINIMUM TEMPERATURE (F)   49        26      1977


SUNRISE AND SUNSET
JANUARY 18 2018.......SUNRISE   718 AM EST   SUNSET   553 PM EST
JANUARY 19 2018.......SUNRISE   718 AM EST   SUNSET   554 PM EST


-  INDICATES NEGATIVE NUMBERS.
R  INDICATES RECORD WAS SET OR TIED.
MM INDICATES DATA IS MISSING.
T  INDICATES TRACE AMOUNT.




$$
