000
CDUS43 KDMX 230630
CLIMCW

CLIMATE REPORT
NATIONAL WEATHER SERVICE DES MOINES IA
127 AM CDT MON OCT 23 2017


...................................

...THE MASON CITY IA CLIMATE SUMMARY FOR OCTOBER 22 2017...

CLIMATE NORMAL PERIOD 1981 TO 2010
CLIMATE RECORD PERIOD 1893 TO 2017


WEATHER ITEM   OBSERVED TIME   RECORD YEAR NORMAL DEPARTURE LAST
                VALUE   (LST)  VALUE       VALUE  FROM      YEAR
                                                  NORMAL
..................................................................
TEMPERATURE (F)
 YESTERDAY
  MAXIMUM         64    231 PM  87    1899  57      7       70
  MINIMUM         39   1151 PM  12    1896  35      4       37
  AVERAGE         52                        46      6       54

PRECIPITATION (IN)
  YESTERDAY        0.00          1.86 1979   0.07  -0.07     0.00
  MONTH TO DATE    4.81                      1.83   2.98     0.59
  SINCE SEP 1      7.18                      5.10   2.08    11.62
  SINCE JAN 1     30.10                     31.46  -1.36    42.88

SNOWFALL (IN)
  YESTERDAY        0.0           3.0  1979   0.0    0.0      0.0
  MONTH TO DATE    0.0                       0.1   -0.1      0.0
  SINCE SEP 1      0.0                       0.1   -0.1      0.0
  SINCE JUL 1      0.0                       0.1   -0.1      0.0
  SNOW DEPTH       0

DEGREE DAYS
 HEATING
  YESTERDAY       13                        19     -6       11
  MONTH TO DATE  211                       334   -123      251
  SINCE SEP 1    299                       511   -212      322
  SINCE JUL 1    322                       547   -225      340

 COOLING
  YESTERDAY        0                         0      0        0
  MONTH TO DATE    3                         2      1        4
  SINCE SEP 1    104                        56     48       89
  SINCE JAN 1    603                       612     -9      697
..................................................................


WIND (MPH)
  HIGHEST WIND SPEED    20   HIGHEST WIND DIRECTION     W (290)
  HIGHEST GUST SPEED    24   HIGHEST GUST DIRECTION     W (290)
  AVERAGE WIND SPEED     8.7


SKY COVER
  POSSIBLE SUNSHINE  MM
  AVERAGE SKY COVER 0.0


WEATHER CONDITIONS
 THE FOLLOWING WEATHER WAS RECORDED YESTERDAY.
  NO SIGNIFICANT WEATHER WAS OBSERVED.


RELATIVE HUMIDITY (PERCENT)
 HIGHEST    86           600 AM
 LOWEST     30           300 PM
 AVERAGE    58

..........................................................


THE MASON CITY IA CLIMATE NORMALS FOR TODAY
                         NORMAL    RECORD    YEAR
 MAXIMUM TEMPERATURE (F)   57        82      1963
 MINIMUM TEMPERATURE (F)   34        12      1896


SUNRISE AND SUNSET
OCTOBER 23 2017.......SUNRISE   737 AM CDT   SUNSET   617 PM CDT
OCTOBER 24 2017.......SUNRISE   738 AM CDT   SUNSET   616 PM CDT


-  INDICATES NEGATIVE NUMBERS.
R  INDICATES RECORD WAS SET OR TIED.
MM INDICATES DATA IS MISSING.
T  INDICATES TRACE AMOUNT.




$$
