000
CDUS43 KDMX 280647 RRA
CLIMCW

CLIMATE REPORT
NATIONAL WEATHER SERVICE DES MOINES IA
147 AM CDT MON JUL 28 2014


...................................

...THE MASON CITY IA CLIMATE SUMMARY FOR JULY 27 2014...

CLIMATE NORMAL PERIOD 1981 TO 2010
CLIMATE RECORD PERIOD 1893 TO 2014


WEATHER ITEM   OBSERVED TIME   RECORD YEAR NORMAL DEPARTURE LAST
                VALUE   (LST)  VALUE       VALUE  FROM      YEAR
                                                  NORMAL
..................................................................
TEMPERATURE (F)
 YESTERDAY
  MAXIMUM         74    524 PM 100    1916  82     -8       68
  MINIMUM         60    454 AM  47    1971  60      0       49
  AVERAGE         67                        71     -4       59

PRECIPITATION (IN)
  YESTERDAY        0.00          3.98 1990   0.15  -0.15     0.00
  MONTH TO DATE    0.90                      4.13  -3.23     3.24
  SINCE JUN 1      9.54                      9.27   0.27     9.68
  SINCE JAN 1     23.58                     21.75   1.83    31.12

SNOWFALL (IN)
  YESTERDAY        0.0          MM      MM   0.0    0.0      0.0
  MONTH TO DATE    0.0                       0.0    0.0      0.0
  SINCE JUN 1      0.0                       0.0    0.0      0.0
  SINCE JUL 1      0.0                       0.0    0.0      0.0
  SNOW DEPTH       0

DEGREE DAYS
 HEATING
  YESTERDAY        0                         0      0        6
  MONTH TO DATE   21                         0     21       10
  SINCE JUN 1     34                        44    -10       63
  SINCE JUL 1     21                         0     21       10

 COOLING
  YESTERDAY        2                         7     -5        0
  MONTH TO DATE  116                       191    -75      218
  SINCE JUN 1    252                       329    -77      364
  SINCE JAN 1    305                       364    -59      401
..................................................................


WIND (MPH)
  HIGHEST WIND SPEED    28   HIGHEST WIND DIRECTION    NW (320)
  HIGHEST GUST SPEED    36   HIGHEST GUST DIRECTION    NW (300)
  AVERAGE WIND SPEED    16.0


SKY COVER
  POSSIBLE SUNSHINE  MM
  AVERAGE SKY COVER 0.5


WEATHER CONDITIONS
 THE FOLLOWING WEATHER WAS RECORDED YESTERDAY.
  NO SIGNIFICANT WEATHER WAS OBSERVED.


RELATIVE HUMIDITY (PERCENT)
 HIGHEST    93          1100 PM
 LOWEST     61          1000 AM
 AVERAGE    77

..........................................................


THE MASON CITY IA CLIMATE NORMALS FOR TODAY
                         NORMAL    RECORD    YEAR
 MAXIMUM TEMPERATURE (F)   82       100      1916
 MINIMUM TEMPERATURE (F)   60        43      1928


SUNRISE AND SUNSET
JULY 28 2014..........SUNRISE   600 AM CDT   SUNSET   839 PM CDT
JULY 29 2014..........SUNRISE   601 AM CDT   SUNSET   838 PM CDT


-  INDICATES NEGATIVE NUMBERS.
R  INDICATES RECORD WAS SET OR TIED.
MM INDICATES DATA IS MISSING.
T  INDICATES TRACE AMOUNT.




$$
