000
CDUS41 KCTP 030617
CLIMDT


CLIMATE REPORT
NATIONAL WEATHER SERVICE STATE COLLEGE PA
217 AM EDT THU SEP 3 2015


...................................

...THE HARRISBURG PA CLIMATE SUMMARY FOR SEPTEMBER 2 2015...

CLIMATE NORMAL PERIOD 1981 TO 2010
CLIMATE RECORD PERIOD 1888 TO 2015


WEATHER ITEM   OBSERVED TIME   RECORD YEAR NORMAL DEPARTURE LAST
                VALUE   (LST)  VALUE       VALUE  FROM      YEAR
                                                  NORMAL
..................................................................
TEMPERATURE (F)
 YESTERDAY
  MAXIMUM         92    301 PM 102    1953  81     11       90
  MINIMUM         68    349 AM  45    1949  61      7       72
  AVERAGE         80                        71      9       81

PRECIPITATION (IN)
  YESTERDAY        0.00          2.69 2006   0.12  -0.12     0.07
  MONTH TO DATE    0.00                      0.23  -0.23     0.07
  SINCE SEP 1      0.00                      0.23  -0.23     0.07
  SINCE JAN 1     24.63                     27.17  -2.54    33.74

DEGREE DAYS
 HEATING
  YESTERDAY        0                         0      0        0
  MONTH TO DATE    0                         0      0        0
  SINCE SEP 1      0                         0      0        0
  SINCE JUL 1      0                         2     -2        0

 COOLING
  YESTERDAY       15                         6      9       16
  MONTH TO DATE   29                        13     16       31
  SINCE SEP 1     29                        13     16       31
  SINCE JAN 1   1149                       909    240      932
..................................................................


WIND (MPH)
  HIGHEST WIND SPEED    15   HIGHEST WIND DIRECTION    NW (310)
  HIGHEST GUST SPEED    19   HIGHEST GUST DIRECTION    NW (310)
  AVERAGE WIND SPEED     5.4


SKY COVER
  POSSIBLE SUNSHINE  MM
  AVERAGE SKY COVER 0.4


WEATHER CONDITIONS
 THE FOLLOWING WEATHER WAS RECORDED YESTERDAY.
  FOG
  HAZE


RELATIVE HUMIDITY (PERCENT)
 HIGHEST    90           100 AM
 LOWEST     36           300 PM
 AVERAGE    63

..........................................................


THE HARRISBURG PA CLIMATE NORMALS FOR TODAY
                         NORMAL    RECORD    YEAR
 MAXIMUM TEMPERATURE (F)   80       102      1953
 MINIMUM TEMPERATURE (F)   61        43      1967


SUNRISE AND SUNSET
SEPTEMBER  3 2015.....SUNRISE   636 AM EDT   SUNSET   736 PM EDT
SEPTEMBER  4 2015.....SUNRISE   637 AM EDT   SUNSET   734 PM EDT


-  INDICATES NEGATIVE NUMBERS.
R  INDICATES RECORD WAS SET OR TIED.
MM INDICATES DATA IS MISSING.
T  INDICATES TRACE AMOUNT.




$$
