000
CDUS41 KCTP 250636
CLIMDT


CLIMATE REPORT
NATIONAL WEATHER SERVICE STATE COLLEGE PA
136 AM EST SUN JAN 25 2015


...................................

...THE HARRISBURG PA CLIMATE SUMMARY FOR JANUARY 24 2015...

CLIMATE NORMAL PERIOD 1981 TO 2010
CLIMATE RECORD PERIOD 1888 TO 2015


WEATHER ITEM   OBSERVED TIME   RECORD YEAR NORMAL DEPARTURE LAST
                VALUE   (LST)  VALUE       VALUE  FROM      YEAR
                                                  NORMAL
..................................................................
TEMPERATURE (F)
 YESTERDAY
  MAXIMUM         38    517 PM  71    1967  37      1       19
  MINIMUM         32    929 AM  -2    1936  22     10        7
  AVERAGE         35                        30      5       13

PRECIPITATION (IN)
  YESTERDAY        0.41          2.09 1979   0.09   0.32     0.00
  MONTH TO DATE    2.19                      2.26  -0.07     2.44
  SINCE DEC 1      5.45                      5.49  -0.04     6.18
  SINCE JAN 1      2.19                      2.26  -0.07     2.44

SNOWFALL (IN)
  YESTERDAY        3.0           9.9  1948   0.3    2.7      0.0
  MONTH TO DATE    9.0                       6.4    2.6     11.7
  SINCE DEC 1     11.1                      11.5   -0.4     20.9
  SINCE JUL 1     13.5                      12.1    1.4     20.9
  SNOW DEPTH       3

DEGREE DAYS
 HEATING
  YESTERDAY       30                        35     -5       52
  MONTH TO DATE  903                       837     66      964
  SINCE DEC 1   1783                      1799    -16     1912
  SINCE JUL 1   2796                      2838    -42     2965

 COOLING
  YESTERDAY        0                         0      0        0
  MONTH TO DATE    0                         0      0        0
  SINCE DEC 1      0                         0      0        0
  SINCE JAN 1      0                         0      0        0
..................................................................


WIND (MPH)
  HIGHEST WIND SPEED    24   HIGHEST WIND DIRECTION    NW (310)
  HIGHEST GUST SPEED    31   HIGHEST GUST DIRECTION    NW (300)
  AVERAGE WIND SPEED     9.0


SKY COVER
  POSSIBLE SUNSHINE  MM
  AVERAGE SKY COVER 0.9


WEATHER CONDITIONS
 THE FOLLOWING WEATHER WAS RECORDED YESTERDAY.
  LIGHT RAIN
  LT FREEZING RAIN
  SNOW
  LIGHT SNOW
  SLEET
  FOG
  HAZE


RELATIVE HUMIDITY (PERCENT)
 HIGHEST    92          1200 AM
 LOWEST     52           500 PM
 AVERAGE    72

..........................................................


THE HARRISBURG PA CLIMATE NORMALS FOR TODAY
                         NORMAL    RECORD    YEAR
 MAXIMUM TEMPERATURE (F)   37        71      1967
 MINIMUM TEMPERATURE (F)   22         0      1936


SUNRISE AND SUNSET
JANUARY 25 2015.......SUNRISE   722 AM EST   SUNSET   517 PM EST
JANUARY 26 2015.......SUNRISE   721 AM EST   SUNSET   518 PM EST


-  INDICATES NEGATIVE NUMBERS.
R  INDICATES RECORD WAS SET OR TIED.
MM INDICATES DATA IS MISSING.
T  INDICATES TRACE AMOUNT.




$$
