000
CDUS41 KCTP 270631
CLIMDT


CLIMATE REPORT
NATIONAL WEATHER SERVICE STATE COLLEGE PA
130 AM EST MON FEB 27 2017


...................................

...THE HARRISBURG PA CLIMATE SUMMARY FOR FEBRUARY 26 2017...

CLIMATE NORMAL PERIOD 1981 TO 2010
CLIMATE RECORD PERIOD 1888 TO 2017


WEATHER ITEM   OBSERVED TIME   RECORD YEAR NORMAL DEPARTURE LAST
                VALUE   (LST)  VALUE       VALUE  FROM      YEAR
                                                  NORMAL
..................................................................
TEMPERATURE (F)
 YESTERDAY
  MAXIMUM         42    311 PM  70    1976  44     -2       39
  MINIMUM         28   1135 PM   0    1914  28      0       29
  AVERAGE         35                        36     -1       34

PRECIPITATION (IN)
  YESTERDAY        0.00          1.04 1929   0.09  -0.09     0.00
  MONTH TO DATE    1.68                      2.20  -0.52     5.29
  SINCE DEC 1      6.67                      8.31  -1.64    14.21
  SINCE JAN 1      4.31                      5.08  -0.77     9.92

SNOWFALL (IN)
  YESTERDAY        0.0           7.5  1894   0.3   -0.3      0.0
  MONTH TO DATE    3.6                       9.9   -6.3      7.1
  SINCE DEC 1      5.5                      23.8  -18.3     37.7
  SINCE JUL 1      5.5                      24.4  -18.9     37.7
  SNOW DEPTH       0

DEGREE DAYS
 HEATING
  YESTERDAY       30                        29      1       31
  MONTH TO DATE  617                       841   -224      834
  SINCE DEC 1   2410                      2891   -481     2527
  SINCE JUL 1   3196                      3930   -734     3302

 COOLING
  YESTERDAY        0                         0      0        0
  MONTH TO DATE    0                         0      0        0
  SINCE DEC 1      0                         0      0        0
  SINCE JAN 1      0                         0      0        0
..................................................................


WIND (MPH)
  HIGHEST WIND SPEED    29   HIGHEST WIND DIRECTION    NW (310)
  HIGHEST GUST SPEED    35   HIGHEST GUST DIRECTION    NW (310)
  AVERAGE WIND SPEED    14.2


SKY COVER
  POSSIBLE SUNSHINE  MM
  AVERAGE SKY COVER 0.6


WEATHER CONDITIONS
 THE FOLLOWING WEATHER WAS RECORDED YESTERDAY.
  NO SIGNIFICANT WEATHER WAS OBSERVED.


RELATIVE HUMIDITY (PERCENT)
 HIGHEST    69           900 PM
 LOWEST     40          1000 AM
 AVERAGE    55

..........................................................


THE HARRISBURG PA CLIMATE NORMALS FOR TODAY
                         NORMAL    RECORD    YEAR
 MAXIMUM TEMPERATURE (F)   44        78      1997
 MINIMUM TEMPERATURE (F)   28         4      1934


SUNRISE AND SUNSET
FEBRUARY 27 2017......SUNRISE   643 AM EST   SUNSET   557 PM EST
FEBRUARY 28 2017......SUNRISE   642 AM EST   SUNSET   558 PM EST


-  INDICATES NEGATIVE NUMBERS.
R  INDICATES RECORD WAS SET OR TIED.
MM INDICATES DATA IS MISSING.
T  INDICATES TRACE AMOUNT.




$$
