000
CDUS41 KCTP 280635
CLIMDT


CLIMATE REPORT
NATIONAL WEATHER SERVICE STATE COLLEGE PA
135 AM EST SAT FEB 28 2015


...................................

...THE HARRISBURG PA CLIMATE SUMMARY FOR FEBRUARY 27 2015...

CLIMATE NORMAL PERIOD 1981 TO 2010
CLIMATE RECORD PERIOD 1888 TO 2015


WEATHER ITEM   OBSERVED TIME   RECORD YEAR NORMAL DEPARTURE LAST
                VALUE   (LST)  VALUE       VALUE  FROM      YEAR
                                                  NORMAL
..................................................................
TEMPERATURE (F)
 YESTERDAY
  MAXIMUM         27    430 PM  78    1997  44    -17       30
  MINIMUM         18    700 AM   4    1934  28    -10       12
  AVERAGE         23                        36    -13       21

PRECIPITATION (IN)
  YESTERDAY        T             1.61 1958   0.09  -0.09      T
  MONTH TO DATE    1.09                      2.29  -1.20     4.27
  SINCE DEC 1      6.85                      8.40  -1.55    10.45
  SINCE JAN 1      3.59                      5.17  -1.58     6.71

SNOWFALL (IN)
  YESTERDAY        T             2.2  1940   0.3   -0.3       T
  MONTH TO DATE   11.2                      10.2    1.0     21.6
  SINCE DEC 1     25.0                      24.1    0.9     42.6
  SINCE JUL 1     27.4                      24.7    2.7     42.6
  SNOW DEPTH       0

DEGREE DAYS
 HEATING
  YESTERDAY       42                        29     13       44
  MONTH TO DATE 1183                       870    313     1007
  SINCE DEC 1   3244                      2920    324     3242
  SINCE JUL 1   4257                      3959    298     4295

 COOLING
  YESTERDAY        0                         0      0        0
  MONTH TO DATE    0                         0      0        0
  SINCE DEC 1      0                         0      0        0
  SINCE JAN 1      0                         0      0        0
..................................................................


WIND (MPH)
  HIGHEST WIND SPEED    18   HIGHEST WIND DIRECTION    NW (320)
  HIGHEST GUST SPEED    24   HIGHEST GUST DIRECTION    NW (320)
  AVERAGE WIND SPEED     9.8


SKY COVER
  POSSIBLE SUNSHINE  MM
  AVERAGE SKY COVER 0.5


WEATHER CONDITIONS
 THE FOLLOWING WEATHER WAS RECORDED YESTERDAY.
  LIGHT SNOW


RELATIVE HUMIDITY (PERCENT)
 HIGHEST    68           100 AM
 LOWEST     42           700 PM
 AVERAGE    55

..........................................................


THE HARRISBURG PA CLIMATE NORMALS FOR TODAY
                         NORMAL    RECORD    YEAR
 MAXIMUM TEMPERATURE (F)   45        68      1976
 MINIMUM TEMPERATURE (F)   28        -1      1934


SUNRISE AND SUNSET
FEBRUARY 28 2015......SUNRISE   642 AM EST   SUNSET   557 PM EST
MARCH  1 2015.........SUNRISE   641 AM EST   SUNSET   559 PM EST


-  INDICATES NEGATIVE NUMBERS.
R  INDICATES RECORD WAS SET OR TIED.
MM INDICATES DATA IS MISSING.
T  INDICATES TRACE AMOUNT.




$$
