000
CDUS41 KCTP 232216
CLIMDT


CLIMATE REPORT
NATIONAL WEATHER SERVICE STATE COLLEGE PA
516 PM EST FRI FEB 23 2018


...................................

...THE HARRISBURG PA CLIMATE SUMMARY FOR FEBRUARY 23 2018...
VALID TODAY AS OF 0500 PM LOCAL TIME.

CLIMATE NORMAL PERIOD 1981 TO 2010
CLIMATE RECORD PERIOD 1888 TO 2018


WEATHER ITEM   OBSERVED TIME   RECORD YEAR NORMAL DEPARTURE LAST
                VALUE   (LST)  VALUE       VALUE  FROM      YEAR
                                                  NORMAL
..................................................................
TEMPERATURE (F)
 TODAY
  MAXIMUM         42    459 PM  75    2017  43     -1       75
  MINIMUM         38    613 AM   6    2015  27     11       37
                                      1964
                                      1907
  AVERAGE         40                        35      5       56

PRECIPITATION (IN)
  TODAY            0.10          1.59 1981   0.08   0.02     0.00
  MONTH TO DATE    4.48                      1.92   2.56     1.21
  SINCE DEC 1      9.66                      8.03   1.63     6.20
  SINCE JAN 1      8.48                      4.80   3.68     3.84

SNOWFALL (IN)
  TODAY            0.0           6.5  1914   0.4   -0.4      0.0
  MONTH TO DATE    6.7                       9.0   -2.3      3.6
  SINCE DEC 1     18.1                      22.9   -4.8      5.5
  SINCE JUL 1     18.1                      23.5   -5.4      5.5
  SNOW DEPTH       0

DEGREE DAYS
 HEATING
  TODAY           25                        30     -5        9
  MONTH TO DATE  632                       753   -121      573
  SINCE DEC 1   2753                      2803    -50     2366
  SINCE JUL 1   3608                      3842   -234     3152

 COOLING
  TODAY            0                         0      0        0
  MONTH TO DATE    0                         0      0        0
  SINCE DEC 1      0                         0      0        0
  SINCE JAN 1      0                         0      0        0
..................................................................


WIND (MPH)
  HIGHEST WIND SPEED    13   HIGHEST WIND DIRECTION    SE (140)
  HIGHEST GUST SPEED    17   HIGHEST GUST DIRECTION    SE (140)
  AVERAGE WIND SPEED     7.9


SKY COVER
  POSSIBLE SUNSHINE  MM
  AVERAGE SKY COVER 1.0


WEATHER CONDITIONS
 THE FOLLOWING WEATHER WAS RECORDED TODAY.
  LIGHT RAIN
  FOG


RELATIVE HUMIDITY (PERCENT)
 HIGHEST    92           600 AM
 LOWEST     85          1200 AM
 AVERAGE    89

..........................................................


THE HARRISBURG PA CLIMATE NORMALS FOR TOMORROW
                         NORMAL    RECORD    YEAR
 MAXIMUM TEMPERATURE (F)   43        76      2017
 MINIMUM TEMPERATURE (F)   27        -4      2015


SUNRISE AND SUNSET
FEBRUARY 23 2018......SUNRISE   649 AM EST   SUNSET   552 PM EST
FEBRUARY 24 2018......SUNRISE   648 AM EST   SUNSET   553 PM EST


-  INDICATES NEGATIVE NUMBERS.
R  INDICATES RECORD WAS SET OR TIED.
MM INDICATES DATA IS MISSING.
T  INDICATES TRACE AMOUNT.




$$
