000
CDUS41 KCTP 280618
CLIMDT


CLIMATE REPORT
NATIONAL WEATHER SERVICE STATE COLLEGE PA
218 AM EDT TUE JUL 28 2015


...................................

...THE HARRISBURG PA CLIMATE SUMMARY FOR JULY 27 2015...

CLIMATE NORMAL PERIOD 1981 TO 2010
CLIMATE RECORD PERIOD 1888 TO 2015


WEATHER ITEM   OBSERVED TIME   RECORD YEAR NORMAL DEPARTURE LAST
                VALUE   (LST)  VALUE       VALUE  FROM      YEAR
                                                  NORMAL
..................................................................
TEMPERATURE (F)
 YESTERDAY
  MAXIMUM         86    421 PM  99    1941  85      1       92
                                      1940
  MINIMUM         70    610 AM  52    1962  66      4       67
  AVERAGE         78                        76      2       80

PRECIPITATION (IN)
  YESTERDAY        0.21          2.74 1969   0.14   0.07     1.56
  MONTH TO DATE    2.60                      4.05  -1.45     4.14
  SINCE JUN 1      9.44                      7.65   1.79     7.92
  SINCE JAN 1     22.18                     23.18  -1.00    29.56

DEGREE DAYS
 HEATING
  YESTERDAY        0                         0      0        0
  MONTH TO DATE    0                         0      0        0
  SINCE JUN 1     13                        18     -5        1
  SINCE JUL 1      0                         0      0        0

 COOLING
  YESTERDAY       13                        11      2       15
  MONTH TO DATE  286                       295     -9      329
  SINCE JUN 1    547                       508     39      576
  SINCE JAN 1    721                       573    148      636
..................................................................


WIND (MPH)
  HIGHEST WIND SPEED     8   HIGHEST WIND DIRECTION     S (160)
  HIGHEST GUST SPEED    11   HIGHEST GUST DIRECTION     S (180)
  AVERAGE WIND SPEED     2.3


SKY COVER
  POSSIBLE SUNSHINE  MM
  AVERAGE SKY COVER 0.7


WEATHER CONDITIONS
 THE FOLLOWING WEATHER WAS RECORDED YESTERDAY.
  RAIN
  LIGHT RAIN
  FOG
  HAZE


RELATIVE HUMIDITY (PERCENT)
 HIGHEST    90           300 AM
 LOWEST     61           500 PM
 AVERAGE    76

..........................................................


THE HARRISBURG PA CLIMATE NORMALS FOR TODAY
                         NORMAL    RECORD    YEAR
 MAXIMUM TEMPERATURE (F)   85        99      1941
                                             1940
 MINIMUM TEMPERATURE (F)   66        51      1962


SUNRISE AND SUNSET
JULY 28 2015..........SUNRISE   601 AM EDT   SUNSET   826 PM EDT
JULY 29 2015..........SUNRISE   602 AM EDT   SUNSET   825 PM EDT


-  INDICATES NEGATIVE NUMBERS.
R  INDICATES RECORD WAS SET OR TIED.
MM INDICATES DATA IS MISSING.
T  INDICATES TRACE AMOUNT.




$$
