000
CDUS41 KCTP 280617
CLIMDT


CLIMATE REPORT
NATIONAL WEATHER SERVICE STATE COLLEGE PA
217 AM EDT THU JUL 28 2016


...................................

...THE HARRISBURG PA CLIMATE SUMMARY FOR JULY 27 2016...

CLIMATE NORMAL PERIOD 1981 TO 2010
CLIMATE RECORD PERIOD 1888 TO 2016


WEATHER ITEM   OBSERVED TIME   RECORD YEAR NORMAL DEPARTURE LAST
                VALUE   (LST)  VALUE       VALUE  FROM      YEAR
                                                  NORMAL
..................................................................
TEMPERATURE (F)
 YESTERDAY
  MAXIMUM         92    214 PM  99    1941  85      7       86
                                      1940
  MINIMUM         71    513 AM  52    1962  66      5       70
  AVERAGE         82                        76      6       78

PRECIPITATION (IN)
  YESTERDAY        0.00          2.74 1969   0.14  -0.14     0.21
  MONTH TO DATE    4.41                      4.05   0.36     2.60
  SINCE JUN 1      8.87                      7.65   1.22     9.44
  SINCE JAN 1     26.06                     23.18   2.88    22.18

DEGREE DAYS
 HEATING
  YESTERDAY        0                         0      0        0
  MONTH TO DATE    0                         0      0        0
  SINCE JUN 1      5                        18    -13       13
  SINCE JUL 1      0                         0      0        0

 COOLING
  YESTERDAY       17                        11      6       13
  MONTH TO DATE  394                       295     99      286
  SINCE JUN 1    660                       508    152      547
  SINCE JAN 1    757                       573    184      721
..................................................................


WIND (MPH)
  HIGHEST WIND SPEED    10   HIGHEST WIND DIRECTION    NW (310)
  HIGHEST GUST SPEED    12   HIGHEST GUST DIRECTION    NW (310)
  AVERAGE WIND SPEED     3.4


SKY COVER
  POSSIBLE SUNSHINE  MM
  AVERAGE SKY COVER 0.5


WEATHER CONDITIONS
 THE FOLLOWING WEATHER WAS RECORDED YESTERDAY.
  NO SIGNIFICANT WEATHER WAS OBSERVED.


RELATIVE HUMIDITY (PERCENT)
 HIGHEST    85          1200 AM
 LOWEST     41           400 PM
 AVERAGE    63

..........................................................


THE HARRISBURG PA CLIMATE NORMALS FOR TODAY
                         NORMAL    RECORD    YEAR
 MAXIMUM TEMPERATURE (F)   85        99      1941
                                             1940
 MINIMUM TEMPERATURE (F)   66        51      1962


SUNRISE AND SUNSET
JULY 28 2016..........SUNRISE   602 AM EDT   SUNSET   825 PM EDT
JULY 29 2016..........SUNRISE   603 AM EDT   SUNSET   824 PM EDT


-  INDICATES NEGATIVE NUMBERS.
R  INDICATES RECORD WAS SET OR TIED.
MM INDICATES DATA IS MISSING.
T  INDICATES TRACE AMOUNT.




$$
