000
CDUS41 KCTP 200704
CLIMDT


CLIMATE REPORT
NATIONAL WEATHER SERVICE STATE COLLEGE PA
304 AM EDT WED AUG 20 2014


...................................

...THE HARRISBURG PA CLIMATE SUMMARY FOR AUGUST 19 2014...

CLIMATE NORMAL PERIOD 1981 TO 2010
CLIMATE RECORD PERIOD 1888 TO 2014


WEATHER ITEM   OBSERVED TIME   RECORD YEAR NORMAL DEPARTURE LAST
                VALUE   (LST)  VALUE       VALUE  FROM      YEAR
                                                  NORMAL
..................................................................
TEMPERATURE (F)
 YESTERDAY
  MAXIMUM         83    340 PM  97    1966  83      0       74
  MINIMUM         65    625 AM  50    1963  64      1       61
  AVERAGE         74                        74      0       68

PRECIPITATION (IN)
  YESTERDAY        0.00          2.70 1989   0.10  -0.10     0.01
  MONTH TO DATE    3.45                      1.98   1.47     2.11
  SINCE JUN 1     11.57                     10.19   1.38    11.11
  SINCE JAN 1     33.21                     25.72   7.49    23.27

DEGREE DAYS
 HEATING
  YESTERDAY        0                         0      0        0
  MONTH TO DATE    0                         0      0        0
  SINCE JUN 1      1                        18    -17        2
  SINCE JUL 1      0                         0      0        0

 COOLING
  YESTERDAY        9                         9      0        3
  MONTH TO DATE  139                       184    -45      118
  SINCE JUN 1    736                       735      1      750
  SINCE JAN 1    796                       800     -4      833
..................................................................


WIND (MPH)
  HIGHEST WIND SPEED     8   HIGHEST WIND DIRECTION    SE (140)
  HIGHEST GUST SPEED    11   HIGHEST GUST DIRECTION    SE (140)
  AVERAGE WIND SPEED     2.2


SKY COVER
  POSSIBLE SUNSHINE  MM
  AVERAGE SKY COVER 0.7


WEATHER CONDITIONS
 THE FOLLOWING WEATHER WAS RECORDED YESTERDAY.
  NO SIGNIFICANT WEATHER WAS OBSERVED.


RELATIVE HUMIDITY (PERCENT)
 HIGHEST    84          1200 AM
 LOWEST     55           200 PM
 AVERAGE    70

..........................................................


THE HARRISBURG PA CLIMATE NORMALS FOR TODAY
                         NORMAL    RECORD    YEAR
 MAXIMUM TEMPERATURE (F)   83       100      1983
                                             1962
 MINIMUM TEMPERATURE (F)   64        50      1964
                                             1949
                                             1944


SUNRISE AND SUNSET
AUGUST 20 2014........SUNRISE   623 AM EDT   SUNSET   757 PM EDT
AUGUST 21 2014........SUNRISE   624 AM EDT   SUNSET   756 PM EDT


-  INDICATES NEGATIVE NUMBERS.
R  INDICATES RECORD WAS SET OR TIED.
MM INDICATES DATA IS MISSING.
T  INDICATES TRACE AMOUNT.




$$
