000
CDUS41 KCTP 242224
CLIMDT


CLIMATE REPORT
NATIONAL WEATHER SERVICE STATE COLLEGE PA
524 PM EST FRI NOV 24 2017


...................................

...THE HARRISBURG PA CLIMATE SUMMARY FOR NOVEMBER 24 2017...
VALID TODAY AS OF 0500 PM LOCAL TIME.

CLIMATE NORMAL PERIOD 1981 TO 2010
CLIMATE RECORD PERIOD 1888 TO 2017


WEATHER ITEM   OBSERVED TIME   RECORD YEAR NORMAL DEPARTURE LAST
                VALUE   (LST)  VALUE       VALUE  FROM      YEAR
                                                  NORMAL
..................................................................
TEMPERATURE (F)
 TODAY
  MAXIMUM         54    343 PM  69    2014  49      5       48
                                      1999
                                      1931
  MINIMUM         25    543 AM  19    2000  32     -7       33
                                      1956
  AVERAGE         40                        41     -1       41

PRECIPITATION (IN)
  TODAY            0.00          1.83 1980   0.11  -0.11      T
  MONTH TO DATE    2.23                      2.49  -0.26     0.52
  SINCE SEP 1      9.10                      9.83  -0.73     6.20
  SINCE JAN 1     43.31                     36.77   6.54    36.97

SNOWFALL (IN)
  TODAY            0.0           6.8  1938   0.0    0.0      0.0
  MONTH TO DATE    T                         0.3   -0.3       T
  SINCE SEP 1      T                         0.3   -0.3       T
  SINCE JUL 1      T                         0.3   -0.3       T
  SNOW DEPTH       0

DEGREE DAYS
 HEATING
  TODAY           25                        24      1       24
  MONTH TO DATE  516                       474     42      420
  SINCE SEP 1    724                       884   -160      667
  SINCE JUL 1    726                       886   -160      667

 COOLING
  TODAY            0                         0      0        0
  MONTH TO DATE    0                         0      0        0
  SINCE SEP 1    216                       106    110      251
  SINCE JAN 1   1214                      1002    212     1515
..................................................................


WIND (MPH)
  HIGHEST WIND SPEED    10   HIGHEST WIND DIRECTION     S (200)
  HIGHEST GUST SPEED    13   HIGHEST GUST DIRECTION     S (180)
  AVERAGE WIND SPEED     1.8


SKY COVER
  POSSIBLE SUNSHINE  MM
  AVERAGE SKY COVER 0.0


WEATHER CONDITIONS
 THE FOLLOWING WEATHER WAS RECORDED TODAY.
  FOG


RELATIVE HUMIDITY (PERCENT)
 HIGHEST    92           200 AM
 LOWEST     28           400 PM
 AVERAGE    60

..........................................................


THE HARRISBURG PA CLIMATE NORMALS FOR TOMORROW
                         NORMAL    RECORD    YEAR
 MAXIMUM TEMPERATURE (F)   49        70      1979
 MINIMUM TEMPERATURE (F)   32        16      1950


SUNRISE AND SUNSET
NOVEMBER 24 2017......SUNRISE   703 AM EST   SUNSET   444 PM EST
NOVEMBER 25 2017......SUNRISE   704 AM EST   SUNSET   444 PM EST


-  INDICATES NEGATIVE NUMBERS.
R  INDICATES RECORD WAS SET OR TIED.
MM INDICATES DATA IS MISSING.
T  INDICATES TRACE AMOUNT.




$$
