000
CDUS43 KLOT 290644
CLIMDW


CLIMATE REPORT
NATIONAL WEATHER SERVICE CHICAGO IL
143 AM CDT TUE JUL 29 2014


...................................

...THE CHICAGO-MIDWAY CLIMATE SUMMARY FOR JULY 28 2014...

CLIMATE NORMAL PERIOD 1981 TO 2010
CLIMATE RECORD PERIOD 1928 TO 2014


WEATHER ITEM   OBSERVED TIME   RECORD YEAR NORMAL DEPARTURE LAST
                VALUE   (LST)  VALUE       VALUE  FROM      YEAR
                                                  NORMAL
..................................................................
TEMPERATURE (F)
 YESTERDAY
  MAXIMUM         73    310 PM 100    1983  84    -11       71
                                      1941
  MINIMUM         62    558 AM  53    1981  68     -6       55
  AVERAGE         68                        76     -8       63

PRECIPITATION (IN)
  YESTERDAY        0.00          1.25 1981   0.14  -0.14      T
  MONTH TO DATE    5.18                      3.58   1.60     0.95
  SINCE JUN 1     12.90                      7.64   5.26     4.23
  SINCE JAN 1     24.19                     22.13   2.06    21.82

DEGREE DAYS
 HEATING
  YESTERDAY        0                         0      0        2
  MONTH TO DATE    1                         0      1        4
  SINCE JUN 1      3                        31    -28       40
  SINCE JUL 1      1                         0      1        4

 COOLING
  YESTERDAY        3                        11     -8        0
  MONTH TO DATE  218                       306    -88      301
  SINCE JUN 1    469                       516    -47      482
  SINCE JAN 1    580                       590    -10      588
..................................................................


WIND (MPH)
  RESULTANT WIND SPEED  11   RESULTANT WIND DIRECTION   N (0)
  HIGHEST WIND SPEED    25   HIGHEST WIND DIRECTION     N (20)
  HIGHEST GUST SPEED    34   HIGHEST GUST DIRECTION     N (20)
  AVERAGE WIND SPEED    12.2



WEATHER CONDITIONS
 THE FOLLOWING WEATHER WAS RECORDED YESTERDAY.
  NO SIGNIFICANT WEATHER WAS OBSERVED.


..........................................................


THE CHICAGO-MIDWAY CLIMATE NORMALS FOR TODAY
                         NORMAL    RECORD    YEAR
 MAXIMUM TEMPERATURE (F)   84       101      1941
 MINIMUM TEMPERATURE (F)   68        50      1981
                                             1928


SUNRISE AND SUNSET
JULY 29 2014..........SUNRISE   542 AM CDT   SUNSET   812 PM CDT
JULY 30 2014..........SUNRISE   543 AM CDT   SUNSET   811 PM CDT


-  INDICATES NEGATIVE NUMBERS.
R  INDICATES RECORD WAS SET OR TIED.
MM INDICATES DATA IS MISSING.
T  INDICATES TRACE AMOUNT.




$$
