000
CDUS43 KLOT 180632
CLIMDW


CLIMATE REPORT
NATIONAL WEATHER SERVICE CHICAGO IL
131 AM CDT FRI APR 18 2014


...................................

...THE CHICAGO-MIDWAY CLIMATE SUMMARY FOR APRIL 17 2014...

CLIMATE NORMAL PERIOD 1981 TO 2010
CLIMATE RECORD PERIOD 1928 TO 2014


WEATHER ITEM   OBSERVED TIME   RECORD YEAR NORMAL DEPARTURE LAST
                VALUE   (LST)  VALUE       VALUE  FROM      YEAR
                                                  NORMAL
..................................................................
TEMPERATURE (F)
 YESTERDAY
  MAXIMUM         63    224 PM  88    1976  60      3       52
  MINIMUM         43    551 AM  29    1983  42      1       43
                                      1944
  AVERAGE         53                        51      2       48

PRECIPITATION (IN)
  YESTERDAY        0.00          1.87 2013   0.12  -0.12     1.87
  MONTH TO DATE    1.72                      2.02  -0.30     4.17
  SINCE MAR 1      2.81                      4.74  -1.93     5.43
  SINCE JAN 1      5.30                      8.74  -3.44     9.68

DEGREE DAYS
 HEATING
  YESTERDAY       12                        14     -2       17
  MONTH TO DATE  295                       294      1      330
  SINCE MAR 1   1292                      1106    186     1293
  SINCE JUL 1   6494                      5617    877     5445

 COOLING
  YESTERDAY        0                         0      0        0
  MONTH TO DATE    1                         0      1        0
  SINCE MAR 1      1                         1      0        0
  SINCE JAN 1      1                         1      0        0
..................................................................


WIND (MPH)
  RESULTANT WIND SPEED   9   RESULTANT WIND DIRECTION  SW (220)
  HIGHEST WIND SPEED    20   HIGHEST WIND DIRECTION    SW (240)
  HIGHEST GUST SPEED    27   HIGHEST GUST DIRECTION     S (200)
  AVERAGE WIND SPEED    11.8



WEATHER CONDITIONS
 THE FOLLOWING WEATHER WAS RECORDED YESTERDAY.
  NO SIGNIFICANT WEATHER WAS OBSERVED.


..........................................................


THE CHICAGO-MIDWAY CLIMATE NORMALS FOR TODAY
                         NORMAL    RECORD    YEAR
 MAXIMUM TEMPERATURE (F)   60        89      2002
 MINIMUM TEMPERATURE (F)   43        25      1983


SUNRISE AND SUNSET
APRIL 18 2014.........SUNRISE   606 AM CDT   SUNSET   735 PM CDT
APRIL 19 2014.........SUNRISE   605 AM CDT   SUNSET   736 PM CDT


-  INDICATES NEGATIVE NUMBERS.
R  INDICATES RECORD WAS SET OR TIED.
MM INDICATES DATA IS MISSING.
T  INDICATES TRACE AMOUNT.




$$
