215
CDUS43 KLOT 300655
CLIMDW


CLIMATE REPORT
NATIONAL WEATHER SERVICE CHICAGO IL
155 AM CDT TUE AUG 30 2016


...................................

...THE CHICAGO-MIDWAY CLIMATE SUMMARY FOR AUGUST 29 2016...

CLIMATE NORMAL PERIOD 1981 TO 2010
CLIMATE RECORD PERIOD 1928 TO 2016


WEATHER ITEM   OBSERVED TIME   RECORD YEAR NORMAL DEPARTURE LAST
                VALUE   (LST)  VALUE       VALUE  FROM      YEAR
                                                  NORMAL
..................................................................
TEMPERATURE (F)
 YESTERDAY
  MAXIMUM         90    106 PM  98    1953  81      9       76
  MINIMUM         73    547 AM  43    1965  64      9       66
  AVERAGE         82                        73      9       71

PRECIPITATION (IN)
  YESTERDAY        T             2.02 1955   0.12  -0.12     0.37
  MONTH TO DATE    6.25                      3.74   2.51     3.46
  SINCE JUN 1     12.76                     11.81   0.95     8.67
  SINCE JAN 1     24.48                     26.30  -1.82    17.56

DEGREE DAYS
 HEATING
  YESTERDAY        0                         0      0        0
  MONTH TO DATE    0                         0      0        2
  SINCE JUN 1      6                        32    -26       26
  SINCE JUL 1      0                         1     -1        6

 COOLING
  YESTERDAY       17                         8      9        6
  MONTH TO DATE  385                       272    113      278
  SINCE JUN 1   1061                       820    241      789
  SINCE JAN 1   1168                       894    274      895
..................................................................


WIND (MPH)
  RESULTANT WIND SPEED   5   RESULTANT WIND DIRECTION   E (80)
  HIGHEST WIND SPEED    14   HIGHEST WIND DIRECTION     E (90)
  HIGHEST GUST SPEED    19   HIGHEST GUST DIRECTION     E (100)
  AVERAGE WIND SPEED     6.5



WEATHER CONDITIONS
 THE FOLLOWING WEATHER WAS RECORDED YESTERDAY.
  THUNDERSTORM
  LIGHT RAIN


..........................................................


THE CHICAGO-MIDWAY CLIMATE NORMALS FOR TODAY
                         NORMAL    RECORD    YEAR
 MAXIMUM TEMPERATURE (F)   81        96      2013
                                             1953
                                             1937
 MINIMUM TEMPERATURE (F)   64        47      1946


SUNRISE AND SUNSET
AUGUST 30 2016........SUNRISE   615 AM CDT   SUNSET   727 PM CDT
AUGUST 31 2016........SUNRISE   616 AM CDT   SUNSET   725 PM CDT


-  INDICATES NEGATIVE NUMBERS.
R  INDICATES RECORD WAS SET OR TIED.
MM INDICATES DATA IS MISSING.
T  INDICATES TRACE AMOUNT.




$$
