000
CDUS43 KLOT 210644
CLIMDW


CLIMATE REPORT
NATIONAL WEATHER SERVICE CHICAGO IL
1243 AM CST WED FEB 21 2018


...................................

...THE CHICAGO-MIDWAY CLIMATE SUMMARY FOR FEBRUARY 20 2018...

CLIMATE NORMAL PERIOD 1981 TO 2010
CLIMATE RECORD PERIOD 1928 TO 2018


WEATHER ITEM   OBSERVED TIME   RECORD YEAR NORMAL DEPARTURE LAST
                VALUE   (LST)  VALUE       VALUE  FROM      YEAR
                                                  NORMAL
..................................................................
TEMPERATURE (F)
 YESTERDAY
  MAXIMUM         66    103 PM  69    2017  37     29       69
  MINIMUM         34   1159 PM  -9    1929  23     11       46
  AVERAGE         50                        30     20       58

PRECIPITATION (IN)
  YESTERDAY        2.31R         1.35 1997   0.08   2.23     0.00
                                      1891
  MONTH TO DATE    4.02                      1.28   2.74     0.55
  SINCE DEC 1      5.10                      5.91  -0.81     4.51
  SINCE JAN 1      4.93                      3.34   1.59     3.26

DEGREE DAYS
 HEATING
  YESTERDAY       15                        35    -20        7
  MONTH TO DATE  779                       748     31      551
  SINCE DEC 1   3125                      3109     16     2783
  SINCE JUL 1   4108                      4244   -136     3495

 COOLING
  YESTERDAY        0                         0      0        0
  MONTH TO DATE    0                         0      0        0
  SINCE DEC 1      0                         0      0        0
  SINCE JAN 1      0                         0      0        0
..................................................................


WIND (MPH)
  RESULTANT WIND SPEED   9   RESULTANT WIND DIRECTION  SW (240)
  HIGHEST WIND SPEED    25   HIGHEST WIND DIRECTION     S (200)
  HIGHEST GUST SPEED    33   HIGHEST GUST DIRECTION    SW (220)
  AVERAGE WIND SPEED    12.2



WEATHER CONDITIONS
 THE FOLLOWING WEATHER WAS RECORDED YESTERDAY.
  THUNDERSTORM
  HEAVY RAIN
  RAIN
  LIGHT RAIN
  FOG


..........................................................


THE CHICAGO-MIDWAY CLIMATE NORMALS FOR TODAY
                         NORMAL    RECORD    YEAR
 MAXIMUM TEMPERATURE (F)   38        66      1930
 MINIMUM TEMPERATURE (F)   23        -6      1963


SUNRISE AND SUNSET
FEBRUARY 21 2018......SUNRISE   638 AM CST   SUNSET   532 PM CST
FEBRUARY 22 2018......SUNRISE   637 AM CST   SUNSET   533 PM CST


-  INDICATES NEGATIVE NUMBERS.
R  INDICATES RECORD WAS SET OR TIED.
MM INDICATES DATA IS MISSING.
T  INDICATES TRACE AMOUNT.




$$
