000
CDUS44 KMEG 200648
CLIMEG


CLIMATE REPORT
NATIONAL WEATHER SERVICE MEMPHIS TN
147 AM CDT MON OCT 20 2014


...................................

...THE MEMPHIS/GERMANTOWN WFO CLIMATE SUMMARY FOR OCTOBER 19 2014...

CLIMATE NORMAL PERIOD 1981 TO 2010
CLIMATE RECORD PERIOD 1988 TO 2014


WEATHER ITEM   OBSERVED TIME   RECORD YEAR NORMAL DEPARTURE LAST
                VALUE   (LST)  VALUE       VALUE  FROM      YEAR
                                                  NORMAL
..................................................................
TEMPERATURE (F)
 YESTERDAY
  MAXIMUM         68    300 PM  89    2005  73     -5       58
  MINIMUM         44    600 AM  36    1996  48     -4       41
  AVERAGE         56                        61     -5       50

PRECIPITATION (IN)
  YESTERDAY        0.00          0.90 1988   0.16  -0.16     0.04
  MONTH TO DATE    3.73                      2.58   1.15     1.98
  SINCE SEP 1      8.82                      5.86   2.96     5.68
  SINCE JAN 1     51.78                     41.87   9.91    54.04

SNOWFALL (IN)
  YESTERDAY        0.0          MM      MM   0.0    0.0      0.0
  MONTH TO DATE    0.0                       0.0    0.0      0.0
  SINCE SEP 1      0.0                       0.0    0.0      0.0
  SINCE JUL 1      0.0                       0.0    0.0      0.0
  SNOW DEPTH       0

DEGREE DAYS
 HEATING
  YESTERDAY        9                         6      3       15
  MONTH TO DATE   44                        76    -32       48
  SINCE SEP 1     49                        94    -45       48
  SINCE JUL 1     49                        94    -45       48

 COOLING
  YESTERDAY        0                         1     -1        0
  MONTH TO DATE   79                        51     28       88
  SINCE SEP 1    366                       308     58      411
  SINCE JAN 1   1947                      1903     44     1959
..................................................................







THE MEMPHIS/GERMANTOWN WFO CLIMATE NORMALS FOR TODAY
                         NORMAL    RECORD    YEAR
 MAXIMUM TEMPERATURE (F)   73        84      2003
 MINIMUM TEMPERATURE (F)   48        33      1989


SUNRISE AND SUNSET
OCTOBER 20 2014.......SUNRISE   709 AM CDT   SUNSET   618 PM CDT
OCTOBER 21 2014.......SUNRISE   710 AM CDT   SUNSET   617 PM CDT


-  INDICATES NEGATIVE NUMBERS.
R  INDICATES RECORD WAS SET OR TIED.
MM INDICATES DATA IS MISSING.
T  INDICATES TRACE AMOUNT.




$$
