336
CDUS44 KMEG 090737
CLIMEG


CLIMATE REPORT
NATIONAL WEATHER SERVICE MEMPHIS TN
137 AM CST TUE FEB 9 2016


...................................

...THE MEMPHIS/GERMANTOWN WFO CLIMATE SUMMARY FOR FEBRUARY 8 2016...

CLIMATE NORMAL PERIOD 1981 TO 2010
CLIMATE RECORD PERIOD 1988 TO 2016


WEATHER ITEM   OBSERVED TIME   RECORD YEAR NORMAL DEPARTURE LAST
                VALUE   (LST)  VALUE       VALUE  FROM      YEAR
                                                  NORMAL
..................................................................
TEMPERATURE (F)
 YESTERDAY
  MAXIMUM         48        MM  74    2001  52     -4       61
  MINIMUM         35        MM  15    2003  31      4       52
  AVERAGE         42                        41      1       57

PRECIPITATION (IN)
  YESTERDAY        T             1.42 2010   0.17  -0.17     0.00
  MONTH TO DATE    1.98                      1.29   0.69     0.77
  SINCE DEC 1     10.27                     11.19  -0.92     4.68
  SINCE JAN 1      4.72                      5.25  -0.53     2.11

SNOWFALL (IN)
  YESTERDAY        T             5.1  2010   0.0    0.0      0.0
  MONTH TO DATE    T                         0.3   -0.3       T
  SINCE DEC 1      0.9                       0.7    0.2       T
  SINCE JUL 1      0.9                       0.7    0.2      0.3
  SNOW DEPTH       0

DEGREE DAYS
 HEATING
  YESTERDAY       23                        24     -1        8
  MONTH TO DATE  147                       195    -48      191
  SINCE DEC 1   1320                      1725   -405     1585
  SINCE JUL 1   1701                      2324   -623     2264

 COOLING
  YESTERDAY        0                         0      0        0
  MONTH TO DATE    0                         0      0        0
  SINCE DEC 1     13                         1     12        0
  SINCE JAN 1      0                         0      0        0
..................................................................







THE MEMPHIS/GERMANTOWN WFO CLIMATE NORMALS FOR TODAY
                         NORMAL    RECORD    YEAR
 MAXIMUM TEMPERATURE (F)   52        77      1999
 MINIMUM TEMPERATURE (F)   31        17      1989


SUNRISE AND SUNSET
FEBRUARY  9 2016......SUNRISE   652 AM CST   SUNSET   535 PM CST
FEBRUARY 10 2016......SUNRISE   651 AM CST   SUNSET   536 PM CST


-  INDICATES NEGATIVE NUMBERS.
R  INDICATES RECORD WAS SET OR TIED.
MM INDICATES DATA IS MISSING.
T  INDICATES TRACE AMOUNT.




$$
