000
CDUS44 KMEG 190733
CLIMEG


CLIMATE REPORT
NATIONAL WEATHER SERVICE MEMPHIS TN
132 AM CST THU JAN 19 2017


...................................

...THE MEMPHIS/GERMANTOWN WFO CLIMATE SUMMARY FOR JANUARY 18 2017...

CLIMATE NORMAL PERIOD 1981 TO 2010
CLIMATE RECORD PERIOD 1988 TO 2017


WEATHER ITEM   OBSERVED TIME   RECORD YEAR NORMAL DEPARTURE LAST
                VALUE   (LST)  VALUE       VALUE  FROM      YEAR
                                                  NORMAL
..................................................................
TEMPERATURE (F)
 YESTERDAY
  MAXIMUM         54    207 PM  71    1996  48      6       29
  MINIMUM         43    518 AM   9    1997  29     14       19
  AVERAGE         49                        39     10       24

PRECIPITATION (IN)
  YESTERDAY        0.01          1.01 2001   0.13  -0.12      T
  MONTH TO DATE    2.63                      2.31   0.32     1.78
  SINCE DEC 1      9.94                      8.25   1.69     7.33
  SINCE JAN 1      2.63                      2.31   0.32     1.78

SNOWFALL (IN)
  YESTERDAY        0.0           T    2016                    T
                                      2003
  MONTH TO DATE    1.0                                        T
  SINCE DEC 1      1.0                                        T
  SINCE JUL 1      1.0                                        T
  SNOW DEPTH       0

DEGREE DAYS
 HEATING
  YESTERDAY       16                        26    -10       41
  MONTH TO DATE  353                       468   -115      468
  SINCE DEC 1   1028                      1193   -165      865
  SINCE JUL 1   1350                      1792   -442     1246

 COOLING
  YESTERDAY        0                         0      0        0
  MONTH TO DATE    0                         0      0        0
  SINCE DEC 1      5                         1      4       13
  SINCE JAN 1      0                         0      0        0
..................................................................







THE MEMPHIS/GERMANTOWN WFO CLIMATE NORMALS FOR TODAY
                         NORMAL    RECORD    YEAR
 MAXIMUM TEMPERATURE (F)   48        65      1996
 MINIMUM TEMPERATURE (F)   29         7      1994


SUNRISE AND SUNSET
JANUARY 19 2017.......SUNRISE   706 AM CST   SUNSET   515 PM CST
JANUARY 20 2017.......SUNRISE   705 AM CST   SUNSET   516 PM CST


-  INDICATES NEGATIVE NUMBERS.
R  INDICATES RECORD WAS SET OR TIED.
MM INDICATES DATA IS MISSING.
T  INDICATES TRACE AMOUNT.


$$
