000
CDUS44 KMEG 040733
CLIMEG


CLIMATE REPORT
NATIONAL WEATHER SERVICE MEMPHIS TN
132 AM CST WED MAR 4 2015


...................................

...THE MEMPHIS/GERMANTOWN WFO CLIMATE SUMMARY FOR MARCH 3 2015...

CLIMATE NORMAL PERIOD 1981 TO 2010
CLIMATE RECORD PERIOD 1988 TO 2015


WEATHER ITEM   OBSERVED TIME   RECORD YEAR NORMAL DEPARTURE LAST
                VALUE   (LST)  VALUE       VALUE  FROM      YEAR
                                                  NORMAL
..................................................................
TEMPERATURE (F)
 YESTERDAY
  MAXIMUM         62   1150 PM  78    1992  58      4       32
  MINIMUM         41    330 AM  13    2014  37      4       13
  AVERAGE         52                        47      5       23

PRECIPITATION (IN)
  YESTERDAY        0.13          2.27 2008   0.16  -0.03     0.06
  MONTH TO DATE    0.59                      0.47   0.12     2.91
  SINCE MAR 1      0.59                      0.47   0.12     2.91
  SINCE JAN 1      6.67                      9.10  -2.43    11.53

SNOWFALL (IN)
  YESTERDAY        0.0           1.0  1995   0.0    0.0      0.3
  MONTH TO DATE    0.0                       0.1   -0.1      0.3
  SINCE MAR 1      0.0                       0.1   -0.1      0.3
  SINCE JUL 1      2.2                       1.7    0.5      0.8
  SNOW DEPTH       0

DEGREE DAYS
 HEATING
  YESTERDAY       13                        18     -5       42
  MONTH TO DATE   64                        54     10       65
  SINCE MAR 1     64                        54     10       65
  SINCE JUL 1   2971                      2800    171     3069

 COOLING
  YESTERDAY        0                         0      0        0
  MONTH TO DATE    0                         0      0        0
  SINCE MAR 1      0                         0      0        0
  SINCE JAN 1      0                         1     -1        0
..................................................................







THE MEMPHIS/GERMANTOWN WFO CLIMATE NORMALS FOR TODAY
                         NORMAL    RECORD    YEAR
 MAXIMUM TEMPERATURE (F)   59        74      2004
 MINIMUM TEMPERATURE (F)   37        17      2014
                                             2002


SUNRISE AND SUNSET
MARCH  4 2015.........SUNRISE   625 AM CST   SUNSET   557 PM CST
MARCH  5 2015.........SUNRISE   624 AM CST   SUNSET   558 PM CST


-  INDICATES NEGATIVE NUMBERS.
R  INDICATES RECORD WAS SET OR TIED.
MM INDICATES DATA IS MISSING.
T  INDICATES TRACE AMOUNT.




$$
