000
CDUS44 KMEG 310733
CLIMEG


CLIMATE REPORT
NATIONAL WEATHER SERVICE MEMPHIS TN
132 AM CST SAT JAN 31 2015


...................................

...THE MEMPHIS/GERMANTOWN WFO CLIMATE SUMMARY FOR JANUARY 30 2015...

CLIMATE NORMAL PERIOD 1981 TO 2010
CLIMATE RECORD PERIOD 1988 TO 2015


WEATHER ITEM   OBSERVED TIME   RECORD YEAR NORMAL DEPARTURE LAST
                VALUE   (LST)  VALUE       VALUE  FROM      YEAR
                                                  NORMAL
..................................................................
TEMPERATURE (F)
 YESTERDAY
  MAXIMUM         51    250 PM  77    2002  50      1       46
  MINIMUM         31   1150 PM  18    2010  30      1       19
                                      1997
  AVERAGE         41                        40      1       33

PRECIPITATION (IN)
  YESTERDAY        0.00          1.66 2013   0.13  -0.13     0.00
  MONTH TO DATE    1.34                      3.83  -2.49     3.23
  SINCE DEC 1      3.91                      9.77  -5.86     8.79
  SINCE JAN 1      1.34                      3.83  -2.49     3.23

SNOWFALL (IN)
  YESTERDAY        0.0           0.4  1996   0.1   -0.1      0.0
  MONTH TO DATE    T                         0.3   -0.3       T
  SINCE DEC 1      T                         0.4   -0.4       T
  SINCE JUL 1      0.3                       0.4   -0.1       T
  SNOW DEPTH       0

DEGREE DAYS
 HEATING
  YESTERDAY       24                        25     -1       32
  MONTH TO DATE  758                       776    -18      911
  SINCE DEC 1   1369                      1501   -132     1632
  SINCE JUL 1   2048                      2100    -52     2292

 COOLING
  YESTERDAY        0                         0      0        0
  MONTH TO DATE    0                         0      0        0
  SINCE DEC 1      0                         1     -1        1
  SINCE JAN 1      0                         0      0        0
..................................................................







THE MEMPHIS/GERMANTOWN WFO CLIMATE NORMALS FOR TODAY
                         NORMAL    RECORD    YEAR
 MAXIMUM TEMPERATURE (F)   50        77      2002
 MINIMUM TEMPERATURE (F)   30        12      1996


SUNRISE AND SUNSET
JANUARY 31 2015.......SUNRISE   659 AM CST   SUNSET   526 PM CST
FEBRUARY  1 2015......SUNRISE   658 AM CST   SUNSET   528 PM CST


-  INDICATES NEGATIVE NUMBERS.
R  INDICATES RECORD WAS SET OR TIED.
MM INDICATES DATA IS MISSING.
T  INDICATES TRACE AMOUNT.




$$
