000
CDUS44 KMEG 200638
CLIMEG


CLIMATE REPORT
NATIONAL WEATHER SERVICE MEMPHIS TN
1238 AM CST MON NOV 20 2017


...................................

...THE MEMPHIS/GERMANTOWN WFO CLIMATE SUMMARY FOR NOVEMBER 19 2017...

CLIMATE NORMAL PERIOD 1981 TO 2010
CLIMATE RECORD PERIOD 1988 TO 2017


WEATHER ITEM   OBSERVED TIME   RECORD YEAR NORMAL DEPARTURE LAST
                VALUE   (LST)  VALUE       VALUE  FROM      YEAR
                                                  NORMAL
..................................................................
TEMPERATURE (F)
 YESTERDAY
  MAXIMUM         51    414 PM  75    2007  61    -10       54
  MINIMUM         31   1158 PM  28    2008  39     -8       34
  AVERAGE         41                        50     -9       44

PRECIPITATION (IN)
  YESTERDAY        0.00          1.46 1988   0.19  -0.19     0.00
  MONTH TO DATE    1.91                      3.16  -1.25     1.03
  SINCE SEP 1      6.89                     10.74  -3.85     3.23
  SINCE JAN 1     46.08                     46.75  -0.67    54.47

SNOWFALL (IN)
  YESTERDAY        0.0          MM      MM                   0.0
  MONTH TO DATE    0.0                                       0.0
  SINCE SEP 1      0.0                                       0.0
  SINCE JUL 1      0.0                                       0.0
  SNOW DEPTH       0

DEGREE DAYS
 HEATING
  YESTERDAY       24                        15      9       21
  MONTH TO DATE  182                       226    -44      124
  SINCE SEP 1    336                       410    -74      153
  SINCE JUL 1    336                       410    -74      153

 COOLING
  YESTERDAY        0                         0      0        0
  MONTH TO DATE   18                         7     11       26
  SINCE SEP 1    432                       329    103      587
  SINCE JAN 1   2124                      1924    200     2423
..................................................................







THE MEMPHIS/GERMANTOWN WFO CLIMATE NORMALS FOR TODAY
                         NORMAL    RECORD    YEAR
 MAXIMUM TEMPERATURE (F)   61        76      2007
 MINIMUM TEMPERATURE (F)   39        28      2014


SUNRISE AND SUNSET
NOVEMBER 20 2017......SUNRISE   639 AM CST   SUNSET   450 PM CST
NOVEMBER 21 2017......SUNRISE   640 AM CST   SUNSET   450 PM CST


-  INDICATES NEGATIVE NUMBERS.
R  INDICATES RECORD WAS SET OR TIED.
MM INDICATES DATA IS MISSING.
T  INDICATES TRACE AMOUNT.




$$
