000
CDUS44 KMEG 050639
CLIMEG


CLIMATE REPORT
NATIONAL WEATHER SERVICE MEMPHIS TN
139 AM CDT THU MAY 5 2016


...................................

...THE MEMPHIS/GERMANTOWN WFO CLIMATE SUMMARY FOR MAY 4 2016...

CLIMATE NORMAL PERIOD 1981 TO 2010
CLIMATE RECORD PERIOD 1988 TO 2016


WEATHER ITEM   OBSERVED TIME   RECORD YEAR NORMAL DEPARTURE LAST
                VALUE   (LST)  VALUE       VALUE  FROM      YEAR
                                                  NORMAL
..................................................................
TEMPERATURE (F)
 YESTERDAY
  MAXIMUM         78        MM  92    2012  77      1       86
  MINIMUM         48        MM  35    2013  55     -7       61
  AVERAGE         63                        66     -3       74

PRECIPITATION (IN)
  YESTERDAY        0.00          1.15 2006   0.22  -0.22     0.00
  MONTH TO DATE    1.08                      0.85   0.23     0.00
  SINCE MAR 1     23.85                     11.12  12.73    10.08
  SINCE JAN 1     32.80                     19.75  13.05    16.16

SNOWFALL (IN)
  YESTERDAY        0.0          MM      MM   0.0    0.0      0.0
  MONTH TO DATE    0.0                       0.0    0.0      0.0
  SINCE MAR 1      T                         0.8   -0.8      4.1
  SINCE JUL 1      0.9                       2.4   -1.5      6.3
  SNOW DEPTH       0

DEGREE DAYS
 HEATING
  YESTERDAY        2                         2      0        0
  MONTH TO DATE   12                        11      1        9
  SINCE MAR 1    372                       638   -266      536
  SINCE JUL 1   2459                      3384   -925     3443

 COOLING
  YESTERDAY        0                         4     -4        9
  MONTH TO DATE    8                        13     -5       12
  SINCE MAR 1     81                        78      3       89
  SINCE JAN 1     81                        79      2       89
..................................................................







THE MEMPHIS/GERMANTOWN WFO CLIMATE NORMALS FOR TODAY
                         NORMAL    RECORD    YEAR
 MAXIMUM TEMPERATURE (F)   78        92      2012
 MINIMUM TEMPERATURE (F)   56        41      2011


SUNRISE AND SUNSET
MAY  5 2016...........SUNRISE   604 AM CDT   SUNSET   749 PM CDT
MAY  6 2016...........SUNRISE   603 AM CDT   SUNSET   749 PM CDT


-  INDICATES NEGATIVE NUMBERS.
R  INDICATES RECORD WAS SET OR TIED.
MM INDICATES DATA IS MISSING.
T  INDICATES TRACE AMOUNT.




$$
