924
CDUS44 KMEG 270635
CLIMEG


CLIMATE REPORT
NATIONAL WEATHER SERVICE MEMPHIS TN
132 AM CDT FRI MAY 27 2016


...................................

...THE MEMPHIS/GERMANTOWN WFO CLIMATE SUMMARY FOR MAY 26 2016...

CLIMATE NORMAL PERIOD 1981 TO 2010
CLIMATE RECORD PERIOD 1988 TO 2016


WEATHER ITEM   OBSERVED TIME   RECORD YEAR NORMAL DEPARTURE LAST
                VALUE   (LST)  VALUE       VALUE  FROM      YEAR
                                                  NORMAL
..................................................................
TEMPERATURE (F)
 YESTERDAY
  MAXIMUM         91        MM  96    1989  83      8       82
  MINIMUM         68        MM  52    2001  62      6       67
  AVERAGE         80                        73      7       75

PRECIPITATION (IN)
  YESTERDAY        0.21          2.57 1991   0.15   0.06     0.06
  MONTH TO DATE    4.29                      4.84  -0.55     4.60
  SINCE MAR 1     27.06                     15.11  11.95    14.68
  SINCE JAN 1     36.01                     23.74  12.27    20.76

SNOWFALL (IN)
  YESTERDAY        0.0          MM      MM   0.0    0.0      0.0
  MONTH TO DATE    0.0                       0.0    0.0      0.0
  SINCE MAR 1      T                         0.8   -0.8      4.1
  SINCE JUL 1      0.9                       2.4   -1.5      6.3
  SNOW DEPTH       0

DEGREE DAYS
 HEATING
  YESTERDAY        0                         0      0        0
  MONTH TO DATE   38                        39     -1       25
  SINCE MAR 1    398                       666   -268      552
  SINCE JUL 1   2485                      3412   -927     3459

 COOLING
  YESTERDAY       15                         8      7       10
  MONTH TO DATE  110                       141    -31      175
  SINCE MAR 1    183                       206    -23      252
  SINCE JAN 1    183                       207    -24      252
..................................................................







THE MEMPHIS/GERMANTOWN WFO CLIMATE NORMALS FOR TODAY
                         NORMAL    RECORD    YEAR
 MAXIMUM TEMPERATURE (F)   83        94      2012
                                             2006
 MINIMUM TEMPERATURE (F)   62        51      1999


SUNRISE AND SUNSET
MAY 27 2016...........SUNRISE   548 AM CDT   SUNSET   805 PM CDT
MAY 28 2016...........SUNRISE   547 AM CDT   SUNSET   806 PM CDT


-  INDICATES NEGATIVE NUMBERS.
R  INDICATES RECORD WAS SET OR TIED.
MM INDICATES DATA IS MISSING.
T  INDICATES TRACE AMOUNT.




$$
