000
CDUS44 KJAN 010700
CLIMEI


CLIMATE REPORT
NATIONAL WEATHER SERVICE JACKSON MS
153 AM CDT MON SEP 1 2014


...................................

...THE MERIDIAN CLIMATE SUMMARY FOR AUGUST 31 2014...

CLIMATE NORMAL PERIOD 1981 TO 2010
CLIMATE RECORD PERIOD 1889 TO 2014


WEATHER ITEM   OBSERVED TIME   RECORD YEAR NORMAL DEPARTURE LAST
                VALUE   (LST)  VALUE       VALUE  FROM      YEAR
                                                  NORMAL
..................................................................
TEMPERATURE (F)
 YESTERDAY
  MAXIMUM         93    208 PM 104    1951  90      3       94
  MINIMUM         72    433 AM  55    1968  68      4       70
  AVERAGE         83                        79      4       82

PRECIPITATION (IN)
  YESTERDAY        0.00          1.32 1928   0.11  -0.11     0.00
  MONTH TO DATE    2.30                      3.99  -1.69     3.69
  SINCE JUN 1      6.64                     13.53  -6.89    14.89
  SINCE JAN 1     38.36                     38.96  -0.60    49.52

SNOWFALL (IN)
  YESTERDAY        0.0           0.0  2002   0.0    0.0      0.0
                                      2001
  MONTH TO DATE    0.0                       0.0    0.0      0.0
  SINCE JUN 1      0.0                       0.0    0.0      0.0
  SINCE JUL 1      0.0                       0.0    0.0      0.0

DEGREE DAYS
 HEATING
  YESTERDAY        0                         0      0        0
  MONTH TO DATE    0                         0      0        0
  SINCE JUN 1      0                         0      0        0
  SINCE JUL 1      0                         0      0        0

 COOLING
  YESTERDAY       18                        14      4       17
  MONTH TO DATE  488                       473     15      456
  SINCE JUN 1   1323                      1337    -14     1320
  SINCE JAN 1   1593                      1620    -27     1580
..................................................................


WIND (MPH)
  HIGHEST WIND SPEED    15   HIGHEST WIND DIRECTION    SW (210)
  HIGHEST GUST SPEED    19   HIGHEST GUST DIRECTION     S (190)
  AVERAGE WIND SPEED     4.1


SKY COVER
  POSSIBLE SUNSHINE  MM
  AVERAGE SKY COVER 0.5


WEATHER CONDITIONS
 THE FOLLOWING WEATHER WAS RECORDED YESTERDAY.
  FOG


RELATIVE HUMIDITY (PERCENT)
 HIGHEST   100          1200 AM
 LOWEST     44           300 PM
 AVERAGE    72

..........................................................


THE MERIDIAN CLIMATE NORMALS FOR TODAY
                         NORMAL    RECORD    YEAR
 MAXIMUM TEMPERATURE (F)   90       102      1951
 MINIMUM TEMPERATURE (F)   67        51      1946


SUNRISE AND SUNSET
SEPTEMBER  1 2014.....SUNRISE   630 AM CDT   SUNSET   719 PM CDT
SEPTEMBER  2 2014.....SUNRISE   631 AM CDT   SUNSET   718 PM CDT


-  INDICATES NEGATIVE NUMBERS.
R  INDICATES RECORD WAS SET OR TIED.
MM INDICATES DATA IS MISSING.
T  INDICATES TRACE AMOUNT.




$$
