000
CDUS44 KJAN 120731
CLIMEI


CLIMATE REPORT
NATIONAL WEATHER SERVICE JACKSON MS
226 AM CDT SAT JUL 12 2014


...................................

...THE MERIDIAN CLIMATE SUMMARY FOR JULY 11 2014...

CLIMATE NORMAL PERIOD 1981 TO 2010
CLIMATE RECORD PERIOD 1889 TO 2014


WEATHER ITEM   OBSERVED TIME   RECORD YEAR NORMAL DEPARTURE LAST
                VALUE   (LST)  VALUE       VALUE  FROM      YEAR
                                                  NORMAL
..................................................................
TEMPERATURE (F)
 YESTERDAY
  MAXIMUM         93    411 PM 103    1930  92      1       79
  MINIMUM         70    446 AM  58    1963  69      1       69
                                      1947
  AVERAGE         82                        81      1       74

PRECIPITATION (IN)
  YESTERDAY        0.00          1.67 1903   0.17  -0.17     1.37
  MONTH TO DATE    0.04                      1.82  -1.78     1.65
  SINCE JUN 1      2.58                      6.22  -3.64     8.24
  SINCE JAN 1     34.30                     31.65   2.65    42.87

SNOWFALL (IN)
  YESTERDAY        0.0           0.0    MM   0.0    0.0      0.0
  MONTH TO DATE    0.0                       0.0    0.0      0.0
  SINCE JUN 1      0.0                       0.0    0.0      0.0
  SINCE JUL 1      0.0                       0.0    0.0      0.0

DEGREE DAYS
 HEATING
  YESTERDAY        0                         0      0        0
  MONTH TO DATE    0                         0      0        0
  SINCE JUN 1      0                         0      0        0
  SINCE JUL 1      0                         0      0        0

 COOLING
  YESTERDAY       17                        16      1        9
  MONTH TO DATE  155                       167    -12      138
  SINCE JUN 1    565                       547     18      558
  SINCE JAN 1    835                       830      5      818
..................................................................


WIND (MPH)
  HIGHEST WIND SPEED    13   HIGHEST WIND DIRECTION     N (10)
  HIGHEST GUST SPEED    16   HIGHEST GUST DIRECTION     N (10)
  AVERAGE WIND SPEED     3.0


SKY COVER
  POSSIBLE SUNSHINE  MM
  AVERAGE SKY COVER 0.1


WEATHER CONDITIONS
 THE FOLLOWING WEATHER WAS RECORDED YESTERDAY.
  NO SIGNIFICANT WEATHER WAS OBSERVED.


RELATIVE HUMIDITY (PERCENT)
 HIGHEST   100           100 AM
 LOWEST     38           400 PM
 AVERAGE    69

..........................................................


THE MERIDIAN CLIMATE NORMALS FOR TODAY
                         NORMAL    RECORD    YEAR
 MAXIMUM TEMPERATURE (F)   92       104      1930
                                             1901
 MINIMUM TEMPERATURE (F)   69        61      1947
                                             1899


SUNRISE AND SUNSET
JULY 12 2014..........SUNRISE   557 AM CDT   SUNSET   804 PM CDT
JULY 13 2014..........SUNRISE   558 AM CDT   SUNSET   804 PM CDT


-  INDICATES NEGATIVE NUMBERS.
R  INDICATES RECORD WAS SET OR TIED.
MM INDICATES DATA IS MISSING.
T  INDICATES TRACE AMOUNT.




$$
