000
CDUS44 KJAN 230815
CLIMEI


CLIMATE REPORT
NATIONAL WEATHER SERVICE JACKSON MS
209 AM CST FRI FEB 23 2018


...................................

...THE MERIDIAN CLIMATE SUMMARY FOR FEBRUARY 22 2018...

CLIMATE NORMAL PERIOD 1981 TO 2010
CLIMATE RECORD PERIOD 1889 TO 2018


WEATHER ITEM   OBSERVED TIME   RECORD YEAR NORMAL DEPARTURE LAST
                VALUE   (LST)  VALUE       VALUE  FROM      YEAR
                                                  NORMAL
..................................................................
TEMPERATURE (F)
 YESTERDAY
  MAXIMUM         86R   325 PM  86    2018  63     23       72
  MINIMUM         64   1159 PM  15    1963  38     26       53
  AVERAGE         75                        50     25       63

PRECIPITATION (IN)
  YESTERDAY        0.00          3.20 2008   0.20  -0.20     0.00
  MONTH TO DATE    6.44                      4.44   2.00     1.32
  SINCE DEC 1     13.01                     14.63  -1.62    12.59
  SINCE JAN 1      8.92                      9.57  -0.65     8.69

SNOWFALL (IN)
  YESTERDAY        0.0           0.0  2002   0.0    0.0      0.0
                                      2001
  MONTH TO DATE    0.0                       0.0    0.0      0.0
  SINCE DEC 1      5.3                       0.3    5.0      0.8
  SINCE JUL 1      5.3                       0.3    5.0      0.8

DEGREE DAYS
 HEATING
  YESTERDAY        0                        15    -15        2
  MONTH TO DATE  181                       377   -196      154
  SINCE DEC 1   1400                      1564   -164      884
  SINCE JUL 1   1741                      2014   -273     1093

 COOLING
  YESTERDAY       10                         0     10        0
  MONTH TO DATE   44                         0     44       13
  SINCE DEC 1     49                         9     40       55
  SINCE JAN 1     46                         3     43       37
..................................................................


WIND (MPH)
  HIGHEST WIND SPEED    17   HIGHEST WIND DIRECTION     S (170)
  HIGHEST GUST SPEED    23   HIGHEST GUST DIRECTION     S (170)
  AVERAGE WIND SPEED     9.6


SKY COVER
  POSSIBLE SUNSHINE  MM
  AVERAGE SKY COVER 0.4


WEATHER CONDITIONS
 THE FOLLOWING WEATHER WAS RECORDED YESTERDAY.
  NO SIGNIFICANT WEATHER WAS OBSERVED.


RELATIVE HUMIDITY (PERCENT)
 HIGHEST    90           400 AM
 LOWEST     44           400 PM
 AVERAGE    67

..........................................................


THE MERIDIAN CLIMATE NORMALS FOR TODAY
                         NORMAL    RECORD    YEAR
 MAXIMUM TEMPERATURE (F)   63        85      1982
 MINIMUM TEMPERATURE (F)   38        16      1964


SUNRISE AND SUNSET
FEBRUARY 23 2018......SUNRISE   629 AM CST   SUNSET   548 PM CST
FEBRUARY 24 2018......SUNRISE   628 AM CST   SUNSET   549 PM CST


-  INDICATES NEGATIVE NUMBERS.
R  INDICATES RECORD WAS SET OR TIED.
MM INDICATES DATA IS MISSING.
T  INDICATES TRACE AMOUNT.




$$
