000
CDUS44 KJAN 292114
CLIMEI


CLIMATE REPORT
NATIONAL WEATHER SERVICE JACKSON MS
412 PM CDT FRI JUL 29 2016


...................................

...THE MERIDIAN CLIMATE SUMMARY FOR JULY 29 2016...
VALID TODAY AS OF 0400 PM LOCAL TIME.

CLIMATE NORMAL PERIOD 1981 TO 2010
CLIMATE RECORD PERIOD 1889 TO 2016


WEATHER ITEM   OBSERVED TIME   RECORD YEAR NORMAL DEPARTURE LAST
                VALUE   (LST)  VALUE       VALUE  FROM      YEAR
                                                  NORMAL
..................................................................
TEMPERATURE (F)
 TODAY
  MAXIMUM         92    248 PM 102    1930  92      0       97
  MINIMUM         72    538 AM  61    1994  70      2       74
  AVERAGE         82                        81      1       86

PRECIPITATION (IN)
  TODAY            0.00          1.97 1962   0.17  -0.17      T
  MONTH TO DATE    2.40                      4.82  -2.42     3.57
  SINCE JUN 1      7.31                      9.22  -1.91     8.54
  SINCE JAN 1     32.30                     34.65  -2.35    31.60

SNOWFALL (IN)
  TODAY            0.0           0.0    MM   0.0    0.0      0.0
  MONTH TO DATE    0.0                       0.0    0.0      0.0
  SINCE JUN 1      0.0                       0.0    0.0      0.0
  SINCE JUL 1      0.0                       0.0    0.0      0.0

DEGREE DAYS
 HEATING
  TODAY            0                         0      0        0
  MONTH TO DATE    0                         0      0        0
  SINCE JUN 1      0                         0      0        0
  SINCE JUL 1      0                         0      0        0

 COOLING
  TODAY           17                        16      1       21
  MONTH TO DATE  587                       455    132      510
  SINCE JUN 1   1131                       835    296      926
  SINCE JAN 1   1443                      1118    325     1291
..................................................................


WIND (MPH)
  HIGHEST WIND SPEED    15   HIGHEST WIND DIRECTION     W (260)
  HIGHEST GUST SPEED    21   HIGHEST GUST DIRECTION     W (260)
  AVERAGE WIND SPEED     6.4


SKY COVER
  POSSIBLE SUNSHINE  MM
  AVERAGE SKY COVER 0.4


WEATHER CONDITIONS
 THE FOLLOWING WEATHER WAS RECORDED TODAY.
  FOG


RELATIVE HUMIDITY (PERCENT)
 HIGHEST    93           100 AM
 LOWEST     52          1100 AM
 AVERAGE    73

..........................................................


THE MERIDIAN CLIMATE NORMALS FOR TOMORROW
                         NORMAL    RECORD    YEAR
 MAXIMUM TEMPERATURE (F)   92       102      1986
 MINIMUM TEMPERATURE (F)   70        56      2014


SUNRISE AND SUNSET
JULY 29 2016..........SUNRISE   608 AM CDT   SUNSET   754 PM CDT
JULY 30 2016..........SUNRISE   609 AM CDT   SUNSET   754 PM CDT


-  INDICATES NEGATIVE NUMBERS.
R  INDICATES RECORD WAS SET OR TIED.
MM INDICATES DATA IS MISSING.
T  INDICATES TRACE AMOUNT.




$$
