000
CDUS44 KJAN 242209
CLIMEI


CLIMATE REPORT
NATIONAL WEATHER SERVICE JACKSON MS
407 PM CST FRI NOV 24 2017


...................................

...THE MERIDIAN CLIMATE SUMMARY FOR NOVEMBER 24 2017...
VALID TODAY AS OF 0400 PM LOCAL TIME.

CLIMATE NORMAL PERIOD 1981 TO 2010
CLIMATE RECORD PERIOD 1889 TO 2017


WEATHER ITEM   OBSERVED TIME   RECORD YEAR NORMAL DEPARTURE LAST
                VALUE   (LST)  VALUE       VALUE  FROM      YEAR
                                                  NORMAL
..................................................................
TEMPERATURE (F)
 TODAY
  MAXIMUM         67    308 PM  84    1973  65      2       76
  MINIMUM         29    650 AM  20    1970  40    -11       45
  AVERAGE         48                        52     -4       61

PRECIPITATION (IN)
  TODAY            0.00          2.20 1964   0.17  -0.17      T
  MONTH TO DATE    1.37                      3.84  -2.47     0.22
  SINCE SEP 1      4.85                     11.03  -6.18     0.79
  SINCE JAN 1     57.73                     49.99   7.74    38.12

SNOWFALL (IN)
  TODAY            0.0           0.0  2002   0.0    0.0      0.0
                                      2001
  MONTH TO DATE    0.0                       0.0    0.0      0.0
  SINCE SEP 1      0.0                       0.0    0.0      0.0
  SINCE JUL 1      0.0                       0.0    0.0      0.0

DEGREE DAYS
 HEATING
  TODAY           17                        13      4        4
  MONTH TO DATE  182                       241    -59      139
  SINCE SEP 1    276                       365    -89      155
  SINCE JUL 1    276                       365    -89      155

 COOLING
  TODAY            0                         0      0        0
  MONTH TO DATE   49                        13     36       22
  SINCE SEP 1    578                       406    172      745
  SINCE JAN 1   2542                      2026    516     2856
..................................................................


WIND (MPH)
  HIGHEST WIND SPEED     6   HIGHEST WIND DIRECTION     W (270)
  HIGHEST GUST SPEED     8   HIGHEST GUST DIRECTION     N (10)
  AVERAGE WIND SPEED     0.7


SKY COVER
  POSSIBLE SUNSHINE  MM
  AVERAGE SKY COVER 0.0


WEATHER CONDITIONS
 THE FOLLOWING WEATHER WAS RECORDED TODAY.
  NO SIGNIFICANT WEATHER WAS OBSERVED.


RELATIVE HUMIDITY (PERCENT)
 HIGHEST    92          1200 AM
 LOWEST     20           300 PM
 AVERAGE    56

..........................................................


THE MERIDIAN CLIMATE NORMALS FOR TOMORROW
                         NORMAL    RECORD    YEAR
 MAXIMUM TEMPERATURE (F)   65        81      1966
                                             1908
 MINIMUM TEMPERATURE (F)   39        16      1950


SUNRISE AND SUNSET
NOVEMBER 24 2017......SUNRISE   633 AM CST   SUNSET   451 PM CST
NOVEMBER 25 2017......SUNRISE   633 AM CST   SUNSET   451 PM CST


-  INDICATES NEGATIVE NUMBERS.
R  INDICATES RECORD WAS SET OR TIED.
MM INDICATES DATA IS MISSING.
T  INDICATES TRACE AMOUNT.




$$
