000
CDUS44 KJAN 250626
CLIMEI


CLIMATE REPORT
NATIONAL WEATHER SERVICE JACKSON MS
124 AM CDT SAT MAR 25 2017


...................................

...THE MERIDIAN CLIMATE SUMMARY FOR MARCH 24 2017...

CLIMATE NORMAL PERIOD 1981 TO 2010
CLIMATE RECORD PERIOD 1889 TO 2017


WEATHER ITEM   OBSERVED TIME   RECORD YEAR NORMAL DEPARTURE LAST
                VALUE   (LST)  VALUE       VALUE  FROM      YEAR
                                                  NORMAL
..................................................................
TEMPERATURE (F)
 YESTERDAY
  MAXIMUM         78    252 PM  93    1929  71      7       72
  MINIMUM         65   1159 PM  22    1968  44     21       50
  AVERAGE         72                        57     15       61

PRECIPITATION (IN)
  YESTERDAY        0.00          2.53 1973   0.18  -0.18     0.83
  MONTH TO DATE    3.81                      4.23  -0.42     9.05
  SINCE MAR 1      3.81                      4.23  -0.42     9.05
  SINCE JAN 1     13.38                     14.96  -1.58    16.54

SNOWFALL (IN)
  YESTERDAY        0.0           0.0  2002   0.0    0.0      0.0
                                      2001
  MONTH TO DATE    0.0                       0.2   -0.2      0.0
  SINCE MAR 1      0.0                       0.2   -0.2      0.0
  SINCE JUL 1      0.8                       0.5    0.3       T

DEGREE DAYS
 HEATING
  YESTERDAY        0                         8     -8        4
  MONTH TO DATE  189                       255    -66      157
  SINCE MAR 1    189                       255    -66      157
  SINCE JUL 1   1317                      2352  -1035     1719

 COOLING
  YESTERDAY        7                         1      6        0
  MONTH TO DATE   33                        16     17       25
  SINCE MAR 1     33                        16     17       25
  SINCE JAN 1     79                        23     56       30
..................................................................


WIND (MPH)
  HIGHEST WIND SPEED    22   HIGHEST WIND DIRECTION    SE (150)
  HIGHEST GUST SPEED    29   HIGHEST GUST DIRECTION     S (170)
  AVERAGE WIND SPEED    14.3


SKY COVER
  POSSIBLE SUNSHINE  MM
  AVERAGE SKY COVER 0.7


WEATHER CONDITIONS
 THE FOLLOWING WEATHER WAS RECORDED YESTERDAY.
  NO SIGNIFICANT WEATHER WAS OBSERVED.


RELATIVE HUMIDITY (PERCENT)
 HIGHEST    87           500 AM
 LOWEST     60           300 PM
 AVERAGE    74

..........................................................


THE MERIDIAN CLIMATE NORMALS FOR TODAY
                         NORMAL    RECORD    YEAR
 MAXIMUM TEMPERATURE (F)   71        88      1907
 MINIMUM TEMPERATURE (F)   44        24      1966


SUNRISE AND SUNSET
MARCH 25 2017.........SUNRISE   652 AM CDT   SUNSET   710 PM CDT
MARCH 26 2017.........SUNRISE   651 AM CDT   SUNSET   711 PM CDT


-  INDICATES NEGATIVE NUMBERS.
R  INDICATES RECORD WAS SET OR TIED.
MM INDICATES DATA IS MISSING.
T  INDICATES TRACE AMOUNT.




$$
