000
CDUS44 KJAN 172208
CLIMEI


CLIMATE REPORT
NATIONAL WEATHER SERVICE JACKSON MS
407 PM CST WED DEC 17 2014


...................................

...THE MERIDIAN CLIMATE SUMMARY FOR DECEMBER 17 2014...
VALID TODAY AS OF 0400 PM LOCAL TIME.

CLIMATE NORMAL PERIOD 1981 TO 2010
CLIMATE RECORD PERIOD 1889 TO 2014


WEATHER ITEM   OBSERVED TIME   RECORD YEAR NORMAL DEPARTURE LAST
                VALUE   (LST)  VALUE       VALUE  FROM      YEAR
                                                  NORMAL
..................................................................
TEMPERATURE (F)
 TODAY
  MAXIMUM         59    246 PM  77    1990  58      1       65
                                      1956
  MINIMUM         29    659 AM  16    1963  35     -6       28
                                      1960
                                      1945
  AVERAGE         44                        47     -3       47

PRECIPITATION (IN)
  TODAY            0.00          3.07 1961   0.16  -0.16     0.00
  MONTH TO DATE    0.22                      2.96  -2.74     4.70
  SINCE DEC 1      0.22                      2.96  -2.74     4.70
  SINCE JAN 1     45.74                     54.06  -8.32    64.62

SNOWFALL (IN)
  TODAY            0.0           0.0  2001   0.0    0.0      0.0
  MONTH TO DATE    0.0                       0.0    0.0      0.0
  SINCE DEC 1      0.0                       0.0    0.0      0.0
  SINCE JUL 1      0.0                       0.0    0.0      0.0

DEGREE DAYS
 HEATING
  TODAY           21                        18      3       18
  MONTH TO DATE  213                       285    -72      294
  SINCE DEC 1    213                       285    -72      294
  SINCE JUL 1    762                       735     27      795

 COOLING
  TODAY            0                         0      0        0
  MONTH TO DATE    0                         0      0       16
  SINCE DEC 1      0                         0      0       16
  SINCE JAN 1   2085                      2029     56     2057
..................................................................


WIND (MPH)
  HIGHEST WIND SPEED    13   HIGHEST WIND DIRECTION    NE (30)
  HIGHEST GUST SPEED    16   HIGHEST GUST DIRECTION    NE (30)
  AVERAGE WIND SPEED     2.6


SKY COVER
  POSSIBLE SUNSHINE  MM
  AVERAGE SKY COVER 0.0


WEATHER CONDITIONS
 THE FOLLOWING WEATHER WAS RECORDED TODAY.
  NO SIGNIFICANT WEATHER WAS OBSERVED.


RELATIVE HUMIDITY (PERCENT)
 HIGHEST    92           100 AM
 LOWEST     47           100 PM
 AVERAGE    70

..........................................................


THE MERIDIAN CLIMATE NORMALS FOR TOMORROW
                         NORMAL    RECORD    YEAR
 MAXIMUM TEMPERATURE (F)   58        79      1984
 MINIMUM TEMPERATURE (F)   35        12      1901


SUNRISE AND SUNSET
DECEMBER 17 2014......SUNRISE   650 AM CST   SUNSET   452 PM CST
DECEMBER 18 2014......SUNRISE   651 AM CST   SUNSET   453 PM CST


-  INDICATES NEGATIVE NUMBERS.
R  INDICATES RECORD WAS SET OR TIED.
MM INDICATES DATA IS MISSING.
T  INDICATES TRACE AMOUNT.




$$
