000
CDUS44 KJAN 262121
CLIMEI


CLIMATE REPORT
NATIONAL WEATHER SERVICE JACKSON MS
419 PM CDT FRI AUG 26 2016


...................................

...THE MERIDIAN CLIMATE SUMMARY FOR AUGUST 26 2016...
VALID TODAY AS OF 0400 PM LOCAL TIME.

CLIMATE NORMAL PERIOD 1981 TO 2010
CLIMATE RECORD PERIOD 1889 TO 2016


WEATHER ITEM   OBSERVED TIME   RECORD YEAR NORMAL DEPARTURE LAST
                VALUE   (LST)  VALUE       VALUE  FROM      YEAR
                                                  NORMAL
..................................................................
TEMPERATURE (F)
 TODAY
  MAXIMUM         96    221 PM 104    1943  91      5       84
  MINIMUM         76    542 AM  56    1966  68      8       57
                                      1891
  AVERAGE         86                        80      6       71

PRECIPITATION (IN)
  TODAY            0.00          1.15 1920   0.11  -0.11     0.00
  MONTH TO DATE    5.03                      3.45   1.58     3.20
  SINCE JUN 1     12.34                     12.99  -0.65    11.74
  SINCE JAN 1     37.33                     38.42  -1.09    34.80

SNOWFALL (IN)
  TODAY            0.0           0.0  2002   0.0    0.0      0.0
                                      2001
  MONTH TO DATE    0.0                       0.0    0.0      0.0
  SINCE JUN 1      0.0                       0.0    0.0      0.0
  SINCE JUL 1      0.0                       0.0    0.0      0.0

DEGREE DAYS
 HEATING
  TODAY            0                         0      0        0
  MONTH TO DATE    0                         0      0        0
  SINCE JUN 1      0                         0      0        0
  SINCE JUL 1      0                         0      0        0

 COOLING
  TODAY           21                        15      6        6
  MONTH TO DATE  529                       404    125      434
  SINCE JUN 1   1703                      1268    435     1397
  SINCE JAN 1   2015                      1551    464     1762
..................................................................


WIND (MPH)
  HIGHEST WIND SPEED    15   HIGHEST WIND DIRECTION    SE (140)
  HIGHEST GUST SPEED    19   HIGHEST GUST DIRECTION    SE (150)
  AVERAGE WIND SPEED     4.0


SKY COVER
  POSSIBLE SUNSHINE  MM
  AVERAGE SKY COVER 0.1


WEATHER CONDITIONS
 THE FOLLOWING WEATHER WAS RECORDED TODAY.
  NO SIGNIFICANT WEATHER WAS OBSERVED.


RELATIVE HUMIDITY (PERCENT)
 HIGHEST    94           500 AM
 LOWEST     36           300 PM
 AVERAGE    65

..........................................................


THE MERIDIAN CLIMATE NORMALS FOR TOMORROW
                         NORMAL    RECORD    YEAR
 MAXIMUM TEMPERATURE (F)   91       105      1943
 MINIMUM TEMPERATURE (F)   68        55      1917


SUNRISE AND SUNSET
AUGUST 26 2016........SUNRISE   627 AM CDT   SUNSET   726 PM CDT
AUGUST 27 2016........SUNRISE   627 AM CDT   SUNSET   725 PM CDT


-  INDICATES NEGATIVE NUMBERS.
R  INDICATES RECORD WAS SET OR TIED.
MM INDICATES DATA IS MISSING.
T  INDICATES TRACE AMOUNT.




$$
