595
CDUS44 KJAN 080633
CLIMEI


CLIMATE REPORT
NATIONAL WEATHER SERVICE JACKSON MS
1231 AM CST THU DEC 8 2016


...................................

...THE MERIDIAN CLIMATE SUMMARY FOR DECEMBER 7 2016...

CLIMATE NORMAL PERIOD 1981 TO 2010
CLIMATE RECORD PERIOD 1889 TO 2016


WEATHER ITEM   OBSERVED TIME   RECORD YEAR NORMAL DEPARTURE LAST
                VALUE   (LST)  VALUE       VALUE  FROM      YEAR
                                                  NORMAL
..................................................................
TEMPERATURE (F)
 YESTERDAY
  MAXIMUM         58    227 PM  84    1998  61     -3       68
  MINIMUM         44   1003 PM  15    1937  37      7       37
  AVERAGE         51                        49      2       53

PRECIPITATION (IN)
  YESTERDAY        0.00          2.76 1989   0.18  -0.18     0.00
  MONTH TO DATE    1.43                      1.28   0.15     1.26
  SINCE DEC 1      1.43                      1.28   0.15     1.26
  SINCE JAN 1     43.26                     52.38  -9.12    54.40

SNOWFALL (IN)
  YESTERDAY        0.0           T    2011   0.0    0.0      0.0
  MONTH TO DATE    0.0                       0.0    0.0      0.0
  SINCE DEC 1      0.0                       0.0    0.0      0.0
  SINCE JUL 1      0.0                       0.0    0.0      0.0

DEGREE DAYS
 HEATING
  YESTERDAY       14                        16     -2       12
  MONTH TO DATE   93                       110    -17       96
  SINCE DEC 1     93                       110    -17       96
  SINCE JUL 1    302                       560   -258      347

 COOLING
  YESTERDAY        0                         0      0        0
  MONTH TO DATE    0                         0      0        0
  SINCE DEC 1      0                         0      0        0
  SINCE JAN 1   2856                      2029    827     2295
..................................................................


WIND (MPH)
  HIGHEST WIND SPEED     9   HIGHEST WIND DIRECTION     N (10)
  HIGHEST GUST SPEED    12   HIGHEST GUST DIRECTION     N (350)
  AVERAGE WIND SPEED     4.9


SKY COVER
  POSSIBLE SUNSHINE  MM
  AVERAGE SKY COVER 0.9


WEATHER CONDITIONS
 THE FOLLOWING WEATHER WAS RECORDED YESTERDAY.
  NO SIGNIFICANT WEATHER WAS OBSERVED.


RELATIVE HUMIDITY (PERCENT)
 HIGHEST    89          1000 PM
 LOWEST     62           100 PM
 AVERAGE    76

..........................................................


THE MERIDIAN CLIMATE NORMALS FOR TODAY
                         NORMAL    RECORD    YEAR
 MAXIMUM TEMPERATURE (F)   60        81      1978
 MINIMUM TEMPERATURE (F)   37        17      1965


SUNRISE AND SUNSET
DECEMBER  8 2016......SUNRISE   644 AM CST   SUNSET   450 PM CST
DECEMBER  9 2016......SUNRISE   645 AM CST   SUNSET   450 PM CST


-  INDICATES NEGATIVE NUMBERS.
R  INDICATES RECORD WAS SET OR TIED.
MM INDICATES DATA IS MISSING.
T  INDICATES TRACE AMOUNT.




$$
