000
CDUS44 KMEG 270645
CLIMEM


CLIMATE REPORT
NATIONAL WEATHER SERVICE MEMPHIS TN
144 AM CDT THU APR 27 2017


...................................

...THE MEMPHIS CLIMATE SUMMARY FOR APRIL 26 2017...

CLIMATE NORMAL PERIOD 1981 TO 2010
CLIMATE RECORD PERIOD 1872 TO 2017


WEATHER ITEM   OBSERVED TIME   RECORD YEAR NORMAL DEPARTURE LAST
                VALUE   (LST)  VALUE       VALUE  FROM      YEAR
                                                  NORMAL
..................................................................
TEMPERATURE (F)
 YESTERDAY
  MAXIMUM         80    222 PM  89    1989  76      4       85
  MINIMUM         61   1159 PM  38    1919  56      5       66
  AVERAGE         71                        66      5       76

PRECIPITATION (IN)
  YESTERDAY        1.04          3.96 2011   0.19   0.85      T
  MONTH TO DATE    3.95                      4.77  -0.82     3.80
  SINCE MAR 1      7.56                      9.93  -2.37    20.00
  SINCE JAN 1     13.22                     18.30  -5.08    27.85

SNOWFALL (IN)
  YESTERDAY        0.0          MM      MM   0.0    0.0      0.0
  MONTH TO DATE    0.0                       0.0    0.0      0.0
  SINCE MAR 1      T                         0.4   -0.4      0.0
  SINCE JUL 1      2.0                       3.8   -1.8      0.3
  SNOW DEPTH       0

DEGREE DAYS
 HEATING
  YESTERDAY        0                         2     -2        0
  MONTH TO DATE   52                       129    -77       80
  SINCE MAR 1    332                       487   -155      293
  SINCE JUL 1   2031                      2937   -906     2164

 COOLING
  YESTERDAY        6                         3      3       11
  MONTH TO DATE   92                        60     32       55
  SINCE MAR 1    130                        77     53       76
  SINCE JAN 1    152                        80     72       79
..................................................................


WIND (MPH)
  HIGHEST WIND SPEED    26   HIGHEST WIND DIRECTION     S (160)
  HIGHEST GUST SPEED    33   HIGHEST GUST DIRECTION    SE (150)
  AVERAGE WIND SPEED    13.6


SKY COVER
  POSSIBLE SUNSHINE  MM
  AVERAGE SKY COVER 0.7


WEATHER CONDITIONS
 THE FOLLOWING WEATHER WAS RECORDED YESTERDAY.
  THUNDERSTORM
  HEAVY RAIN
  RAIN
  LIGHT RAIN
  FOG


RELATIVE HUMIDITY (PERCENT)
 HIGHEST   100           800 PM
 LOWEST     56           500 PM
 AVERAGE    78

..........................................................


THE MEMPHIS CLIMATE NORMALS FOR TODAY
                         NORMAL    RECORD    YEAR
 MAXIMUM TEMPERATURE (F)   76        92      1987
 MINIMUM TEMPERATURE (F)   57        40      1953


SUNRISE AND SUNSET
APRIL 27 2017.........SUNRISE   613 AM CDT   SUNSET   742 PM CDT
APRIL 28 2017.........SUNRISE   612 AM CDT   SUNSET   743 PM CDT


-  INDICATES NEGATIVE NUMBERS.
R  INDICATES RECORD WAS SET OR TIED.
MM INDICATES DATA IS MISSING.
T  INDICATES TRACE AMOUNT.




$$
