000
CDUS44 KMEG 312147
CLIMEM


CLIMATE REPORT
NATIONAL WEATHER SERVICE MEMPHIS TN
447 PM CDT WED AUG 31 2016


...................................

...THE MEMPHIS CLIMATE SUMMARY FOR AUGUST 31 2016...
VALID TODAY AS OF 0400 PM LOCAL TIME.

CLIMATE NORMAL PERIOD 1981 TO 2010
CLIMATE RECORD PERIOD 1872 TO 2016


WEATHER ITEM   OBSERVED TIME   RECORD YEAR NORMAL DEPARTURE LAST
                VALUE   (LST)  VALUE       VALUE  FROM      YEAR
                                                  NORMAL
..................................................................
TEMPERATURE (F)
 TODAY
  MAXIMUM         96    234 PM 103    2000  90      6       91
                                      1951
  MINIMUM         77    514 AM  48    1946  71      6       70
  AVERAGE         87                        80      7       81

PRECIPITATION (IN)
  TODAY            0.00          2.33 1889   0.08  -0.08      T
  MONTH TO DATE    5.53                      2.88   2.65     4.11
  SINCE JUN 1     14.72                     11.10   3.62    13.75
  SINCE JAN 1     49.81                     35.38  14.43    33.97

SNOWFALL (IN)
  TODAY            0.0

DEGREE DAYS
 HEATING
  TODAY            0                         0      0        0
  MONTH TO DATE    0                         0      0        0
  SINCE JUN 1      0                         0      0        0
  SINCE JUL 1      0                         0      0        0

 COOLING
  TODAY           22                        15      7       16
  MONTH TO DATE  615                       527     88      495
  SINCE JUN 1   1796                      1514    282     1585
  SINCE JAN 1   2101                      1835    266     1939
..................................................................


WIND (MPH)
  HIGHEST WIND SPEED    13   HIGHEST WIND DIRECTION    NE (30)
  HIGHEST GUST SPEED    21   HIGHEST GUST DIRECTION     N (350)
  AVERAGE WIND SPEED     4.5


SKY COVER
  POSSIBLE SUNSHINE  MM
  AVERAGE SKY COVER 0.1


WEATHER CONDITIONS
 THE FOLLOWING WEATHER WAS RECORDED TODAY.
  NO SIGNIFICANT WEATHER WAS OBSERVED.


RELATIVE HUMIDITY (PERCENT)
 HIGHEST    79           500 AM
 LOWEST     38          1200 PM
 AVERAGE    59

..........................................................


THE MEMPHIS CLIMATE NORMALS FOR TOMORROW
                         NORMAL    RECORD    YEAR
 MAXIMUM TEMPERATURE (F)   90       102      2000
                                             1951
 MINIMUM TEMPERATURE (F)   70        54      1946


SUNRISE AND SUNSET
AUGUST 31 2016........SUNRISE   632 AM CDT   SUNSET   727 PM CDT
SEPTEMBER  1 2016.....SUNRISE   633 AM CDT   SUNSET   726 PM CDT


-  INDICATES NEGATIVE NUMBERS.
R  INDICATES RECORD WAS SET OR TIED.
MM INDICATES DATA IS MISSING.
T  INDICATES TRACE AMOUNT.




$$
