000
CDUS44 KMEG 010634
CLIMEM


CLIMATE REPORT
NATIONAL WEATHER SERVICE MEMPHIS TN
132 AM CDT SAT OCT 1 2016


...................................

...THE MEMPHIS CLIMATE SUMMARY FOR SEPTEMBER 30 2016...

CLIMATE NORMAL PERIOD 1981 TO 2010
CLIMATE RECORD PERIOD 1872 TO 2016


WEATHER ITEM   OBSERVED TIME   RECORD YEAR NORMAL DEPARTURE LAST
                VALUE   (LST)  VALUE       VALUE  FROM      YEAR
                                                  NORMAL
..................................................................
TEMPERATURE (F)
 YESTERDAY
  MAXIMUM         77    218 PM  96    1953  80     -3       77
  MINIMUM         61    141 AM  36    1949  59      2       67
  AVERAGE         69                        70     -1       72

PRECIPITATION (IN)
  YESTERDAY        0.00          2.10 1898   0.12  -0.12      T
  MONTH TO DATE    0.67                      3.09  -2.42     1.32
  SINCE SEP 1      0.67                      3.09  -2.42     1.32
  SINCE JAN 1     50.48                     38.47  12.01    35.29

SNOWFALL (IN)
  YESTERDAY        0.0           0.0  2002   0.0    0.0      0.0
                                      2001
  MONTH TO DATE    0.0                       0.0    0.0      0.0
  SINCE SEP 1      0.0                       0.0    0.0      0.0
  SINCE JUL 1      0.0                       0.0    0.0      0.0
  SNOW DEPTH       0

DEGREE DAYS
 HEATING
  YESTERDAY        0                         1     -1        0
  MONTH TO DATE    0                        10    -10        0
  SINCE SEP 1      0                        11    -11        0
  SINCE JUL 1      0                        11    -11        0

 COOLING
  YESTERDAY        4                         6     -2        7
  MONTH TO DATE  470                       316    154      382
  SINCE SEP 1    470                       316    154      382
  SINCE JAN 1   2571                      2151    420     2321
..................................................................


WIND (MPH)
  HIGHEST WIND SPEED    13   HIGHEST WIND DIRECTION     N (360)
  HIGHEST GUST SPEED    29   HIGHEST GUST DIRECTION    NW (330)
  AVERAGE WIND SPEED     5.5


SKY COVER
  POSSIBLE SUNSHINE  MM
  AVERAGE SKY COVER 0.7


WEATHER CONDITIONS
 THE FOLLOWING WEATHER WAS RECORDED YESTERDAY.
  NO SIGNIFICANT WEATHER WAS OBSERVED.


RELATIVE HUMIDITY (PERCENT)
 HIGHEST    84           600 AM
 LOWEST     46          1200 PM
 AVERAGE    65

..........................................................


THE MEMPHIS CLIMATE NORMALS FOR TODAY
                         NORMAL    RECORD    YEAR
 MAXIMUM TEMPERATURE (F)   80        95      1953
 MINIMUM TEMPERATURE (F)   59        40      1984
                                             1949


SUNRISE AND SUNSET
OCTOBER  1 2016.......SUNRISE   655 AM CDT   SUNSET   643 PM CDT
OCTOBER  2 2016.......SUNRISE   656 AM CDT   SUNSET   642 PM CDT


-  INDICATES NEGATIVE NUMBERS.
R  INDICATES RECORD WAS SET OR TIED.
MM INDICATES DATA IS MISSING.
T  INDICATES TRACE AMOUNT.




$$
