000
CDUS44 KMEG 110733
CLIMEM


CLIMATE REPORT
NATIONAL WEATHER SERVICE MEMPHIS TN
132 AM CST THU FEB 11 2016


...................................

...THE MEMPHIS CLIMATE SUMMARY FOR FEBRUARY 10 2016...

CLIMATE NORMAL PERIOD 1981 TO 2010
CLIMATE RECORD PERIOD 1872 TO 2016


WEATHER ITEM   OBSERVED TIME   RECORD YEAR NORMAL DEPARTURE LAST
                VALUE   (LST)  VALUE       VALUE  FROM      YEAR
                                                  NORMAL
..................................................................
TEMPERATURE (F)
 YESTERDAY
  MAXIMUM         43    357 PM  77    1932  53    -10       49
  MINIMUM         24    654 AM   0    1899  35    -11       35
  AVERAGE         34                        44    -10       42

PRECIPITATION (IN)
  YESTERDAY        0.00          1.83 1998   0.15  -0.15     0.00
  MONTH TO DATE    1.74                      1.52   0.22     0.72
  SINCE DEC 1      8.78                     11.24  -2.46     4.62
  SINCE JAN 1      4.01                      5.50  -1.49     2.02

SNOWFALL (IN)
  YESTERDAY        0.0           3.2  2006   0.1   -0.1      0.0
  MONTH TO DATE    0.0                       0.6   -0.6      0.0
  SINCE DEC 1      0.3                       2.7   -2.4      0.0
  SINCE JUL 1      0.3                       2.7   -2.4      0.2
  SNOW DEPTH       0

DEGREE DAYS
 HEATING
  YESTERDAY       31                        21     10       23
  MONTH TO DATE  199                       218    -19      218
  SINCE DEC 1   1283                      1621   -338     1530
  SINCE JUL 1   1584                      2120   -536     2139

 COOLING
  YESTERDAY        0                         0      0        0
  MONTH TO DATE    1                         0      1        0
  SINCE DEC 1     22                         3     19        0
  SINCE JAN 1      3                         1      2        0
..................................................................


WIND (MPH)
  HIGHEST WIND SPEED    17   HIGHEST WIND DIRECTION    NW (330)
  HIGHEST GUST SPEED    22   HIGHEST GUST DIRECTION     N (340)
  AVERAGE WIND SPEED     8.7


SKY COVER
  POSSIBLE SUNSHINE  MM
  AVERAGE SKY COVER 0.2


WEATHER CONDITIONS
 THE FOLLOWING WEATHER WAS RECORDED YESTERDAY.
  NO SIGNIFICANT WEATHER WAS OBSERVED.


RELATIVE HUMIDITY (PERCENT)
 HIGHEST    55           300 AM
 LOWEST     29          1100 AM
 AVERAGE    42

..........................................................


THE MEMPHIS CLIMATE NORMALS FOR TODAY
                         NORMAL    RECORD    YEAR
 MAXIMUM TEMPERATURE (F)   54        76      1999
 MINIMUM TEMPERATURE (F)   35         8      1899


SUNRISE AND SUNSET
FEBRUARY 11 2016......SUNRISE   651 AM CST   SUNSET   538 PM CST
FEBRUARY 12 2016......SUNRISE   650 AM CST   SUNSET   539 PM CST


-  INDICATES NEGATIVE NUMBERS.
R  INDICATES RECORD WAS SET OR TIED.
MM INDICATES DATA IS MISSING.
T  INDICATES TRACE AMOUNT.




$$
