000
CDUS44 KMEG 010634
CLIMEM


CLIMATE REPORT
NATIONAL WEATHER SERVICE MEMPHIS TN
133 AM CDT WED OCT 1 2014


...................................

...THE MEMPHIS CLIMATE SUMMARY FOR SEPTEMBER 30 2014...

CLIMATE NORMAL PERIOD 1981 TO 2010
CLIMATE RECORD PERIOD 1872 TO 2014


WEATHER ITEM   OBSERVED TIME   RECORD YEAR NORMAL DEPARTURE LAST
                VALUE   (LST)  VALUE       VALUE  FROM      YEAR
                                                  NORMAL
..................................................................
TEMPERATURE (F)
 YESTERDAY
  MAXIMUM         90    133 PM  96    1953  80     10       77
  MINIMUM         63    506 AM  36    1949  59      4       67
  AVERAGE         77                        70      7       72

PRECIPITATION (IN)
  YESTERDAY        0.00          2.10 1898   0.12  -0.12     0.05
  MONTH TO DATE    4.75                      3.09   1.66     2.69
  SINCE SEP 1      4.75                      3.09   1.66     2.69
  SINCE JAN 1     48.47                     38.47  10.00    48.64

SNOWFALL (IN)
  YESTERDAY        0.0           0.0  2002   0.0    0.0      0.0
                                      2001
  MONTH TO DATE    0.0                       0.0    0.0      0.0
  SINCE SEP 1      0.0                       0.0    0.0      0.0
  SINCE JUL 1      0.0                       0.0    0.0      0.0
  SNOW DEPTH       0

DEGREE DAYS
 HEATING
  YESTERDAY        0                         1     -1        0
  MONTH TO DATE    1                        10     -9        0
  SINCE SEP 1      1                        11    -10        0
  SINCE JUL 1      1                        11    -10        0

 COOLING
  YESTERDAY       12                         6      6        7
  MONTH TO DATE  345                       316     29      401
  SINCE SEP 1    345                       316     29      401
  SINCE JAN 1   2051                      2151   -100     2127
..................................................................


WIND (MPH)
  HIGHEST WIND SPEED     8   HIGHEST WIND DIRECTION     W (260)
  HIGHEST GUST SPEED    14   HIGHEST GUST DIRECTION     E (70)
  AVERAGE WIND SPEED     1.7


SKY COVER
  POSSIBLE SUNSHINE  MM
  AVERAGE SKY COVER 0.4


WEATHER CONDITIONS
 THE FOLLOWING WEATHER WAS RECORDED YESTERDAY.
  NO SIGNIFICANT WEATHER WAS OBSERVED.


RELATIVE HUMIDITY (PERCENT)
 HIGHEST    84           500 AM
 LOWEST     36           100 PM
 AVERAGE    60

..........................................................


THE MEMPHIS CLIMATE NORMALS FOR TODAY
                         NORMAL    RECORD    YEAR
 MAXIMUM TEMPERATURE (F)   80        95      1953
 MINIMUM TEMPERATURE (F)   59        40      1984
                                             1949


SUNRISE AND SUNSET
OCTOBER  1 2014.......SUNRISE   655 AM CDT   SUNSET   644 PM CDT
OCTOBER  2 2014.......SUNRISE   655 AM CDT   SUNSET   642 PM CDT


-  INDICATES NEGATIVE NUMBERS.
R  INDICATES RECORD WAS SET OR TIED.
MM INDICATES DATA IS MISSING.
T  INDICATES TRACE AMOUNT.




$$
