000
CDUS44 KMEG 270642
CLIMEM


CLIMATE REPORT
NATIONAL WEATHER SERVICE MEMPHIS TN
142 AM CDT TUE JUN 27 2017


...................................

...THE MEMPHIS CLIMATE SUMMARY FOR JUNE 26 2017...

CLIMATE NORMAL PERIOD 1981 TO 2010
CLIMATE RECORD PERIOD 1872 TO 2017


WEATHER ITEM   OBSERVED TIME   RECORD YEAR NORMAL DEPARTURE LAST
                VALUE   (LST)  VALUE       VALUE  FROM      YEAR
                                                  NORMAL
..................................................................
TEMPERATURE (F)
 YESTERDAY
  MAXIMUM         87    259 PM 102    1954  91     -4       98
  MINIMUM         64   1215 AM  58    1958  73     -9       78
  AVERAGE         76                        82     -6       88

PRECIPITATION (IN)
  YESTERDAY        T             2.11 1900   0.10  -0.10     0.00
  MONTH TO DATE    4.52                      3.16   1.36     0.60
  SINCE JUN 1      4.52                      3.16   1.36     0.60
  SINCE JAN 1     23.37                     27.44  -4.07    35.69

SNOWFALL (IN)
  YESTERDAY        0.0          MM      MM   0.0    0.0      0.0
  MONTH TO DATE    0.0                       0.0    0.0      0.0
  SINCE JUN 1      0.0                       0.0    0.0      0.0
  SINCE JUL 1      2.0                       3.8   -1.8      0.3
  SNOW DEPTH       0

DEGREE DAYS
 HEATING
  YESTERDAY        0                         0      0        0
  MONTH TO DATE    0                         0      0        0
  SINCE JUN 1      0                         0      0        0
  SINCE JUL 1   2059                      2964   -905     2186

 COOLING
  YESTERDAY       11                        17     -6       23
  MONTH TO DATE  351                       372    -21      477
  SINCE JUN 1    351                       372    -21      477
  SINCE JAN 1    731                       693     38      782
..................................................................


WIND (MPH)
  HIGHEST WIND SPEED    12   HIGHEST WIND DIRECTION    NW (330)
  HIGHEST GUST SPEED    15   HIGHEST GUST DIRECTION     W (290)
  AVERAGE WIND SPEED     4.4


SKY COVER
  POSSIBLE SUNSHINE  MM
  AVERAGE SKY COVER 0.5


WEATHER CONDITIONS
 THE FOLLOWING WEATHER WAS RECORDED YESTERDAY.
  LIGHT RAIN


RELATIVE HUMIDITY (PERCENT)
 HIGHEST    84           100 AM
 LOWEST     37           300 PM
 AVERAGE    61

..........................................................


THE MEMPHIS CLIMATE NORMALS FOR TODAY
                         NORMAL    RECORD    YEAR
 MAXIMUM TEMPERATURE (F)   91       103      1954
 MINIMUM TEMPERATURE (F)   73        59      1958


SUNRISE AND SUNSET
JUNE 27 2017..........SUNRISE   548 AM CDT   SUNSET   818 PM CDT
JUNE 28 2017..........SUNRISE   548 AM CDT   SUNSET   818 PM CDT


-  INDICATES NEGATIVE NUMBERS.
R  INDICATES RECORD WAS SET OR TIED.
MM INDICATES DATA IS MISSING.
T  INDICATES TRACE AMOUNT.




$$
