000
CDUS44 KMEG 170635
CLIMEM


CLIMATE REPORT
NATIONAL WEATHER SERVICE MEMPHIS TN
134 AM CDT THU AUG 17 2017


...................................

...THE MEMPHIS CLIMATE SUMMARY FOR AUGUST 16 2017...

CLIMATE NORMAL PERIOD 1981 TO 2010
CLIMATE RECORD PERIOD 1872 TO 2017


WEATHER ITEM   OBSERVED TIME   RECORD YEAR NORMAL DEPARTURE LAST
                VALUE   (LST)  VALUE       VALUE  FROM      YEAR
                                                  NORMAL
..................................................................
TEMPERATURE (F)
 YESTERDAY
  MAXIMUM         90    355 PM 105    2007  92     -2       82
  MINIMUM         75    458 AM  57    1963  73      2       74
  AVERAGE         83                        82      1       78

PRECIPITATION (IN)
  YESTERDAY        0.00          1.88 1880   0.09  -0.09     1.04
  MONTH TO DATE    3.14                      1.70   1.44     2.14
  SINCE JUN 1     11.66                      9.92   1.74    11.33
  SINCE JAN 1     30.51                     34.20  -3.69    46.42

SNOWFALL (IN)
  YESTERDAY        0.0          MM      MM   0.0    0.0      0.0
  MONTH TO DATE    0.0                       0.0    0.0      0.0
  SINCE JUN 1      0.0                       0.0    0.0      0.0
  SINCE JUL 1      0.0                       0.0    0.0      0.0
  SNOW DEPTH       0

DEGREE DAYS
 HEATING
  YESTERDAY        0                         0      0        0
  MONTH TO DATE    0                         0      0        0
  SINCE JUN 1      0                         0      0        0
  SINCE JUL 1      0                         0      0        0

 COOLING
  YESTERDAY       18                        17      1       13
  MONTH TO DATE  232                       284    -52      336
  SINCE JUN 1   1213                      1271    -58     1517
  SINCE JAN 1   1593                      1592      1     1822
..................................................................


WIND (MPH)
  HIGHEST WIND SPEED    15   HIGHEST WIND DIRECTION    SW (230)
  HIGHEST GUST SPEED    24   HIGHEST GUST DIRECTION     W (250)
  AVERAGE WIND SPEED     9.1


SKY COVER
  POSSIBLE SUNSHINE  MM
  AVERAGE SKY COVER 0.5


WEATHER CONDITIONS
 THE FOLLOWING WEATHER WAS RECORDED YESTERDAY.
  NO SIGNIFICANT WEATHER WAS OBSERVED.


RELATIVE HUMIDITY (PERCENT)
 HIGHEST    94           500 AM
 LOWEST     64           300 PM
 AVERAGE    79

..........................................................


THE MEMPHIS CLIMATE NORMALS FOR TODAY
                         NORMAL    RECORD    YEAR
 MAXIMUM TEMPERATURE (F)   92       103      2000
                                             1956
 MINIMUM TEMPERATURE (F)   73        59      1963


SUNRISE AND SUNSET
AUGUST 17 2017........SUNRISE   622 AM CDT   SUNSET   746 PM CDT
AUGUST 18 2017........SUNRISE   622 AM CDT   SUNSET   744 PM CDT


-  INDICATES NEGATIVE NUMBERS.
R  INDICATES RECORD WAS SET OR TIED.
MM INDICATES DATA IS MISSING.
T  INDICATES TRACE AMOUNT.


$$
