000
CDUS44 KMEG 180741
CLIMEM


CLIMATE REPORT
NATIONAL WEATHER SERVICE MEMPHIS TN
139 AM CST MON DEC 18 2017


...................................

...THE MEMPHIS CLIMATE SUMMARY FOR DECEMBER 17 2017...

CLIMATE NORMAL PERIOD 1981 TO 2010
CLIMATE RECORD PERIOD 1872 TO 2017


WEATHER ITEM   OBSERVED TIME   RECORD YEAR NORMAL DEPARTURE LAST
                VALUE   (LST)  VALUE       VALUE  FROM      YEAR
                                                  NORMAL
..................................................................
TEMPERATURE (F)
 YESTERDAY
  MAXIMUM         49    315 PM  76    2016  52     -3       76
                                      1924
  MINIMUM         41    730 AM  11    1932  35      6       35
  AVERAGE         45                        43      2       56

PRECIPITATION (IN)
  YESTERDAY        0.68          2.44 1933   0.19   0.49     1.06
  MONTH TO DATE    1.79                      3.33  -1.54     4.22
  SINCE DEC 1      1.79                      3.33  -1.54     4.22
  SINCE JAN 1     45.91                     51.27  -5.36    58.48

SNOWFALL (IN)
  YESTERDAY        0.0           0.6  1932   0.0    0.0       T
  MONTH TO DATE    0.0                       0.0    0.0       T
  SINCE DEC 1      0.0                       0.0    0.0       T
  SINCE JUL 1      0.0                       T      0.0       T
  SNOW DEPTH       0

DEGREE DAYS
 HEATING
  YESTERDAY       20                        22     -2        9
  MONTH TO DATE  334                       343     -9      371
  SINCE DEC 1    334                       343     -9      371
  SINCE JUL 1    780                       842    -62      641

 COOLING
  YESTERDAY        0                         0      0        0
  MONTH TO DATE    0                         0      0        0
  SINCE DEC 1      0                         0      0        0
  SINCE JAN 1   2302                      2256     46     2804
..................................................................


WIND (MPH)
  HIGHEST WIND SPEED    17   HIGHEST WIND DIRECTION     E (100)
  HIGHEST GUST SPEED    21   HIGHEST GUST DIRECTION     E (100)
  AVERAGE WIND SPEED     4.3


SKY COVER
  POSSIBLE SUNSHINE  MM
  AVERAGE SKY COVER 1.0


WEATHER CONDITIONS
 THE FOLLOWING WEATHER WAS RECORDED YESTERDAY.
  HEAVY RAIN
  RAIN
  LIGHT RAIN
  FOG


RELATIVE HUMIDITY (PERCENT)
 HIGHEST   100           600 AM
 LOWEST     53          1200 AM
 AVERAGE    77

..........................................................


THE MEMPHIS CLIMATE NORMALS FOR TODAY
                         NORMAL    RECORD    YEAR
 MAXIMUM TEMPERATURE (F)   51        74      1889
 MINIMUM TEMPERATURE (F)   34         8      1901


SUNRISE AND SUNSET
DECEMBER 18 2017......SUNRISE   703 AM CST   SUNSET   451 PM CST
DECEMBER 19 2017......SUNRISE   703 AM CST   SUNSET   451 PM CST


-  INDICATES NEGATIVE NUMBERS.
R  INDICATES RECORD WAS SET OR TIED.
MM INDICATES DATA IS MISSING.
T  INDICATES TRACE AMOUNT.




$$
