000
CDUS41 KCLE 110526
CLIMFD


CLIMATE REPORT
NATIONAL WEATHER SERVICE CLEVELAND OH
1226 AM EST SUN DEC 11 2016


...................................

...THE MANSFIELD OH CLIMATE SUMMARY FOR DECEMBER 10 2016...

CLIMATE NORMAL PERIOD 1981 TO 2010
CLIMATE RECORD PERIOD 1916 TO 2016


WEATHER ITEM   OBSERVED TIME   RECORD YEAR NORMAL DEPARTURE LAST
                VALUE   (LST)  VALUE       VALUE  FROM      YEAR
                                                  NORMAL
..................................................................
TEMPERATURE (F)
 YESTERDAY
  MAXIMUM         25   1253 PM  68    1971  38    -13       51
  MINIMUM         18    811 AM -17    1958  24     -6       37
  AVERAGE         22                        31     -9       44

PRECIPITATION (IN)
  YESTERDAY        T                         0.11  -0.11     0.00
  MONTH TO DATE    0.88                      1.11  -0.23     0.11
  SINCE DEC 1      0.88                      1.11  -0.23     0.11
  SINCE JAN 1     32.98                     42.01  -9.03    35.46

SNOWFALL (IN)
  YESTERDAY        0.1                       0.3   -0.2      0.0
  MONTH TO DATE    5.4                       2.6    2.8       T
  SINCE DEC 1      5.4                       2.6    2.8       T
  SINCE JUL 1      5.6                       5.3    0.3       T
  SNOW DEPTH       4

DEGREE DAYS
 HEATING
  YESTERDAY       43                        34      9       21
  MONTH TO DATE  343                       322     21      253
  SINCE DEC 1    343                       322     21      253
  SINCE JUL 1   1220                      1603   -383     1193

 COOLING
  YESTERDAY        0                         0      0        0
  MONTH TO DATE    0                         0      0        0
  SINCE DEC 1      0                         0      0        0
  SINCE JAN 1   1084                       632    452      778
..................................................................


WIND (MPH)
  HIGHEST WIND SPEED    16   HIGHEST WIND DIRECTION    SW (210)
  HIGHEST GUST SPEED    21   HIGHEST GUST DIRECTION    SW (230)
  AVERAGE WIND SPEED     9.0


SKY COVER
  POSSIBLE SUNSHINE  MM
  AVERAGE SKY COVER 0.9


WEATHER CONDITIONS
 THE FOLLOWING WEATHER WAS RECORDED YESTERDAY.
  LIGHT SNOW
  FOG
  HAZE


RELATIVE HUMIDITY (PERCENT)
 HIGHEST    92           800 AM
 LOWEST     68          1200 PM
 AVERAGE    80

..........................................................


THE MANSFIELD OH CLIMATE NORMALS FOR TODAY
                         NORMAL    RECORD    YEAR
 MAXIMUM TEMPERATURE (F)   38        61      2007
                                             1931
 MINIMUM TEMPERATURE (F)   24       -20      1958


SUNRISE AND SUNSET
DECEMBER 11 2016......SUNRISE   745 AM EST   SUNSET   502 PM EST
DECEMBER 12 2016......SUNRISE   745 AM EST   SUNSET   503 PM EST


-  INDICATES NEGATIVE NUMBERS.
R  INDICATES RECORD WAS SET OR TIED.
MM INDICATES DATA IS MISSING.
T  INDICATES TRACE AMOUNT.




$$
