000
CDUS44 KBRO 200627
CLIMFE


CLIMATE REPORT
NATIONAL WEATHER SERVICE BROWNSVILLE TX
126 AM CDT SAT SEP 20 2014


...................................

...THE MCALLEN CLIMATE SUMMARY FOR SEPTEMBER 19 2014...

CLIMATE NORMAL PERIOD 1981 TO 2010
CLIMATE RECORD PERIOD 1941 TO 2014


WEATHER ITEM   OBSERVED TIME   RECORD YEAR NORMAL DEPARTURE LAST
                VALUE   (LST)  VALUE       VALUE  FROM      YEAR
                                                  NORMAL
..................................................................
TEMPERATURE (F)
 YESTERDAY
  MAXIMUM         93    359 PM 100    1959  92      1       91
                                      1987
  MINIMUM         77    621 PM  54    1981  73      4       76
  AVERAGE         85                        82      3

PRECIPITATION (IN)
  YESTERDAY        2.13          3.69 2003   0.15   1.98      T
  MONTH TO DATE    8.43                      3.07   5.36     6.19
  SINCE SEP 1      8.43                      3.07   5.36     6.19
  SINCE JAN 1     15.29                     16.64  -1.35    12.13

DEGREE DAYS
 HEATING
  YESTERDAY        0                         0      0        0
  MONTH TO DATE    0                         0      0        0
  SINCE SEP 1      0                         0      0        0
  SINCE JUL 1      0                         0      0        0

 COOLING
  YESTERDAY       20                        18      2       19
  MONTH TO DATE  350                       369    -19      355
  SINCE SEP 1    350                       369    -19      355
  SINCE JAN 1   3545                      3620    -75     3742
..................................................................


WIND (MPH)
  HIGHEST WIND SPEED    32   HIGHEST WIND DIRECTION     E (80)
  HIGHEST GUST SPEED    37   HIGHEST GUST DIRECTION     E (80)
  AVERAGE WIND SPEED     6.9



WEATHER CONDITIONS
 THE FOLLOWING WEATHER WAS RECORDED YESTERDAY.
  THUNDERSTORM
  HEAVY RAIN
  RAIN
  LIGHT RAIN
  FOG
  FOG W/VISIBILITY <= 1/4 MILE


RELATIVE HUMIDITY (PERCENT)
 HIGHEST   100
 LOWEST     56
 AVERAGE    78

..........................................................


THE MCALLEN CLIMATE NORMALS FOR TODAY
                         NORMAL    RECORD    YEAR
 MAXIMUM TEMPERATURE (F)   92       102      1947
 MINIMUM TEMPERATURE (F)   73        57      1981


SUNRISE AND SUNSET
SEPTEMBER 20 2014.....SUNRISE   721 AM CDT   SUNSET   732 PM CDT
SEPTEMBER 21 2014.....SUNRISE   721 AM CDT   SUNSET   730 PM CDT


-  INDICATES NEGATIVE NUMBERS.
R  INDICATES RECORD WAS SET OR TIED.
MM INDICATES DATA IS MISSING.
T  INDICATES TRACE AMOUNT.

$$
