000
CDUS44 KBRO 290630
CLIMFE


CLIMATE REPORT
NATIONAL WEATHER SERVICE BROWNSVILLE TX
128 AM CDT SAT APR 29 2017


...................................

...THE MCALLEN CLIMATE SUMMARY FOR APRIL 28 2017...

CLIMATE NORMAL PERIOD 1981 TO 2010
CLIMATE RECORD PERIOD 1961 TO 2017


WEATHER ITEM   OBSERVED TIME   RECORD YEAR NORMAL DEPARTURE LAST
                VALUE   (LST)  VALUE       VALUE  FROM      YEAR
                                                  NORMAL
..................................................................
TEMPERATURE (F)
 YESTERDAY
  MAXIMUM        102    150 PM 104    1964  89     13       95
  MINIMUM         75    617 AM  50    1997  69      6       74
  AVERAGE         89                        79     10

PRECIPITATION (IN)
  YESTERDAY        0.00          1.60 1972   0.06  -0.06     0.00
  MONTH TO DATE    0.73                      1.22  -0.49     0.59
  SINCE MAR 1      3.25                      2.25   1.00     0.62
  SINCE JAN 1      4.88                      4.41   0.47     1.02

SNOWFALL (IN)
  YESTERDAY        0.0
  MONTH TO DATE    0.0
  SINCE MAR 1      0.0
  SINCE JUL 1      0.0

DEGREE DAYS
 HEATING
  YESTERDAY        0                         0      0        0
  MONTH TO DATE    0                         3     -3        1
  SINCE MAR 1      1                        41    -40        7
  SINCE JUL 1    189                       574   -385      318

 COOLING
  YESTERDAY       24                        14     10       20
  MONTH TO DATE  448                       326    122      415
  SINCE MAR 1    809                       544    265      776
  SINCE JAN 1   1290                       703    587      981
..................................................................


WIND (MPH)
  HIGHEST WIND SPEED    30   HIGHEST WIND DIRECTION    SE (140)
  HIGHEST GUST SPEED    43   HIGHEST GUST DIRECTION    SE (130)
  AVERAGE WIND SPEED    17.7



WEATHER CONDITIONS
 THE FOLLOWING WEATHER WAS RECORDED YESTERDAY.
  FOG
  HAZE


RELATIVE HUMIDITY (PERCENT)
 HIGHEST    87
 LOWEST     33
 AVERAGE    60

..........................................................


THE MCALLEN CLIMATE NORMALS FOR TODAY
                         NORMAL    RECORD    YEAR
 MAXIMUM TEMPERATURE (F)   89       102      2014
 MINIMUM TEMPERATURE (F)   69        53      2008


SUNRISE AND SUNSET
APRIL 29 2017.........SUNRISE   657 AM CDT   SUNSET   804 PM CDT
APRIL 30 2017.........SUNRISE   656 AM CDT   SUNSET   804 PM CDT


-  INDICATES NEGATIVE NUMBERS.
R  INDICATES RECORD WAS SET OR TIED.
MM INDICATES DATA IS MISSING.
T  INDICATES TRACE AMOUNT.




$$
