000
CDUS44 KBRO 260726
CLIMFE


CLIMATE REPORT
NATIONAL WEATHER SERVICE BROWNSVILLE TX
126 AM CST FRI DEC 26 2014


...................................

...THE MCALLEN CLIMATE SUMMARY FOR DECEMBER 25 2014...

CLIMATE NORMAL PERIOD 1981 TO 2010
CLIMATE RECORD PERIOD 1941 TO 2014


WEATHER ITEM   OBSERVED TIME   RECORD YEAR NORMAL DEPARTURE LAST
                VALUE   (LST)  VALUE       VALUE  FROM      YEAR
                                                  NORMAL
..................................................................
TEMPERATURE (F)
 YESTERDAY
  MAXIMUM         70    230 PM  90    1951  71     -1       72
                                      1964
                                      1974
  MINIMUM         38    751 AM  19    1983  51    -13       51
  AVERAGE         54                        61     -7

PRECIPITATION (IN)
  YESTERDAY        0.00          0.69 1958   0.04  -0.04     0.16
  MONTH TO DATE    0.47                      0.94  -0.47     0.18
  SINCE DEC 1      0.47                      0.94  -0.47     0.18
  SINCE JAN 1     19.74                     21.95  -2.21    15.65

SNOWFALL (IN)
  YESTERDAY        0.0
  MONTH TO DATE    0.0
  SINCE DEC 1      0.0
  SINCE JUL 1      0.0

DEGREE DAYS
 HEATING
  YESTERDAY       11                         7      4        3
  MONTH TO DATE   59                       136    -77      175
  SINCE DEC 1     59                       136    -77      175
  SINCE JUL 1    188                       196     -8      301

 COOLING
  YESTERDAY        0                         2     -2        0
  MONTH TO DATE   76                        70      6       46
  SINCE DEC 1     76                        70      6       46
  SINCE JAN 1   4310                      4439   -129     4581
..................................................................


WIND (MPH)
  HIGHEST WIND SPEED    24   HIGHEST WIND DIRECTION    SE (150)
  HIGHEST GUST SPEED    32   HIGHEST GUST DIRECTION     S (160)
  AVERAGE WIND SPEED    10.8



WEATHER CONDITIONS
 THE FOLLOWING WEATHER WAS RECORDED YESTERDAY.
  FOG
  HAZE


RELATIVE HUMIDITY (PERCENT)
 HIGHEST    85
 LOWEST     37
 AVERAGE    61

..........................................................


THE MCALLEN CLIMATE NORMALS FOR TODAY
                         NORMAL    RECORD    YEAR
 MAXIMUM TEMPERATURE (F)   70        91      1964
 MINIMUM TEMPERATURE (F)   51        18      1983


SUNRISE AND SUNSET
DECEMBER 26 2014......SUNRISE   718 AM CST   SUNSET   549 PM CST
DECEMBER 27 2014......SUNRISE   719 AM CST   SUNSET   549 PM CST


-  INDICATES NEGATIVE NUMBERS.
R  INDICATES RECORD WAS SET OR TIED.
MM INDICATES DATA IS MISSING.
T  INDICATES TRACE AMOUNT.




$$
