000
CDUS44 KBRO 252128
CLIMFE


CLIMATE REPORT
NATIONAL WEATHER SERVICE BROWNSVILLE TX
427 PM CDT TUE JUL 25 2017


...................................

...THE MCALLEN CLIMATE SUMMARY FOR JULY 25 2017...
VALID TODAY AS OF 0400 PM LOCAL TIME.

CLIMATE NORMAL PERIOD 1981 TO 2010
CLIMATE RECORD PERIOD 1961 TO 2017


WEATHER ITEM   OBSERVED TIME   RECORD YEAR NORMAL DEPARTURE LAST
                VALUE   (LST)  VALUE       VALUE  FROM      YEAR
                                                  NORMAL
..................................................................
TEMPERATURE (F)
 TODAY
  MAXIMUM        102    228 PM 105    2009  98      4      103
  MINIMUM         81    618 AM  69    1976  77      4       80
  AVERAGE         92                        87      5       92

PRECIPITATION (IN)
  TODAY            0.00          1.02 2001   0.05  -0.05     0.00
  MONTH TO DATE    0.16                      1.71  -1.55     0.25
  SINCE JUN 1      0.34                      4.29  -3.95     0.49
  SINCE JAN 1      6.21                     11.07  -4.86     8.46

SNOWFALL (IN)
  TODAY            0.0
  MONTH TO DATE    0.0
  SINCE JUN 1      0.0
  SINCE JUL 1      0.0
  SNOW DEPTH       0

DEGREE DAYS
 HEATING
  TODAY            0                         0      0        0
  MONTH TO DATE    0                         0      0        0
  SINCE JUN 1      0                         0      0        0
  SINCE JUL 1      0                         0      0        0

 COOLING
  TODAY           27                        22      5       27
  MONTH TO DATE  622                       540     82      660
  SINCE JUN 1   1369                      1168    201     1317
  SINCE JAN 1   3308                      2423    885     2935
..................................................................


WIND (MPH)
  HIGHEST WIND SPEED    29   HIGHEST WIND DIRECTION    SE (130)
  HIGHEST GUST SPEED    37   HIGHEST GUST DIRECTION    SE (130)
  AVERAGE WIND SPEED    15.5



WEATHER CONDITIONS
 THE FOLLOWING WEATHER WAS RECORDED TODAY.
  NO SIGNIFICANT WEATHER WAS OBSERVED.


..........................................................


THE MCALLEN CLIMATE NORMALS FOR TOMORROW
                         NORMAL    RECORD    YEAR
 MAXIMUM TEMPERATURE (F)   98       106      1986
 MINIMUM TEMPERATURE (F)   77        71      1988
                                             1976
                                             1968


SUNRISE AND SUNSET
JULY 25 2017..........SUNRISE   655 AM CDT   SUNSET   823 PM CDT
JULY 26 2017..........SUNRISE   656 AM CDT   SUNSET   823 PM CDT


-  INDICATES NEGATIVE NUMBERS.
R  INDICATES RECORD WAS SET OR TIED.
MM INDICATES DATA IS MISSING.
T  INDICATES TRACE AMOUNT.




$$
