436
CDUS44 KBRO 210631
CLIMFE


CLIMATE REPORT
NATIONAL WEATHER SERVICE BROWNSVILLE TX
131 AM CDT THU SEP 21 2017


...................................

...THE MCALLEN CLIMATE SUMMARY FOR SEPTEMBER 20 2017...

CLIMATE NORMAL PERIOD 1981 TO 2010
CLIMATE RECORD PERIOD 1961 TO 2017


WEATHER ITEM   OBSERVED TIME   RECORD YEAR NORMAL DEPARTURE LAST
                VALUE   (LST)  VALUE       VALUE  FROM      YEAR
                                                  NORMAL
..................................................................
TEMPERATURE (F)
 YESTERDAY
  MAXIMUM        102    227 PM 103    2016  92     10      103
  MINIMUM         81    654 AM  59    1981  73      8       79
  AVERAGE         92                        82     10

PRECIPITATION (IN)
  YESTERDAY        0.00          5.08 1967   0.14  -0.14     0.00
  MONTH TO DATE    0.47                      3.21  -2.74     0.68
  SINCE SEP 1      0.47                      3.21  -2.74     0.68
  SINCE JAN 1      7.26                     16.78  -9.52     9.98

SNOWFALL (IN)
  YESTERDAY        0.0
  MONTH TO DATE    0.0
  SINCE SEP 1      0.0
  SINCE JUL 1      0.0

DEGREE DAYS
 HEATING
  YESTERDAY        0                         0      0        0
  MONTH TO DATE    0                         0      0        0
  SINCE SEP 1      0                         0      0        0
  SINCE JUL 1      0                         0      0        0

 COOLING
  YESTERDAY       27                        17     10       26
  MONTH TO DATE  433                       386     47      504
  SINCE SEP 1    433                       386     47      504
  SINCE JAN 1   4699                      3637   1062     4406
..................................................................


WIND (MPH)
  HIGHEST WIND SPEED    24   HIGHEST WIND DIRECTION    SE (130)
  HIGHEST GUST SPEED    32   HIGHEST GUST DIRECTION    SE (130)
  AVERAGE WIND SPEED    14.6



WEATHER CONDITIONS
 THE FOLLOWING WEATHER WAS RECORDED YESTERDAY.
  NO SIGNIFICANT WEATHER WAS OBSERVED.


RELATIVE HUMIDITY (PERCENT)
 HIGHEST    85
 LOWEST     37
 AVERAGE    61

..........................................................


THE MCALLEN CLIMATE NORMALS FOR TODAY
                         NORMAL    RECORD    YEAR
 MAXIMUM TEMPERATURE (F)   92       102      2016
 MINIMUM TEMPERATURE (F)   72        59      1983


SUNRISE AND SUNSET
SEPTEMBER 21 2017.....SUNRISE   721 AM CDT   SUNSET   730 PM CDT
SEPTEMBER 22 2017.....SUNRISE   722 AM CDT   SUNSET   729 PM CDT


-  INDICATES NEGATIVE NUMBERS.
R  INDICATES RECORD WAS SET OR TIED.
MM INDICATES DATA IS MISSING.
T  INDICATES TRACE AMOUNT.




$$
