000
CDUS44 KBRO 292126
CLIMFE


CLIMATE REPORT
NATIONAL WEATHER SERVICE BROWNSVILLE TX
425 PM CDT SUN MAY 29 2016


...................................

...THE MCALLEN CLIMATE SUMMARY FOR MAY 29 2016...
VALID TODAY AS OF 0400 PM LOCAL TIME.

CLIMATE NORMAL PERIOD 1981 TO 2010
CLIMATE RECORD PERIOD 1961 TO 2016


WEATHER ITEM   OBSERVED TIME   RECORD YEAR NORMAL DEPARTURE LAST
                VALUE   (LST)  VALUE       VALUE  FROM      YEAR
                                                  NORMAL
..................................................................
TEMPERATURE (F)
 TODAY
  MAXIMUM         94    244 PM 102    2005  94      0       90
  MINIMUM         79    533 AM  64    1992  74      5       69
  AVERAGE         87                        84      3       80

PRECIPITATION (IN)
  TODAY            0.00          1.34 1992   0.08  -0.08     0.30
  MONTH TO DATE    4.98                      2.09   2.89     4.06
  SINCE MAR 1      5.60                      4.46   1.14    10.04
  SINCE JAN 1      6.00                      6.62  -0.62    10.63

SNOWFALL (IN)
  TODAY            0.0
  MONTH TO DATE    0.0
  SINCE MAR 1      0.0
  SINCE JUL 1      0.0
  SNOW DEPTH       0

DEGREE DAYS
 HEATING
  TODAY            0                         0      0        0
  MONTH TO DATE    0                         0      0        0
  SINCE MAR 1      7                        46    -39       66
  SINCE JUL 1    318                       579   -261      756

 COOLING
  TODAY           22                        19      3       15
  MONTH TO DATE  551                       485     66      532
  SINCE MAR 1   1373                      1057    316     1128
  SINCE JAN 1   1578                      1216    362     1213
..................................................................


WIND (MPH)
  HIGHEST WIND SPEED    21   HIGHEST WIND DIRECTION     E (110)
  HIGHEST GUST SPEED    26   HIGHEST GUST DIRECTION     E (100)
  AVERAGE WIND SPEED    11.1



WEATHER CONDITIONS
 THE FOLLOWING WEATHER WAS RECORDED TODAY.
  FOG
  HAZE


..........................................................


THE MCALLEN CLIMATE NORMALS FOR TOMORROW
                         NORMAL    RECORD    YEAR
 MAXIMUM TEMPERATURE (F)   95       103      2004
 MINIMUM TEMPERATURE (F)   74        65      1984


SUNRISE AND SUNSET
MAY 29 2016...........SUNRISE   641 AM CDT   SUNSET   820 PM CDT
MAY 30 2016...........SUNRISE   641 AM CDT   SUNSET   820 PM CDT


-  INDICATES NEGATIVE NUMBERS.
R  INDICATES RECORD WAS SET OR TIED.
MM INDICATES DATA IS MISSING.
T  INDICATES TRACE AMOUNT.




$$
