000
CDUS44 KBRO 300727
CLIMFE


CLIMATE REPORT
NATIONAL WEATHER SERVICE BROWNSVILLE TX
127 AM CST FRI JAN 30 2015


...................................

...THE MCALLEN CLIMATE SUMMARY FOR JANUARY 29 2015...

CLIMATE NORMAL PERIOD 1981 TO 2010
CLIMATE RECORD PERIOD 1941 TO 2015


WEATHER ITEM   OBSERVED TIME   RECORD YEAR NORMAL DEPARTURE LAST
                VALUE   (LST)  VALUE       VALUE  FROM      YEAR
                                                  NORMAL
..................................................................
TEMPERATURE (F)
 YESTERDAY
  MAXIMUM         79    347 PM  90    2013  72      7       45
                                      1950
                                      1956
  MINIMUM         58    607 AM  28    1948  52      6       36
  AVERAGE         69                        62      7

PRECIPITATION (IN)
  YESTERDAY        0.00          0.46 2014   0.03  -0.03     0.46
  MONTH TO DATE    0.17                      0.98  -0.81     0.66
  SINCE DEC 1      1.02                      2.17  -1.15     3.69
  SINCE JAN 1      0.17                      0.98  -0.81     0.66

SNOWFALL (IN)
  YESTERDAY        0.0
  MONTH TO DATE    0.0
  SINCE DEC 1      0.0
  SINCE JUL 1      0.0

DEGREE DAYS
 HEATING
  YESTERDAY        0                         5     -5       24
  MONTH TO DATE  301                       181    120      226
  SINCE DEC 1    406                       358     48      465
  SINCE JUL 1    535                       418    117      591

 COOLING
  YESTERDAY        4                         2      2        0
  MONTH TO DATE    9                        58    -49       16
  SINCE DEC 1     92                       141    -49       62
  SINCE JAN 1      9                        58    -49       16
..................................................................


WIND (MPH)
  HIGHEST WIND SPEED    18   HIGHEST WIND DIRECTION    SE (150)
  HIGHEST GUST SPEED    25   HIGHEST GUST DIRECTION    SE (130)
  AVERAGE WIND SPEED     9.6



WEATHER CONDITIONS
 THE FOLLOWING WEATHER WAS RECORDED YESTERDAY.
  FOG
  FOG W/VISIBILITY <= 1/4 MILE


RELATIVE HUMIDITY (PERCENT)
 HIGHEST   100
 LOWEST     52
 AVERAGE    76

..........................................................


THE MCALLEN CLIMATE NORMALS FOR TODAY
                         NORMAL    RECORD    YEAR
 MAXIMUM TEMPERATURE (F)   73        90      2006
 MINIMUM TEMPERATURE (F)   52        25      1949


SUNRISE AND SUNSET
JANUARY 30 2015.......SUNRISE   718 AM CST   SUNSET   614 PM CST
JANUARY 31 2015.......SUNRISE   718 AM CST   SUNSET   615 PM CST


-  INDICATES NEGATIVE NUMBERS.
R  INDICATES RECORD WAS SET OR TIED.
MM INDICATES DATA IS MISSING.
T  INDICATES TRACE AMOUNT.




$$
