000
CDUS44 KBRO 312125
CLIMFE


CLIMATE REPORT
NATIONAL WEATHER SERVICE BROWNSVILLE TX
425 PM CDT THU JUL 31 2014


...................................

...THE MCALLEN CLIMATE SUMMARY FOR JULY 31 2014...
VALID TODAY AS OF 0400 PM LOCAL TIME.

CLIMATE NORMAL PERIOD 1981 TO 2010
CLIMATE RECORD PERIOD 1941 TO 2014


WEATHER ITEM   OBSERVED TIME   RECORD YEAR NORMAL DEPARTURE LAST
                VALUE   (LST)  VALUE       VALUE  FROM      YEAR
                                                  NORMAL
..................................................................
TEMPERATURE (F)
 TODAY
  MAXIMUM        103    240 PM 106    2009  98      5      102
  MINIMUM         79    627 AM  64    1974  77      2       76
  AVERAGE         91                        87      4       89

PRECIPITATION (IN)
  TODAY            0.00          0.19 1965   0.04  -0.04     0.00
  MONTH TO DATE    0.60                      2.00  -1.40     1.16
  SINCE JUN 1      0.90                      4.58  -3.68     2.04
  SINCE JAN 1      3.78                     11.36  -7.58     5.46

SNOWFALL (IN)
  TODAY            0.0
  MONTH TO DATE    0.0
  SINCE JUN 1      0.0
  SINCE JUL 1      0.0
  SNOW DEPTH       0

DEGREE DAYS
 HEATING
  TODAY            0                         0      0        0
  MONTH TO DATE    0                         0      0        0
  SINCE JUN 1      0                         0      0        0
  SINCE JUL 1      0                         0      0        0

 COOLING
  TODAY           26                        22      4       24
  MONTH TO DATE  712                       674     38      698
  SINCE JUN 1   1382                      1302     80     1375
  SINCE JAN 1   2438                      2557   -119     2671
..................................................................


WIND (MPH)
  HIGHEST WIND SPEED    24   HIGHEST WIND DIRECTION    SE (150)
  HIGHEST GUST SPEED    29   HIGHEST GUST DIRECTION    SE (130)
  AVERAGE WIND SPEED    14.8



WEATHER CONDITIONS
 THE FOLLOWING WEATHER WAS RECORDED TODAY.
  NO SIGNIFICANT WEATHER WAS OBSERVED.


..........................................................


THE MCALLEN CLIMATE NORMALS FOR TOMORROW
                         NORMAL    RECORD    YEAR
 MAXIMUM TEMPERATURE (F)   98       106      2009
 MINIMUM TEMPERATURE (F)   77        68      1979
                                             1985


SUNRISE AND SUNSET
JULY 31 2014..........SUNRISE   658 AM CDT   SUNSET   820 PM CDT
AUGUST  1 2014........SUNRISE   659 AM CDT   SUNSET   820 PM CDT


-  INDICATES NEGATIVE NUMBERS.
R  INDICATES RECORD WAS SET OR TIED.
MM INDICATES DATA IS MISSING.
T  INDICATES TRACE AMOUNT.




$$
