000
CDUS44 KBRO 230634
CLIMFE


CLIMATE REPORT
NATIONAL WEATHER SERVICE BROWNSVILLE TX
134 AM CDT WED APR 23 2014


...................................

...THE MCALLEN CLIMATE SUMMARY FOR APRIL 22 2014...

CLIMATE NORMAL PERIOD 1981 TO 2010
CLIMATE RECORD PERIOD 1941 TO 2014


WEATHER ITEM   OBSERVED TIME   RECORD YEAR NORMAL DEPARTURE LAST
                VALUE   (LST)  VALUE       VALUE  FROM      YEAR
                                                  NORMAL
..................................................................
TEMPERATURE (F)
 YESTERDAY
  MAXIMUM         89    449 PM 101    1944  88      1       89
  MINIMUM         71   1159 PM  55    1993  67      4       68
  AVERAGE         80                        78      2

PRECIPITATION (IN)
  YESTERDAY        T             0.85 1949   0.05  -0.05     0.02
  MONTH TO DATE    0.03                      0.86  -0.83     0.02
  SINCE MAR 1      1.20                      1.89  -0.69     0.02
  SINCE JAN 1      2.08                      4.05  -1.97     1.01

SNOWFALL (IN)
  YESTERDAY        0.0
  MONTH TO DATE    0.0
  SINCE MAR 1      0.0
  SINCE JUL 1      0.0

DEGREE DAYS
 HEATING
  YESTERDAY        0                         0      0        0
  MONTH TO DATE    9                         3      6        1
  SINCE MAR 1    107                        41     66       17
  SINCE JUL 1    883                       574    309      313

 COOLING
  YESTERDAY       15                        13      2       14
  MONTH TO DATE  203                       247    -44      250
  SINCE MAR 1    339                       465   -126      469
  SINCE JAN 1    467                       624   -157      718
..................................................................


WIND (MPH)
  HIGHEST WIND SPEED    24   HIGHEST WIND DIRECTION    SE (130)
  HIGHEST GUST SPEED    29   HIGHEST GUST DIRECTION    SE (140)
  AVERAGE WIND SPEED     7.8



WEATHER CONDITIONS
 THE FOLLOWING WEATHER WAS RECORDED YESTERDAY.
  NO SIGNIFICANT WEATHER WAS OBSERVED.


RELATIVE HUMIDITY (PERCENT)
 HIGHEST    90
 LOWEST     46
 AVERAGE    68

..........................................................


THE MCALLEN CLIMATE NORMALS FOR TODAY
                         NORMAL    RECORD    YEAR
 MAXIMUM TEMPERATURE (F)   88       105      1955
 MINIMUM TEMPERATURE (F)   68        52      1982


SUNRISE AND SUNSET
APRIL 23 2014.........SUNRISE   702 AM CDT   SUNSET   801 PM CDT
APRIL 24 2014.........SUNRISE   701 AM CDT   SUNSET   801 PM CDT


-  INDICATES NEGATIVE NUMBERS.
R  INDICATES RECORD WAS SET OR TIED.
MM INDICATES DATA IS MISSING.
T  INDICATES TRACE AMOUNT.




$$
