000
CDUS44 KBRO 022245
CLIMFE


CLIMATE REPORT
NATIONAL WEATHER SERVICE BROWNSVILLE TX
545 PM CDT THU JUL 2 2015


...................................

...THE MCALLEN CLIMATE SUMMARY FOR JULY 2 2015...
VALID TODAY AS OF 0400 PM LOCAL TIME.

CLIMATE NORMAL PERIOD 1981 TO 2010
CLIMATE RECORD PERIOD 1941 TO 2015


WEATHER ITEM   OBSERVED TIME   RECORD YEAR NORMAL DEPARTURE LAST
                VALUE   (LST)  VALUE       VALUE  FROM      YEAR
                                                  NORMAL
..................................................................
TEMPERATURE (F)
 TODAY
  MAXIMUM         94    301 PM 103    1946  97     -3      100
  MINIMUM         75    505 AM  69    1961  76     -1       75
                                      1979
                                      2001
  AVERAGE         85                        86     -1       88

PRECIPITATION (IN)
  TODAY            T             1.30 2001   0.08  -0.08     0.00
  MONTH TO DATE    0.25                      0.15   0.10     0.00
  SINCE JUN 1      5.64                      2.73   2.91     0.30
  SINCE JAN 1     17.11                      9.51   7.60     3.18

SNOWFALL (IN)
  TODAY            0.0
  MONTH TO DATE    0.0
  SINCE JUN 1      0.0
  SINCE JUL 1      0.0
  SNOW DEPTH       0

DEGREE DAYS
 HEATING
  TODAY            0                         0      0        0
  MONTH TO DATE    0                         0      0        0
  SINCE JUN 1      0                         0      0        0
  SINCE JUL 1      0                         0      0        0

 COOLING
  TODAY           20                        21     -1       23
  MONTH TO DATE   34                        42     -8       45
  SINCE JUN 1    675                       670      5      715
  SINCE JAN 1   1920                      1925     -5     1771
..................................................................


WIND (MPH)
  HIGHEST WIND SPEED    25   HIGHEST WIND DIRECTION    SE (130)
  HIGHEST GUST SPEED    30   HIGHEST GUST DIRECTION    SE (130)
  AVERAGE WIND SPEED     9.1



WEATHER CONDITIONS
 THE FOLLOWING WEATHER WAS RECORDED TODAY.
  LIGHT RAIN
  HAZE


..........................................................


THE MCALLEN CLIMATE NORMALS FOR TOMORROW
                         NORMAL    RECORD    YEAR
 MAXIMUM TEMPERATURE (F)   97       106      2008
 MINIMUM TEMPERATURE (F)   76        68      1970
                                             1974


SUNRISE AND SUNSET
JULY  2 2015..........SUNRISE   645 AM CDT   SUNSET   829 PM CDT
JULY  3 2015..........SUNRISE   645 AM CDT   SUNSET   829 PM CDT


-  INDICATES NEGATIVE NUMBERS.
R  INDICATES RECORD WAS SET OR TIED.
MM INDICATES DATA IS MISSING.
T  INDICATES TRACE AMOUNT.




$$
