000
CDUS46 KMFR 290836
CLIMFR


CLIMATE REPORT
NATIONAL WEATHER SERVICE MEDFORD, OR
136 AM PDT SUN MAY 29 2016


...................................

...THE MEDFORD OR CLIMATE SUMMARY FOR MAY 28 2016...

CLIMATE NORMAL PERIOD 1981 TO 2010
CLIMATE RECORD PERIOD 1911 TO 2016


WEATHER ITEM   OBSERVED TIME   RECORD YEAR NORMAL DEPARTURE LAST
                VALUE   (LST)  VALUE       VALUE  FROM      YEAR
                                                  NORMAL
..................................................................
TEMPERATURE (F)
 YESTERDAY
  MAXIMUM         82    420 PM  99    1983  77      5       89
  MINIMUM         42    517 AM  34    1929  49     -7       53
                                      1920
  AVERAGE         62                        62      0       71

PRECIPITATION (IN)
  YESTERDAY        0.00          0.45 2008   0.04  -0.04     0.00
  MONTH TO DATE    0.33                      1.19  -0.86     0.31
  SINCE OCT 1     18.75                     16.36   2.39    13.66
  SINCE JAN 1      8.99                      8.72   0.27     6.81

SNOWFALL (IN)
  YESTERDAY        0.0                       0.0    0.0      0.0
  MONTH TO DATE    0.0                       0.0    0.0      0.0
  SINCE JUL 1      1.9                       4.1   -2.2       T
  SNOW DEPTH       0

DEGREE DAYS
 HEATING
  YESTERDAY        3                         4     -1        0
  MONTH TO DATE   91                       185    -94      107
  SINCE MAR 1    746                      1070   -324      796
  SINCE JUL 1   3420                      4184   -764     3236

 COOLING
  YESTERDAY        0                         2     -2        6
  MONTH TO DATE   31                        32     -1       15
  SINCE MAR 1     48                        35     13       15
  SINCE JAN 1     48                        35     13       15
..................................................................


WIND (MPH)
  HIGHEST WIND SPEED    21   HIGHEST WIND DIRECTION     N (360)
  HIGHEST GUST SPEED    24   HIGHEST GUST DIRECTION     N (360)
  AVERAGE WIND SPEED     4.0


SKY COVER
  POSSIBLE SUNSHINE  MM
  AVERAGE SKY COVER 0.0


WEATHER CONDITIONS
 THE FOLLOWING WEATHER WAS RECORDED YESTERDAY.
  NO SIGNIFICANT WEATHER WAS OBSERVED.


RELATIVE HUMIDITY (PERCENT)
 HIGHEST    76           200 AM
 LOWEST     21           400 PM
 AVERAGE    49

..........................................................


THE MEDFORD OR CLIMATE NORMALS FOR TODAY
                         NORMAL    RECORD    YEAR
 MAXIMUM TEMPERATURE (F)   77        98      1984
                                             1973
                                             1931
 MINIMUM TEMPERATURE (F)   49        30      1979


SUNRISE AND SUNSET
MAY 29 2016...........SUNRISE   538 AM PDT   SUNSET   840 PM PDT
MAY 30 2016...........SUNRISE   538 AM PDT   SUNSET   841 PM PDT


-  INDICATES NEGATIVE NUMBERS.
R  INDICATES RECORD WAS SET OR TIED.
MM INDICATES DATA IS MISSING.
T  INDICATES TRACE AMOUNT.




$$
