010
CDUS46 KMFR 180844
CLIMFR


CLIMATE REPORT
NATIONAL WEATHER SERVICE MEDFORD, OR
1243 AM PST SUN FEB 18 2018


...................................

...THE MEDFORD OR CLIMATE SUMMARY FOR FEBRUARY 17 2018...

CLIMATE NORMAL PERIOD 1981 TO 2010
CLIMATE RECORD PERIOD 1911 TO 2018


WEATHER ITEM   OBSERVED TIME   RECORD YEAR NORMAL DEPARTURE LAST
                VALUE   (LST)  VALUE       VALUE  FROM      YEAR
                                                  NORMAL
..................................................................
TEMPERATURE (F)
 YESTERDAY
  MAXIMUM         58    503 PM  72    1916  55      3       48
  MINIMUM         36    441 AM  21    1966  34      2       39
  AVERAGE         47                        45      2       44

PRECIPITATION (IN)
  YESTERDAY        0.01          1.73 1983   0.07  -0.06     0.24
  MONTH TO DATE    0.07                      1.22  -1.15     2.69
  SINCE OCT 1      6.28                     11.29  -5.01    19.27
  SINCE JAN 1      1.67                      3.65  -1.98     7.58

SNOWFALL (IN)
  YESTERDAY       MM                         0.0   MM        0.0
  MONTH TO DATE    T                         0.4   -0.4      0.0
  SINCE JUL 1      T                         3.4   -3.4     11.8
  SNOW DEPTH       0

DEGREE DAYS
 HEATING
  YESTERDAY       18                        20     -2       21
  MONTH TO DATE  344                       367    -23      295
  SINCE DEC 1   1843                      1930    -87     2020
  SINCE JUL 1   2778                      2899   -121     2793

 COOLING
  YESTERDAY        0                         0      0        0
  MONTH TO DATE    0                         0      0        0
  SINCE DEC 1      0                         0      0        0
  SINCE JAN 1      0                         0      0        0
..................................................................


WIND (MPH)
  HIGHEST WIND SPEED    17   HIGHEST WIND DIRECTION     W (280)
  HIGHEST GUST SPEED    22   HIGHEST GUST DIRECTION     W (260)
  AVERAGE WIND SPEED     5.1


SKY COVER
  POSSIBLE SUNSHINE  MM
  AVERAGE SKY COVER 0.8


WEATHER CONDITIONS
 THE FOLLOWING WEATHER WAS RECORDED YESTERDAY.
  LIGHT RAIN


RELATIVE HUMIDITY (PERCENT)
 HIGHEST    89           400 AM
 LOWEST     51           500 PM
 AVERAGE    70

..........................................................


THE MEDFORD OR CLIMATE NORMALS FOR TODAY
                         NORMAL    RECORD    YEAR
 MAXIMUM TEMPERATURE (F)   55        72      1916
 MINIMUM TEMPERATURE (F)   34        20      1955


SUNRISE AND SUNSET
FEBRUARY 18 2018......SUNRISE   703 AM PST   SUNSET   548 PM PST
FEBRUARY 19 2018......SUNRISE   702 AM PST   SUNSET   549 PM PST


-  INDICATES NEGATIVE NUMBERS.
R  INDICATES RECORD WAS SET OR TIED.
MM INDICATES DATA IS MISSING.
T  INDICATES TRACE AMOUNT.




$$
