000
CDUS46 KMFR 281407
CLIMFR

CLIMATE REPORT
NATIONAL WEATHER SERVICE MEDFORD, OR
706 AM PDT SAT MAR 28 2015


...................................

...THE MEDFORD OR CLIMATE SUMMARY FOR MARCH 27 2015...

CLIMATE NORMAL PERIOD 1981 TO 2010
CLIMATE RECORD PERIOD 1911 TO 2015


WEATHER ITEM   OBSERVED TIME   RECORD YEAR NORMAL DEPARTURE LAST
                VALUE   (LST)  VALUE       VALUE  FROM      YEAR
                                                  NORMAL
..................................................................
TEMPERATURE (F)
 YESTERDAY
  MAXIMUM         77    338 PM  83    1994  61     16       57
  MINIMUM         46    610 AM  24    1944  38      8       42
  AVERAGE         62                        50     12       50

PRECIPITATION (IN)
  YESTERDAY        0.01          0.92 1996   0.05  -0.04     0.02
  MONTH TO DATE    1.33                      1.50  -0.17     2.55
  SINCE OCT 1     12.63                     13.58  -0.95     9.56
  SINCE JAN 1      5.78                      5.94  -0.16     7.88

SNOWFALL (IN)
  YESTERDAY        0.0                       0.0    0.0      0.0
  MONTH TO DATE    0.0                       0.5   -0.5      0.0
  SINCE JUL 1      T                         4.1   -4.1      3.4
  SNOW DEPTH       0

DEGREE DAYS
 HEATING
  YESTERDAY        3                        15    -12       15
  MONTH TO DATE  312                       458   -146      360
  SINCE MAR 1    312                       458   -146      360
  SINCE JUL 1   2752                      3572   -820     3730

 COOLING
  YESTERDAY        0                         0      0        0
  MONTH TO DATE    0                         0      0        0
  SINCE MAR 1      0                         0      0        0
  SINCE JAN 1      0                         0      0        0
..................................................................


WIND (MPH)
  HIGHEST WIND SPEED    22   HIGHEST WIND DIRECTION    NW (300)
  HIGHEST GUST SPEED    30   HIGHEST GUST DIRECTION     W (290)
  AVERAGE WIND SPEED     7.7


SKY COVER
  POSSIBLE SUNSHINE  MM
  AVERAGE SKY COVER 0.3


WEATHER CONDITIONS
 THE FOLLOWING WEATHER WAS RECORDED YESTERDAY.
  LIGHT RAIN


RELATIVE HUMIDITY (PERCENT)
 HIGHEST    93           500 AM
 LOWEST     26           500 PM
 AVERAGE    60

..........................................................


THE MEDFORD OR CLIMATE NORMALS FOR TODAY
                         NORMAL    RECORD    YEAR
 MAXIMUM TEMPERATURE (F)   61        86      1930
 MINIMUM TEMPERATURE (F)   39        25      1975


SUNRISE AND SUNSET
MARCH 28 2015.........SUNRISE   701 AM PDT   SUNSET   733 PM PDT
MARCH 29 2015.........SUNRISE   659 AM PDT   SUNSET   734 PM PDT


-  INDICATES NEGATIVE NUMBERS.
R  INDICATES RECORD WAS SET OR TIED.
MM INDICATES DATA IS MISSING.
T  INDICATES TRACE AMOUNT.

&&

LOW TEMPERATURE THIS MORNING...38 DEGREES
24-HOUR PRECIPITATION........0.01 INCHES

$$
