000
CDUS46 KMFR 100835
CLIMFR


CLIMATE REPORT
NATIONAL WEATHER SERVICE MEDFORD, OR
1235 AM PST SAT DEC 10 2016


...................................

...THE MEDFORD OR CLIMATE SUMMARY FOR DECEMBER 9 2016...

CLIMATE NORMAL PERIOD 1981 TO 2010
CLIMATE RECORD PERIOD 1911 TO 2016


WEATHER ITEM   OBSERVED TIME   RECORD YEAR NORMAL DEPARTURE LAST
                VALUE   (LST)  VALUE       VALUE  FROM      YEAR
                                                  NORMAL
..................................................................
TEMPERATURE (F)
 YESTERDAY
  MAXIMUM         51    251 PM  66    1987  46      5       64
  MINIMUM         42    704 AM  -6    1972  33      9       47
  AVERAGE         47                        40      7       56

PRECIPITATION (IN)
  YESTERDAY        0.42          1.70 1929   0.11   0.31     0.47
  MONTH TO DATE    0.73                      1.08  -0.35     1.49
  SINCE OCT 1      7.86                      5.23   2.63     3.52
  SINCE JAN 1     17.88                     15.94   1.94    11.24

SNOWFALL (IN)
  YESTERDAY        0.0                       0.0    0.0      0.0
  MONTH TO DATE    0.4                       0.2    0.2      0.0
  SINCE JUL 1      0.4                       0.4    0.0      0.0
  SNOW DEPTH       0

DEGREE DAYS
 HEATING
  YESTERDAY       18                        25     -7        9
  MONTH TO DATE  227                       223      4      146
  SINCE DEC 1    227                       223      4      146
  SINCE JUL 1   1000                      1192   -192      950

 COOLING
  YESTERDAY        0                         0      0        0
  MONTH TO DATE    0                         0      0        0
  SINCE DEC 1      0                         0      0        0
  SINCE JAN 1   1058                       829    229     1297
..................................................................


WIND (MPH)
  HIGHEST WIND SPEED     9   HIGHEST WIND DIRECTION    NE (60)
  HIGHEST GUST SPEED    11   HIGHEST GUST DIRECTION    NE (50)
  AVERAGE WIND SPEED     2.3


SKY COVER
  POSSIBLE SUNSHINE  MM
  AVERAGE SKY COVER 0.9


WEATHER CONDITIONS
 THE FOLLOWING WEATHER WAS RECORDED YESTERDAY.
  RAIN
  LIGHT RAIN
  FOG


RELATIVE HUMIDITY (PERCENT)
 HIGHEST   100          1200 AM
 LOWEST     86           200 PM
 AVERAGE    93

..........................................................


THE MEDFORD OR CLIMATE NORMALS FOR TODAY
                         NORMAL    RECORD    YEAR
 MAXIMUM TEMPERATURE (F)   46        69      1993
 MINIMUM TEMPERATURE (F)   33        -6      1972


SUNRISE AND SUNSET
DECEMBER 10 2016......SUNRISE   730 AM PST   SUNSET   439 PM PST
DECEMBER 11 2016......SUNRISE   731 AM PST   SUNSET   439 PM PST


-  INDICATES NEGATIVE NUMBERS.
R  INDICATES RECORD WAS SET OR TIED.
MM INDICATES DATA IS MISSING.
T  INDICATES TRACE AMOUNT.




$$
