000
CDUS44 KBMX 270821
CLIMGM


CLIMATE REPORT
NATIONAL WEATHER SERVICE BIRMINGHAM, AL
218 AM CST THU NOV 27 2014


...................................

...THE MONTGOMERY CLIMATE SUMMARY FOR NOVEMBER 26 2014...

CLIMATE NORMAL PERIOD 1981 TO 2010
CLIMATE RECORD PERIOD 1872 TO 2014


WEATHER ITEM   OBSERVED TIME   RECORD YEAR NORMAL DEPARTURE LAST
                VALUE   (LST)  VALUE       VALUE  FROM      YEAR
                                                  NORMAL
..................................................................
TEMPERATURE (F)
 YESTERDAY
  MAXIMUM         61    323 PM  83    1973  65     -4       52
  MINIMUM         37    657 AM  19    1950  41     -4       44
  AVERAGE         49                        53     -4       48

PRECIPITATION (IN)
  YESTERDAY        0.00          8.16 1948   0.17  -0.17     1.03
  MONTH TO DATE    1.21                      3.91  -2.70     1.96
  SINCE SEP 1      3.96                     10.80  -6.84     3.89
  SINCE JAN 1     43.71                     47.51  -3.80    46.90

SNOWFALL (IN)
  YESTERDAY        0.0                       0.0    0.0      0.0
  MONTH TO DATE    0.0                       0.0    0.0      0.0
  SINCE SEP 1      0.0                       0.0    0.0      0.0
  SINCE JUL 1      0.0                       0.0    0.0      0.0
  SNOW DEPTH       0

DEGREE DAYS
 HEATING
  YESTERDAY       16                        12      4       17
  MONTH TO DATE  352                       229    123      212
  SINCE SEP 1    399                       320     79      272
  SINCE JUL 1    399                       320     79      272
..................................................................


WIND (MPH)
  HIGHEST WIND SPEED    15   HIGHEST WIND DIRECTION     W (270)
  HIGHEST GUST SPEED    37   HIGHEST GUST DIRECTION     N (360)
  AVERAGE WIND SPEED     7.1


SKY COVER
  AVERAGE SKY COVER 0.1


WEATHER CONDITIONS
 THE FOLLOWING WEATHER WAS RECORDED YESTERDAY.
  NO SIGNIFICANT WEATHER WAS OBSERVED.


RELATIVE HUMIDITY (PERCENT)
 HIGHEST    76           600 AM
 LOWEST     25           100 PM
 AVERAGE    51

..........................................................


THE MONTGOMERY CLIMATE NORMALS FOR TODAY
                         NORMAL    RECORD    YEAR
 MAXIMUM TEMPERATURE (F)   65        84      1990
 MINIMUM TEMPERATURE (F)   41        23      1903


SUNRISE AND SUNSET
NOVEMBER 27 2014......SUNRISE   625 AM CST   SUNSET   441 PM CST
NOVEMBER 28 2014......SUNRISE   626 AM CST   SUNSET   441 PM CST


-  INDICATES NEGATIVE NUMBERS.
R  INDICATES RECORD WAS SET OR TIED.
MM INDICATES DATA IS MISSING.
T  INDICATES TRACE AMOUNT.




$$
