000
CDUS44 KBMX 170837
CLIMGM


CLIMATE REPORT
NATIONAL WEATHER SERVICE BIRMINGHAM, AL
235 AM CST TUE JAN 17 2017


...................................

...THE MONTGOMERY CLIMATE SUMMARY FOR JANUARY 16 2017...

CLIMATE NORMAL PERIOD 1981 TO 2010
CLIMATE RECORD PERIOD 1872 TO 2017


WEATHER ITEM   OBSERVED TIME   RECORD YEAR NORMAL DEPARTURE LAST
                VALUE   (LST)  VALUE       VALUE  FROM      YEAR
                                                  NORMAL
..................................................................
TEMPERATURE (F)
 YESTERDAY
  MAXIMUM         80R   339 PM  79    1952  57     23       63
                                      1943
  MINIMUM         50    638 AM  13    1972  36     14       42
  AVERAGE         65                        46     19       53

PRECIPITATION (IN)
  YESTERDAY        0.00          4.21 1925   0.14  -0.14     0.00
  MONTH TO DATE    7.64                      2.20   5.44     1.59
  SINCE DEC 1     11.75                      7.06   4.69    15.72
  SINCE JAN 1      7.64                      2.20   5.44     1.59

SNOWFALL (IN)
  YESTERDAY        0.0                       0.0    0.0      0.0
  MONTH TO DATE    0.0                       0.0    0.0      0.0
  SINCE DEC 1      0.0                       0.1   -0.1      0.0
  SINCE JUL 1      0.0                       0.1   -0.1      0.0
  SNOW DEPTH       0

DEGREE DAYS
 HEATING
  YESTERDAY        0                        19    -19       12
  MONTH TO DATE  181                       304   -123      301
  SINCE DEC 1    530                       821   -291      520
  SINCE JUL 1    705                      1192   -487      707
..................................................................


WIND (MPH)
  HIGHEST WIND SPEED    14   HIGHEST WIND DIRECTION     S (180)
  HIGHEST GUST SPEED    17   HIGHEST GUST DIRECTION     S (170)
  AVERAGE WIND SPEED     5.1


SKY COVER
  AVERAGE SKY COVER 0.4


WEATHER CONDITIONS
 THE FOLLOWING WEATHER WAS RECORDED YESTERDAY.
  NO SIGNIFICANT WEATHER WAS OBSERVED.


RELATIVE HUMIDITY (PERCENT)
 HIGHEST    83           500 AM
 LOWEST     36           300 PM
 AVERAGE    60

..........................................................


THE MONTGOMERY CLIMATE NORMALS FOR TODAY
                         NORMAL    RECORD    YEAR
 MAXIMUM TEMPERATURE (F)   57        78      1990
                                             1943
 MINIMUM TEMPERATURE (F)   36        12      1977


SUNRISE AND SUNSET
JANUARY 17 2017.......SUNRISE   647 AM CST   SUNSET   505 PM CST
JANUARY 18 2017.......SUNRISE   646 AM CST   SUNSET   506 PM CST


-  INDICATES NEGATIVE NUMBERS.
R  INDICATES RECORD WAS SET OR TIED.
MM INDICATES DATA IS MISSING.
T  INDICATES TRACE AMOUNT.




$$
