000
CDUS44 KBMX 290941
CLIMGM


CLIMATE REPORT
NATIONAL WEATHER SERVICE BIRMINGHAM, AL
440 AM CDT TUE JUL 29 2014


...................................

...THE MONTGOMERY CLIMATE SUMMARY FOR JULY 28 2014...

CLIMATE NORMAL PERIOD 1981 TO 2010
CLIMATE RECORD PERIOD 1872 TO 2014


WEATHER ITEM   OBSERVED TIME   RECORD YEAR NORMAL DEPARTURE LAST
                VALUE   (LST)  VALUE       VALUE  FROM      YEAR
                                                  NORMAL
..................................................................
TEMPERATURE (F)
 YESTERDAY
  MAXIMUM         97    339 PM 102    1952  92      5       91
  MINIMUM         73   1159 PM  63    1911  72      1       70
  AVERAGE         85                        82      3       81

PRECIPITATION (IN)
  YESTERDAY        0.00          1.68 1893   0.14  -0.14     0.00
  MONTH TO DATE    2.28                      4.80  -2.52     8.26
  SINCE JUN 1      7.45                      8.87  -1.42    12.11
  SINCE JAN 1     36.34                     32.31   4.03    37.82

DEGREE DAYS
 COOLING
  YESTERDAY       20                        17      3       16
  MONTH TO DATE  474                       470      4      422
  SINCE JUN 1    946                       889     57      913
  SINCE JAN 1   1312                      1228     84     1272
..................................................................


WIND (MPH)
  HIGHEST WIND SPEED    17   HIGHEST WIND DIRECTION     W (290)
  HIGHEST GUST SPEED    23   HIGHEST GUST DIRECTION     W (260)
  AVERAGE WIND SPEED     8.5


SKY COVER
  AVERAGE SKY COVER 0.1


WEATHER CONDITIONS
 THE FOLLOWING WEATHER WAS RECORDED YESTERDAY.
  FOG


RELATIVE HUMIDITY (PERCENT)
 HIGHEST    85           100 AM
 LOWEST     38           600 PM
 AVERAGE    62

..........................................................


THE MONTGOMERY CLIMATE NORMALS FOR TODAY
                         NORMAL    RECORD    YEAR
 MAXIMUM TEMPERATURE (F)   92       100      2012
                                             1987
                                             1959
 MINIMUM TEMPERATURE (F)   72        65      1994
                                             1911


SUNRISE AND SUNSET
JULY 29 2014..........SUNRISE   558 AM CDT   SUNSET   745 PM CDT
JULY 30 2014..........SUNRISE   559 AM CDT   SUNSET   745 PM CDT


-  INDICATES NEGATIVE NUMBERS.
R  INDICATES RECORD WAS SET OR TIED.
MM INDICATES DATA IS MISSING.
T  INDICATES TRACE AMOUNT.




$$
