000
CDUS44 KBMX 282153
CLIMGM


CLIMATE REPORT
NATIONAL WEATHER SERVICE BIRMINGHAM, AL
449 PM CDT SAT MAY 28 2016


...................................

...THE MONTGOMERY CLIMATE SUMMARY FOR MAY 28 2016...
VALID AS OF 0400 PM LOCAL TIME.

CLIMATE NORMAL PERIOD 1981 TO 2010
CLIMATE RECORD PERIOD 1872 TO 2016


WEATHER ITEM   OBSERVED TIME   RECORD YEAR NORMAL DEPARTURE LAST
                VALUE   (LST)  VALUE       VALUE  FROM      YEAR
                                                  NORMAL
..................................................................
TEMPERATURE (F)
 TODAY
  MAXIMUM         89    238 PM  97    1916  87      2       90
  MINIMUM         69    412 AM  43    1961  64      5       69
  AVERAGE         79                        76      3       80

PRECIPITATION (IN)
  TODAY            T             4.06 1996   0.11  -0.11     0.44
  MONTH TO DATE    0.73                      3.20  -2.47     3.85
  SINCE MAR 1     11.57                     13.17  -1.60    12.35
  SINCE JAN 1     22.23                     23.10  -0.87    20.01

DEGREE DAYS
 COOLING
  TODAY           14                        11      3       15
  MONTH TO DATE  224                       204     20      277
  SINCE MAR 1    397                       299     98      498
  SINCE JAN 1    410                       305    105      498
..................................................................


WIND (MPH)
  HIGHEST WIND SPEED     8   HIGHEST WIND DIRECTION    NW (320)
  HIGHEST GUST SPEED    10   HIGHEST GUST DIRECTION     E (90)
  AVERAGE WIND SPEED     3.5


SKY COVER
  AVERAGE SKY COVER 0.2


WEATHER CONDITIONS
 THE FOLLOWING WEATHER WAS RECORDED TODAY.
  NO SIGNIFICANT WEATHER WAS OBSERVED.


RELATIVE HUMIDITY (PERCENT)
 HIGHEST    84           400 AM
 LOWEST     51           200 PM
 AVERAGE    68

..........................................................


THE MONTGOMERY CLIMATE NORMALS FOR TOMORROW
                         NORMAL    RECORD    YEAR
 MAXIMUM TEMPERATURE (F)   87        96      1962
                                             1937
 MINIMUM TEMPERATURE (F)   64        51      1961


SUNRISE AND SUNSET
MAY 28 2016...........SUNRISE   541 AM CDT   SUNSET   745 PM CDT
MAY 29 2016...........SUNRISE   540 AM CDT   SUNSET   746 PM CDT


-  INDICATES NEGATIVE NUMBERS.
R  INDICATES RECORD WAS SET OR TIED.
MM INDICATES DATA IS MISSING.
T  INDICATES TRACE AMOUNT.




$$
