000
CDUS44 KBMX 210939
CLIMGM


CLIMATE REPORT
NATIONAL WEATHER SERVICE BIRMINGHAM, AL
438 AM CDT THU AUG 21 2014


...................................

...THE MONTGOMERY CLIMATE SUMMARY FOR AUGUST 20 2014...

CLIMATE NORMAL PERIOD 1981 TO 2010
CLIMATE RECORD PERIOD 1872 TO 2014


WEATHER ITEM   OBSERVED TIME   RECORD YEAR NORMAL DEPARTURE LAST
                VALUE   (LST)  VALUE       VALUE  FROM      YEAR
                                                  NORMAL
..................................................................
TEMPERATURE (F)
 YESTERDAY
  MAXIMUM         95    318 PM 103    1983  92      3       88
  MINIMUM         71    435 AM  63    1889  71      0       73
  AVERAGE         83                        81      2       81

PRECIPITATION (IN)
  YESTERDAY        0.00          1.12 1963   0.12  -0.12     0.00
  MONTH TO DATE    3.04                      2.57   0.47     2.78
  SINCE JUN 1     10.49                     11.88  -1.39    15.99
  SINCE JAN 1     39.38                     35.32   4.06    41.70

DEGREE DAYS
 COOLING
  YESTERDAY       18                        16      2       16
  MONTH TO DATE  349                       338     11      325
  SINCE JUN 1   1329                      1278     51     1292
  SINCE JAN 1   1695                      1617     78     1651
..................................................................


WIND (MPH)
  HIGHEST WIND SPEED    10   HIGHEST WIND DIRECTION     S (190)
  HIGHEST GUST SPEED    15   HIGHEST GUST DIRECTION     W (250)
  AVERAGE WIND SPEED     3.7


SKY COVER
  AVERAGE SKY COVER 0.0


WEATHER CONDITIONS
 THE FOLLOWING WEATHER WAS RECORDED YESTERDAY.
  NO SIGNIFICANT WEATHER WAS OBSERVED.


RELATIVE HUMIDITY (PERCENT)
 HIGHEST    93           300 AM
 LOWEST     46           300 PM
 AVERAGE    70

..........................................................


THE MONTGOMERY CLIMATE NORMALS FOR TODAY
                         NORMAL    RECORD    YEAR
 MAXIMUM TEMPERATURE (F)   92       103      1983
 MINIMUM TEMPERATURE (F)   71        59      1991


SUNRISE AND SUNSET
AUGUST 21 2014........SUNRISE   614 AM CDT   SUNSET   723 PM CDT
AUGUST 22 2014........SUNRISE   614 AM CDT   SUNSET   722 PM CDT


-  INDICATES NEGATIVE NUMBERS.
R  INDICATES RECORD WAS SET OR TIED.
MM INDICATES DATA IS MISSING.
T  INDICATES TRACE AMOUNT.




$$
