000
CDUS44 KBMX 072235
CLIMGM


CLIMATE REPORT
NATIONAL WEATHER SERVICE BIRMINGHAM, AL
434 PM CST SUN FEB 7 2016


...................................

...THE MONTGOMERY CLIMATE SUMMARY FOR FEBRUARY 7 2016...
VALID AS OF 0400 PM LOCAL TIME.

CLIMATE NORMAL PERIOD 1981 TO 2010
CLIMATE RECORD PERIOD 1872 TO 2016


WEATHER ITEM   OBSERVED TIME   RECORD YEAR NORMAL DEPARTURE LAST
                VALUE   (LST)  VALUE       VALUE  FROM      YEAR
                                                  NORMAL
..................................................................
TEMPERATURE (F)
 TODAY
  MAXIMUM         60    309 PM  81    1957  60      0       69
  MINIMUM         29    634 AM  12    1895  38     -9       30
  AVERAGE         45                        49     -4       50

PRECIPITATION (IN)
  TODAY            0.00          2.73 1903   0.18  -0.18     0.00
  MONTH TO DATE    1.45                      1.32   0.13     1.18
  SINCE DEC 1     20.83                     10.83  10.00     8.89
  SINCE JAN 1      6.70                      5.97   0.73     4.00

SNOWFALL (IN)
  TODAY            0.0                       0.0    0.0      0.0
  MONTH TO DATE    0.0                       0.0    0.0      0.0
  SINCE DEC 1      T                         0.1   -0.1      0.0
  SINCE JUL 1      T                         0.1   -0.1      0.0
  SNOW DEPTH       0

..................................................................


WIND (MPH)
  HIGHEST WIND SPEED    16   HIGHEST WIND DIRECTION    NW (330)
  HIGHEST GUST SPEED    20   HIGHEST GUST DIRECTION     N (360)
  AVERAGE WIND SPEED     7.3


SKY COVER
  AVERAGE SKY COVER 0.0


WEATHER CONDITIONS
 THE FOLLOWING WEATHER WAS RECORDED TODAY.
  NO SIGNIFICANT WEATHER WAS OBSERVED.


RELATIVE HUMIDITY (PERCENT)
 HIGHEST    78           700 AM
 LOWEST     23           200 PM
 AVERAGE    51

..........................................................


THE MONTGOMERY CLIMATE NORMALS FOR TOMORROW
                         NORMAL    RECORD    YEAR
 MAXIMUM TEMPERATURE (F)   60        81      1994
                                             1957
 MINIMUM TEMPERATURE (F)   38         8      1895


SUNRISE AND SUNSET
FEBRUARY  7 2016......SUNRISE   636 AM CST   SUNSET   524 PM CST
FEBRUARY  8 2016......SUNRISE   635 AM CST   SUNSET   525 PM CST


-  INDICATES NEGATIVE NUMBERS.
R  INDICATES RECORD WAS SET OR TIED.
MM INDICATES DATA IS MISSING.
T  INDICATES TRACE AMOUNT.




$$
