000
CDUS41 KPBZ 252154
CLIMGW


CLIMATE REPORT
NATIONAL WEATHER SERVICE PITTSBURGH PA
512 PM EDT SAT MAR 25 2017


...................................

...THE MORGANTOWN WV CLIMATE SUMMARY FOR MARCH 25 2017...
VALID TODAY AS OF 0500 PM LOCAL TIME.

CLIMATE NORMAL PERIOD 1981 TO 2010
CLIMATE RECORD PERIOD 1948 TO 2017


WEATHER ITEM   OBSERVED TIME   RECORD YEAR NORMAL DEPARTURE LAST
                VALUE   (LST)  VALUE       VALUE  FROM      YEAR
                                                  NORMAL
..................................................................
TEMPERATURE (F)
 TODAY
  MAXIMUM         73    359 PM  82    1954  55     18       64
  MINIMUM         60    652 AM  10    1974  35     25       39
  AVERAGE         67                        45     22       52

PRECIPITATION (IN)
  TODAY            0.00         MM      MM   0.12  -0.12     0.16
  MONTH TO DATE    3.19                      2.90   0.29     2.61
  SINCE JUN 1     39.50                     32.95   6.55    30.28
  SINCE JAN 1     10.09                      8.31   1.78     6.74

DEGREE DAYS
 HEATING
  TODAY            0                        20    -20       13
  MONTH TO DATE  621                       599     22      385
  SINCE MAR 1    621                       599     22      385
  SINCE JUL 1   3634                      4488   -854     3479

 COOLING
  TODAY            2                         0      2        0
  MONTH TO DATE    2                         0      2        0
  SINCE MAR 1      2                         0      2        0
  SINCE JAN 1      5                         0      5        0
..................................................................


WIND (MPH)
  RESULTANT WIND SPEED   3   RESULTANT WIND DIRECTION  SW (220)
  HIGHEST WIND SPEED     9   HIGHEST WIND DIRECTION    NW (320)
  HIGHEST GUST SPEED    14   HIGHEST GUST DIRECTION     W (260)
  AVERAGE WIND SPEED     5.1


SKY COVER
  POSSIBLE SUNSHINE  MM
  AVERAGE SKY COVER 0.4


WEATHER CONDITIONS
 THE FOLLOWING WEATHER WAS RECORDED TODAY.
  NO SIGNIFICANT WEATHER WAS OBSERVED.


RELATIVE HUMIDITY (PERCENT)
 HIGHEST    60           600 AM
 LOWEST     41           200 PM
 AVERAGE    51

..........................................................


THE MORGANTOWN WV CLIMATE NORMALS FOR TOMORROW
                         NORMAL    RECORD    YEAR
 MAXIMUM TEMPERATURE (F)   56        81      1967
 MINIMUM TEMPERATURE (F)   35        14      1955


SUNRISE AND SUNSET
MARCH 25 2017.........SUNRISE   715 AM EDT   SUNSET   737 PM EDT
MARCH 26 2017.........SUNRISE   713 AM EDT   SUNSET   738 PM EDT


-  INDICATES NEGATIVE NUMBERS.
R  INDICATES RECORD WAS SET OR TIED.
MM INDICATES DATA IS MISSING.
T  INDICATES TRACE AMOUNT.




$$
