000
CDUS41 KPBZ 010705
CLIMGW


CLIMATE REPORT
NATIONAL WEATHER SERVICE PITTSBURGH PA
304 AM EDT MON SEP 1 2014


...................................

...THE MORGANTOWN WV CLIMATE SUMMARY FOR AUGUST 31 2014...

CLIMATE NORMAL PERIOD 1981 TO 2010
CLIMATE RECORD PERIOD 1948 TO 2014


WEATHER ITEM   OBSERVED TIME   RECORD YEAR NORMAL DEPARTURE LAST
                VALUE   (LST)  VALUE       VALUE  FROM      YEAR
                                                  NORMAL
..................................................................
TEMPERATURE (F)
 YESTERDAY
  MAXIMUM         80    424 PM  99    1953  81     -1       83
  MINIMUM         72   1019 PM  46    1999  60     12       68
  AVERAGE         76                        70      6       76

PRECIPITATION (IN)
  YESTERDAY        0.15         MM      MM   0.11   0.04     0.00
  MONTH TO DATE    5.02                      3.55   1.47     5.13
  SINCE JUN 1     14.98                     12.28   2.70    16.55
  SINCE JAN 1     30.47                     29.47   1.00    29.19

DEGREE DAYS
 HEATING
  YESTERDAY        0                         1     -1        0
  MONTH TO DATE    3                         2      1        8
  SINCE JUN 1      8                        42    -34       20
  SINCE JUL 1      6                        11     -5        9

 COOLING
  YESTERDAY       11                         6      5       11
  MONTH TO DATE  246                       225     21      192
  SINCE JUN 1    724                       642     82      640
  SINCE JAN 1    833                       709    124      786
..................................................................


WIND (MPH)
  HIGHEST WIND SPEED    12   HIGHEST WIND DIRECTION    SW (220)
  HIGHEST GUST SPEED    17   HIGHEST GUST DIRECTION    SW (210)
  AVERAGE WIND SPEED     4.5


SKY COVER
  POSSIBLE SUNSHINE  MM
  AVERAGE SKY COVER 0.8


WEATHER CONDITIONS
 THE FOLLOWING WEATHER WAS RECORDED YESTERDAY.
  LIGHT RAIN


RELATIVE HUMIDITY (PERCENT)
 HIGHEST    84           700 AM
 LOWEST     62           100 AM
 AVERAGE    73

..........................................................


THE MORGANTOWN WV CLIMATE NORMALS FOR TODAY
                         NORMAL    RECORD    YEAR
 MAXIMUM TEMPERATURE (F)   81        97      1953
 MINIMUM TEMPERATURE (F)   60        46      1967


SUNRISE AND SUNSET
SEPTEMBER  1 2014.....SUNRISE   648 AM EDT   SUNSET   751 PM EDT
SEPTEMBER  2 2014.....SUNRISE   649 AM EDT   SUNSET   749 PM EDT


-  INDICATES NEGATIVE NUMBERS.
R  INDICATES RECORD WAS SET OR TIED.
MM INDICATES DATA IS MISSING.
T  INDICATES TRACE AMOUNT.




$$
