000
CDUS41 KPBZ 250701
CLIMGW


CLIMATE REPORT
NATIONAL WEATHER SERVICE PITTSBURGH PA
301 AM EDT TUE APR 25 2017


...................................

...THE MORGANTOWN WV CLIMATE SUMMARY FOR APRIL 24 2017...

CLIMATE NORMAL PERIOD 1981 TO 2010
CLIMATE RECORD PERIOD 1948 TO 2017


WEATHER ITEM   OBSERVED TIME   RECORD YEAR NORMAL DEPARTURE LAST
                VALUE   (LST)  VALUE       VALUE  FROM      YEAR
                                                  NORMAL
..................................................................
TEMPERATURE (F)
 YESTERDAY
  MAXIMUM         58   1109 AM  88    1960  67     -9       72
  MINIMUM         51    800 AM  28    1986  44      7       38
  AVERAGE         55                        56     -1       55

PRECIPITATION (IN)
  YESTERDAY        0.02         MM      MM   0.12  -0.10     0.00
  MONTH TO DATE    4.52                      2.81   1.71     2.34
  SINCE JUN 1     46.11                     36.51   9.60    33.10
  SINCE JAN 1     16.70                     11.87   4.83     9.56

DEGREE DAYS
 HEATING
  YESTERDAY       10                        10      0       10
  MONTH TO DATE  187                       325   -138      305
  SINCE MAR 1    845                      1037   -192      753
  SINCE JUL 1   3858                      4926  -1068     3847

 COOLING
  YESTERDAY        0                         1     -1        0
  MONTH TO DATE   18                         6     12        4
  SINCE MAR 1     20                         8     12        5
  SINCE JAN 1     23                         8     15        5
..................................................................


WIND (MPH)
  HIGHEST WIND SPEED    17   HIGHEST WIND DIRECTION     E (110)
  HIGHEST GUST SPEED    25   HIGHEST GUST DIRECTION     E (90)
  AVERAGE WIND SPEED     8.3


SKY COVER
  POSSIBLE SUNSHINE  MM
  AVERAGE SKY COVER 0.8


WEATHER CONDITIONS
 THE FOLLOWING WEATHER WAS RECORDED YESTERDAY.
  LIGHT RAIN


RELATIVE HUMIDITY (PERCENT)
 HIGHEST    77          1000 PM
 LOWEST     43          1200 PM
 AVERAGE    60

..........................................................


THE MORGANTOWN WV CLIMATE NORMALS FOR TODAY
                         NORMAL    RECORD    YEAR
 MAXIMUM TEMPERATURE (F)   67        88      2009
 MINIMUM TEMPERATURE (F)   44        26      1956


SUNRISE AND SUNSET
APRIL 25 2017.........SUNRISE   628 AM EDT   SUNSET   808 PM EDT
APRIL 26 2017.........SUNRISE   626 AM EDT   SUNSET   809 PM EDT


-  INDICATES NEGATIVE NUMBERS.
R  INDICATES RECORD WAS SET OR TIED.
MM INDICATES DATA IS MISSING.
T  INDICATES TRACE AMOUNT.




$$
