292
CDUS41 KPBZ 232121
CLIMGW


CLIMATE REPORT
NATIONAL WEATHER SERVICE PITTSBURGH PA
519 PM EDT MON OCT 23 2017


...................................

...THE MORGANTOWN WV CLIMATE SUMMARY FOR OCTOBER 23 2017...
VALID TODAY AS OF 0500 PM LOCAL TIME.

CLIMATE NORMAL PERIOD 1981 TO 2010
CLIMATE RECORD PERIOD 1872 TO 2017


WEATHER ITEM   OBSERVED TIME   RECORD YEAR NORMAL DEPARTURE LAST
                VALUE   (LST)  VALUE       VALUE  FROM      YEAR
                                                  NORMAL
..................................................................
TEMPERATURE (F)
 TODAY
  MAXIMUM         70   1114 AM  83    1920  63      7       66
  MINIMUM         59    515 AM  23    1969  42     17       42
  AVERAGE         65                        52     13       54

PRECIPITATION (IN)
  TODAY            0.24          1.67 1900   0.09   0.15     0.00
  MONTH TO DATE    1.50                      2.05  -0.55     4.81
  SINCE JUN 1     18.87                     17.54   1.33    23.40
  SINCE JAN 1     41.96                     34.73   7.23    39.44

DEGREE DAYS
 HEATING
  TODAY            0                        13    -13       11
  MONTH TO DATE   75                       231   -156      106
  SINCE SEP 1    140                       317   -177      110
  SINCE JUL 1    142                       328   -186      110

 COOLING
  TODAY            0                         0      0        0
  MONTH TO DATE   54                        10     44       45
  SINCE SEP 1    166                       102     64      267
  SINCE JAN 1    919                       811    108     1278
..................................................................


WIND (MPH)
  RESULTANT WIND SPEED   7   RESULTANT WIND DIRECTION  SE (130)
  HIGHEST WIND SPEED    14   HIGHEST WIND DIRECTION     S (170)
  HIGHEST GUST SPEED    23   HIGHEST GUST DIRECTION    SE (120)
  AVERAGE WIND SPEED     7.1


SKY COVER
  POSSIBLE SUNSHINE  MM
  AVERAGE SKY COVER 0.4


WEATHER CONDITIONS
 THE FOLLOWING WEATHER WAS RECORDED TODAY.
  RAIN
  LIGHT RAIN


RELATIVE HUMIDITY (PERCENT)
 HIGHEST    84           300 PM
 LOWEST     60          1200 AM
 AVERAGE    72

..........................................................


THE MORGANTOWN WV CLIMATE NORMALS FOR TOMORROW
                         NORMAL    RECORD    YEAR
 MAXIMUM TEMPERATURE (F)   62        83      1975
                                             1963
                                             1920
 MINIMUM TEMPERATURE (F)   42        17      1969


SUNRISE AND SUNSET
OCTOBER 23 2017.......SUNRISE   738 AM EDT   SUNSET   629 PM EDT
OCTOBER 24 2017.......SUNRISE   740 AM EDT   SUNSET   627 PM EDT


-  INDICATES NEGATIVE NUMBERS.
R  INDICATES RECORD WAS SET OR TIED.
MM INDICATES DATA IS MISSING.
T  INDICATES TRACE AMOUNT.




$$
