000
CDUS41 KPBZ 230802
CLIMGW


CLIMATE REPORT
NATIONAL WEATHER SERVICE PITTSBURGH PA
302 AM EST SUN NOV 23 2014


...................................

...THE MORGANTOWN WV CLIMATE SUMMARY FOR NOVEMBER 22 2014...

CLIMATE NORMAL PERIOD 1981 TO 2010
CLIMATE RECORD PERIOD 1948 TO 2014


WEATHER ITEM   OBSERVED TIME   RECORD YEAR NORMAL DEPARTURE LAST
                VALUE   (LST)  VALUE       VALUE  FROM      YEAR
                                                  NORMAL
..................................................................
TEMPERATURE (F)
 YESTERDAY
  MAXIMUM         52    704 PM  76    1953  51      1       56
  MINIMUM         16    533 AM  12    1964  34    -18       39
  AVERAGE         34                        43     -9       48

PRECIPITATION (IN)
  YESTERDAY        0.00         MM      MM   0.12  -0.12     0.39
  MONTH TO DATE    1.38                      2.53  -1.15     2.20
  SINCE JUN 1     22.83                     20.80   2.03    22.54
  SINCE JAN 1     38.32                     37.99   0.33    35.18

DEGREE DAYS
 HEATING
  YESTERDAY       31                        22      9       17
  MONTH TO DATE  529                       412    117      433
  SINCE SEP 1    860                       843     17      824
  SINCE JUL 1    866                       854     12      833

 COOLING
  YESTERDAY        0                         0      0        0
  MONTH TO DATE    0                         0      0        0
  SINCE SEP 1    148                       104     44      120
  SINCE JAN 1    981                       813    168      906
..................................................................


WIND (MPH)
  HIGHEST WIND SPEED    10   HIGHEST WIND DIRECTION    SW (210)
  HIGHEST GUST SPEED    16   HIGHEST GUST DIRECTION    SW (220)
  AVERAGE WIND SPEED     2.3


SKY COVER
  POSSIBLE SUNSHINE  MM
  AVERAGE SKY COVER 0.6


WEATHER CONDITIONS
 THE FOLLOWING WEATHER WAS RECORDED YESTERDAY.
  NO SIGNIFICANT WEATHER WAS OBSERVED.


RELATIVE HUMIDITY (PERCENT)
 HIGHEST    73           500 AM
 LOWEST     30          1200 PM
 AVERAGE    52

..........................................................


THE MORGANTOWN WV CLIMATE NORMALS FOR TODAY
                         NORMAL    RECORD    YEAR
 MAXIMUM TEMPERATURE (F)   50        78      1979
 MINIMUM TEMPERATURE (F)   34        10      1970


SUNRISE AND SUNSET
NOVEMBER 23 2014......SUNRISE   713 AM EST   SUNSET   459 PM EST
NOVEMBER 24 2014......SUNRISE   714 AM EST   SUNSET   458 PM EST


-  INDICATES NEGATIVE NUMBERS.
R  INDICATES RECORD WAS SET OR TIED.
MM INDICATES DATA IS MISSING.
T  INDICATES TRACE AMOUNT.




$$
