000
CDUS41 KPBZ 020727
CLIMGW


CLIMATE REPORT
NATIONAL WEATHER SERVICE PITTSBURGH PA
327 AM EDT SAT AUG 2 2014


...................................

...THE MORGANTOWN WV CLIMATE SUMMARY FOR AUGUST 1 2014...

CLIMATE NORMAL PERIOD 1981 TO 2010
CLIMATE RECORD PERIOD 1948 TO 2014


WEATHER ITEM   OBSERVED TIME   RECORD YEAR NORMAL DEPARTURE LAST
                VALUE   (LST)  VALUE       VALUE  FROM      YEAR
                                                  NORMAL
..................................................................
TEMPERATURE (F)
 YESTERDAY
  MAXIMUM         83    209 PM  97    1975  83      0       81
  MINIMUM         59    528 AM  52    1952  63     -4       64
  AVERAGE         71                        73     -2       73

PRECIPITATION (IN)
  YESTERDAY        0.00         MM      MM   0.13  -0.13     0.13
  MONTH TO DATE    0.00                      0.13  -0.13     0.13
  SINCE JUN 1      9.96                      8.86   1.10    11.55
  SINCE JAN 1     25.45                     26.05  -0.60    24.19

DEGREE DAYS
 HEATING
  YESTERDAY        0                         0      0        0
  MONTH TO DATE    0                         0      0        0
  SINCE JUN 1      5                        34    -29       12
  SINCE JUL 1      3                         3      0        1

 COOLING
  YESTERDAY        6                         8     -2        8
  MONTH TO DATE    6                         8     -2        8
  SINCE JUN 1    484                       425     59      456
  SINCE JAN 1    593                       492    101      602
..................................................................


WIND (MPH)
  HIGHEST WIND SPEED    15   HIGHEST WIND DIRECTION    SE (150)
  HIGHEST GUST SPEED    19   HIGHEST GUST DIRECTION    SE (140)
  AVERAGE WIND SPEED     3.0


SKY COVER
  POSSIBLE SUNSHINE  MM
  AVERAGE SKY COVER 0.2


WEATHER CONDITIONS
 THE FOLLOWING WEATHER WAS RECORDED YESTERDAY.
  FOG
  HAZE


RELATIVE HUMIDITY (PERCENT)
 HIGHEST    90           400 AM
 LOWEST     47           200 PM
 AVERAGE    69

..........................................................


THE MORGANTOWN WV CLIMATE NORMALS FOR TODAY
                         NORMAL    RECORD    YEAR
 MAXIMUM TEMPERATURE (F)   83        97      1991
 MINIMUM TEMPERATURE (F)   63        52      1992


SUNRISE AND SUNSET
AUGUST  2 2014........SUNRISE   620 AM EDT   SUNSET   831 PM EDT
AUGUST  3 2014........SUNRISE   621 AM EDT   SUNSET   830 PM EDT


-  INDICATES NEGATIVE NUMBERS.
R  INDICATES RECORD WAS SET OR TIED.
MM INDICATES DATA IS MISSING.
T  INDICATES TRACE AMOUNT.




$$
