000
CDUS41 KPBZ 240802
CLIMGW


CLIMATE REPORT
NATIONAL WEATHER SERVICE PITTSBURGH PA
301 AM EST FRI FEB 24 2017


...................................

...THE MORGANTOWN WV CLIMATE SUMMARY FOR FEBRUARY 23 2017...

CLIMATE NORMAL PERIOD 1981 TO 2010
CLIMATE RECORD PERIOD 1948 TO 2017


WEATHER ITEM   OBSERVED TIME   RECORD YEAR NORMAL DEPARTURE LAST
                VALUE   (LST)  VALUE       VALUE  FROM      YEAR
                                                  NORMAL
..................................................................
TEMPERATURE (F)
 YESTERDAY
  MAXIMUM         69R   516 PM  68    1996  45     24       54
  MINIMUM         53    524 AM   2    1963  27     26       42
  AVERAGE         61                        36     25       48

PRECIPITATION (IN)
  YESTERDAY        0.00         MM      MM   0.10  -0.10     0.00
  MONTH TO DATE    1.75                      2.11  -0.36     1.29
  SINCE JUN 1     35.21                     29.56   5.65    26.87
  SINCE JAN 1      5.80                      4.92   0.88     3.33

DEGREE DAYS
 HEATING
  YESTERDAY        4                        29    -25       17
  MONTH TO DATE  519                       720   -201      611
  SINCE DEC 1   2238                      2699   -461     2246
  SINCE JUL 1   2924                      3747   -823     2965

 COOLING
  YESTERDAY        0                         0      0        0
  MONTH TO DATE    0                         0      0        0
  SINCE DEC 1      0                         0      0        0
  SINCE JAN 1      0                         0      0        0
..................................................................


WIND (MPH)
  HIGHEST WIND SPEED    15   HIGHEST WIND DIRECTION    SW (230)
  HIGHEST GUST SPEED    21   HIGHEST GUST DIRECTION     S (200)
  AVERAGE WIND SPEED     5.8


SKY COVER
  POSSIBLE SUNSHINE  MM
  AVERAGE SKY COVER 0.8


WEATHER CONDITIONS
 THE FOLLOWING WEATHER WAS RECORDED YESTERDAY.
  FOG
  HAZE


RELATIVE HUMIDITY (PERCENT)
 HIGHEST    93           200 AM
 LOWEST     55           300 PM
 AVERAGE    74

..........................................................


THE MORGANTOWN WV CLIMATE NORMALS FOR TODAY
                         NORMAL    RECORD    YEAR
 MAXIMUM TEMPERATURE (F)   45        75      1975
 MINIMUM TEMPERATURE (F)   27        -3      2015


SUNRISE AND SUNSET
FEBRUARY 24 2017......SUNRISE   700 AM EST   SUNSET   607 PM EST
FEBRUARY 25 2017......SUNRISE   658 AM EST   SUNSET   608 PM EST


-  INDICATES NEGATIVE NUMBERS.
R  INDICATES RECORD WAS SET OR TIED.
MM INDICATES DATA IS MISSING.
T  INDICATES TRACE AMOUNT.




$$
