000
CDUS41 KPBZ 262115
CLIMGW


CLIMATE REPORT
NATIONAL WEATHER SERVICE PITTSBURGH PA
515 PM EDT FRI AUG 26 2016


...................................

...THE MORGANTOWN WV CLIMATE SUMMARY FOR AUGUST 26 2016...
VALID TODAY AS OF 0500 PM LOCAL TIME.

CLIMATE NORMAL PERIOD 1981 TO 2010
CLIMATE RECORD PERIOD 1948 TO 2016


WEATHER ITEM   OBSERVED TIME   RECORD YEAR NORMAL DEPARTURE LAST
                VALUE   (LST)  VALUE       VALUE  FROM      YEAR
                                                  NORMAL
..................................................................
TEMPERATURE (F)
 TODAY
  MAXIMUM         89    324 PM  96    1948  82      7       72
  MINIMUM         74    632 AM  44    1982  61     13       56
  AVERAGE         82                        71     11       64

PRECIPITATION (IN)
  TODAY            0.00         MM      MM   0.11  -0.11     0.00
  MONTH TO DATE    3.56                      3.01   0.55     2.00
  SINCE JUN 1     14.93                     11.74   3.19    11.75
  SINCE JAN 1     30.97                     28.93   2.04    29.00

DEGREE DAYS
 HEATING
  TODAY            0                         0      0        1
  MONTH TO DATE    0                         0      0        1
  SINCE JUN 1     10                        34    -24       14
  SINCE JUL 1      0                         3     -3        1

 COOLING
  TODAY           17                         7     10        0
  MONTH TO DATE  314                       196    118      226
  SINCE JUN 1    879                       613    266      780
  SINCE JAN 1    953                       680    273      964
..................................................................


WIND (MPH)
  RESULTANT WIND SPEED   1   RESULTANT WIND DIRECTION   E (110)
  HIGHEST WIND SPEED    10   HIGHEST WIND DIRECTION     N (350)
  HIGHEST GUST SPEED    13   HIGHEST GUST DIRECTION     N (340)
  AVERAGE WIND SPEED     3.7


SKY COVER
  POSSIBLE SUNSHINE  MM
  AVERAGE SKY COVER 0.6


WEATHER CONDITIONS
 THE FOLLOWING WEATHER WAS RECORDED TODAY.
  FOG


RELATIVE HUMIDITY (PERCENT)
 HIGHEST    93           600 AM
 LOWEST     53           100 PM
 AVERAGE    73

..........................................................


THE MORGANTOWN WV CLIMATE NORMALS FOR TOMORROW
                         NORMAL    RECORD    YEAR
 MAXIMUM TEMPERATURE (F)   82        98      1948
 MINIMUM TEMPERATURE (F)   61        46      1969


SUNRISE AND SUNSET
AUGUST 26 2016........SUNRISE   643 AM EDT   SUNSET   759 PM EDT
AUGUST 27 2016........SUNRISE   644 AM EDT   SUNSET   758 PM EDT


-  INDICATES NEGATIVE NUMBERS.
R  INDICATES RECORD WAS SET OR TIED.
MM INDICATES DATA IS MISSING.
T  INDICATES TRACE AMOUNT.




$$
