000
CDUS41 KPBZ 230702
CLIMGW


CLIMATE REPORT
NATIONAL WEATHER SERVICE PITTSBURGH PA
302 AM EDT SAT AUG 23 2014


...................................

...THE MORGANTOWN WV CLIMATE SUMMARY FOR AUGUST 22 2014...

CLIMATE NORMAL PERIOD 1981 TO 2010
CLIMATE RECORD PERIOD 1948 TO 2014


WEATHER ITEM   OBSERVED TIME   RECORD YEAR NORMAL DEPARTURE LAST
                VALUE   (LST)  VALUE       VALUE  FROM      YEAR
                                                  NORMAL
..................................................................
TEMPERATURE (F)
 YESTERDAY
  MAXIMUM         83    445 PM  97    1983  82      1       81
  MINIMUM         70    550 AM  42    1982  61      9       65
  AVERAGE         77                        72      5       73

PRECIPITATION (IN)
  YESTERDAY        0.16         MM      MM   0.11   0.05     0.14
  MONTH TO DATE    4.20                      2.57   1.63     3.42
  SINCE JUN 1     14.16                     11.30   2.86    14.84
  SINCE JAN 1     29.65                     28.49   1.16    27.48

DEGREE DAYS
 HEATING
  YESTERDAY        0                         0      0        0
  MONTH TO DATE    3                         0      3        8
  SINCE JUN 1      8                        34    -26       20
  SINCE JUL 1      6                         3      3        9

 COOLING
  YESTERDAY       12                         7      5        8
  MONTH TO DATE  165                       168     -3      120
  SINCE JUN 1    643                       585     58      568
  SINCE JAN 1    752                       652    100      714
..................................................................


WIND (MPH)
  HIGHEST WIND SPEED     9   HIGHEST WIND DIRECTION     E (70)
  HIGHEST GUST SPEED    14   HIGHEST GUST DIRECTION    SW (230)
  AVERAGE WIND SPEED     2.5


SKY COVER
  POSSIBLE SUNSHINE  MM
  AVERAGE SKY COVER 0.8


WEATHER CONDITIONS
 THE FOLLOWING WEATHER WAS RECORDED YESTERDAY.
  RAIN
  LIGHT RAIN
  FOG
  HAZE


RELATIVE HUMIDITY (PERCENT)
 HIGHEST    90          1200 AM
 LOWEST     63           400 PM
 AVERAGE    77

..........................................................


THE MORGANTOWN WV CLIMATE NORMALS FOR TODAY
                         NORMAL    RECORD    YEAR
 MAXIMUM TEMPERATURE (F)   82        93      1959
 MINIMUM TEMPERATURE (F)   61        44      1973


SUNRISE AND SUNSET
AUGUST 23 2014........SUNRISE   639 AM EDT   SUNSET   804 PM EDT
AUGUST 24 2014........SUNRISE   640 AM EDT   SUNSET   803 PM EDT


-  INDICATES NEGATIVE NUMBERS.
R  INDICATES RECORD WAS SET OR TIED.
MM INDICATES DATA IS MISSING.
T  INDICATES TRACE AMOUNT.




$$
