000
CDUS41 KPBZ 222112
CLIMGW


CLIMATE REPORT
NATIONAL WEATHER SERVICE PITTSBURGH PA
512 PM EDT MON SEP 22 2014


...................................

...THE MORGANTOWN WV CLIMATE SUMMARY FOR SEPTEMBER 22 2014...
VALID TODAY AS OF 0500 PM LOCAL TIME.

CLIMATE NORMAL PERIOD 1981 TO 2010
CLIMATE RECORD PERIOD 1948 TO 2014


WEATHER ITEM   OBSERVED TIME   RECORD YEAR NORMAL DEPARTURE LAST
                VALUE   (LST)  VALUE       VALUE  FROM      YEAR
                                                  NORMAL
..................................................................
TEMPERATURE (F)
 TODAY
  MAXIMUM         63    301 PM  91    1965  73    -10       65
  MINIMUM         53    800 AM  36    1999  52      1       52
  AVERAGE         58                        63     -5       59

PRECIPITATION (IN)
  TODAY            0.02         MM      MM   0.11  -0.09     0.00
  MONTH TO DATE    1.65                      2.35  -0.70     1.99
  SINCE JUN 1     16.63                     14.63   2.00    18.54
  SINCE JAN 1     32.12                     31.82   0.30    31.18

DEGREE DAYS
 HEATING
  TODAY            7                         4      3        6
  MONTH TO DATE   45                        44      1       41
  SINCE SEP 1     45                        44      1       41
  SINCE JUL 1     51                        55     -4       50

 COOLING
  TODAY            0                         2     -2        0
  MONTH TO DATE  118                        80     38       84
  SINCE SEP 1    118                        80     38       84
  SINCE JAN 1    951                       789    162      870
..................................................................


WIND (MPH)
  RESULTANT WIND SPEED   2   RESULTANT WIND DIRECTION   N (340)
  HIGHEST WIND SPEED    13   HIGHEST WIND DIRECTION     N (360)
  HIGHEST GUST SPEED    19   HIGHEST GUST DIRECTION    NW (320)
  AVERAGE WIND SPEED     5.6


SKY COVER
  POSSIBLE SUNSHINE  MM
  AVERAGE SKY COVER 0.9


WEATHER CONDITIONS
 THE FOLLOWING WEATHER WAS RECORDED TODAY.
  LIGHT RAIN
  FOG
  HAZE


RELATIVE HUMIDITY (PERCENT)
 HIGHEST    83           300 AM
 LOWEST     46           300 PM
 AVERAGE    65

..........................................................


THE MORGANTOWN WV CLIMATE NORMALS FOR TOMORROW
                         NORMAL    RECORD    YEAR
 MAXIMUM TEMPERATURE (F)   73        90      2010
 MINIMUM TEMPERATURE (F)   52        34      1974


SUNRISE AND SUNSET
SEPTEMBER 22 2014.....SUNRISE   707 AM EDT   SUNSET   717 PM EDT
SEPTEMBER 23 2014.....SUNRISE   708 AM EDT   SUNSET   715 PM EDT


-  INDICATES NEGATIVE NUMBERS.
R  INDICATES RECORD WAS SET OR TIED.
MM INDICATES DATA IS MISSING.
T  INDICATES TRACE AMOUNT.




$$
