000
CDUS41 KPBZ 171324
CLIMGW


CLIMATE REPORT
NATIONAL WEATHER SERVICE PITTSBURGH PA
824 AM EST TUE JAN 17 2017


...................................

...THE MORGANTOWN WV CLIMATE SUMMARY FOR JANUARY 17 2017...
VALID AS OF 0800 AM LOCAL TIME.

CLIMATE NORMAL PERIOD 1981 TO 2010
CLIMATE RECORD PERIOD 1948 TO 2017


WEATHER ITEM   OBSERVED TIME   RECORD YEAR NORMAL DEPARTURE LAST
                VALUE   (LST)  VALUE       VALUE  FROM      YEAR
                                                  NORMAL
..................................................................
TEMPERATURE (F)
 TODAY
  MAXIMUM         52    606 AM  66    1990
  MINIMUM         40   1233 AM -16    1982  24     16       14

PRECIPITATION (IN)
  TODAY            T            MM      MM   0.09  -0.09     0.03
  MONTH TO DATE    2.30                      1.53   0.77     1.06
  SINCE JUN 1     31.71                     26.17   5.54    24.60
  SINCE JAN 1      2.30                      1.53   0.77     1.06

DEGREE DAYS
 HEATING
  TODAY           19

 COOLING
  TODAY            0
..................................................................





WEATHER CONDITIONS
 THE FOLLOWING WEATHER WAS RECORDED TODAY.
  RAIN
  FOG


RELATIVE HUMIDITY (PERCENT)
 HIGHEST    93          1200 AM

..........................................................


THE MORGANTOWN WV CLIMATE NORMALS FOR TOMORROW
                         NORMAL    RECORD    YEAR
 MAXIMUM TEMPERATURE (F)   39        68      1996
 MINIMUM TEMPERATURE (F)   24       -13      1994


SUNRISE AND SUNSET
JANUARY 17 2017.......SUNRISE   738 AM EST   SUNSET   522 PM EST
JANUARY 18 2017.......SUNRISE   737 AM EST   SUNSET   524 PM EST


-  INDICATES NEGATIVE NUMBERS.
R  INDICATES RECORD WAS SET OR TIED.
MM INDICATES DATA IS MISSING.
T  INDICATES TRACE AMOUNT.




$$
