962
CDUS43 KFSD 310629
CLIMHE


CLIMATE REPORT
NATIONAL WEATHER SERVICE SIOUX FALLS SD
126 AM CDT TUE MAY 31 2016


...................................

...THE MITCHELL SD CLIMATE SUMMARY FOR MAY 30 2016...

CLIMATE NORMAL PERIOD 1981 TO 2010
CLIMATE RECORD PERIOD 1893 TO 2016


WEATHER ITEM   OBSERVED TIME   RECORD YEAR NORMAL DEPARTURE LAST
                VALUE   (LST)  VALUE       VALUE  FROM      YEAR
                                                  NORMAL
..................................................................
TEMPERATURE (F)
 YESTERDAY
  MAXIMUM         82    423 PM 108    1934  75      7       65
  MINIMUM         60    549 AM  30    1897  53      7       40
  AVERAGE         71                        64      7       53

PRECIPITATION (IN)
  YESTERDAY        0.13          1.74 1982   0.16  -0.03     0.00
  MONTH TO DATE    4.58                      2.78   1.80     4.77
  SINCE MAR 1     11.31                      6.02   5.29     6.32
  SINCE JAN 1     12.54                      6.58   5.96     7.09

SNOWFALL (IN)
  YESTERDAY        0.0           0.0    MM  MM     MM        0.0
  MONTH TO DATE    0.0                      MM     MM        0.0
  SINCE MAR 1      3.9                      MM     MM        0.7
  SINCE JUL 1     46.3                      MM     MM       22.6
  SNOW DEPTH       0

DEGREE DAYS
 HEATING
  YESTERDAY        0                         3     -3       12
  MONTH TO DATE  163                       206    -43      208
  SINCE MAR 1   1356                      1684   -328     1372
  SINCE JUL 1   6145                      7206  -1061     6862

 COOLING
  YESTERDAY        6                         2      4        0
  MONTH TO DATE   39                        34      5       25
  SINCE MAR 1     43                        36      7       31
  SINCE JAN 1     43                        36      7       31
..................................................................


WIND (MPH)
  HIGHEST WIND SPEED    25   HIGHEST WIND DIRECTION    SE (150)
  HIGHEST GUST SPEED    31   HIGHEST GUST DIRECTION    SE (150)
  AVERAGE WIND SPEED    12.4


SKY COVER
  POSSIBLE SUNSHINE  MM
  AVERAGE SKY COVER 0.2


WEATHER CONDITIONS
 THE FOLLOWING WEATHER WAS RECORDED YESTERDAY.
  THUNDERSTORM
  RAIN
  LIGHT RAIN


RELATIVE HUMIDITY (PERCENT)
 HIGHEST    90           500 AM
 LOWEST     47           400 PM
 AVERAGE    69

..........................................................


THE MITCHELL SD CLIMATE NORMALS FOR TODAY
                         NORMAL    RECORD    YEAR
 MAXIMUM TEMPERATURE (F)   75       103      1934
 MINIMUM TEMPERATURE (F)   53        31      1946


SUNRISE AND SUNSET
MAY 31 2016...........SUNRISE   553 AM CDT   SUNSET   907 PM CDT
JUNE  1 2016..........SUNRISE   553 AM CDT   SUNSET   908 PM CDT


-  INDICATES NEGATIVE NUMBERS.
R  INDICATES RECORD WAS SET OR TIED.
MM INDICATES DATA IS MISSING.
T  INDICATES TRACE AMOUNT.




$$
