000
CDUS43 KTOP 290632
CLIMHK


CLIMATE REPORT
NATIONAL WEATHER SERVICE TOPEKA KS
132 AM CDT WED JUL 29 2015


...................................

...THE MANHATTAN KS CLIMATE SUMMARY FOR JULY 28 2015...

CLIMATE NORMAL PERIOD 1981 TO 2010
CLIMATE RECORD PERIOD 9999 TO 9999


WEATHER ITEM   OBSERVED NORMAL DEPARTURE LAST
                VALUE   VALUE  FROM      YEAR
                               NORMAL
...............................................
TEMPERATURE (F)
 YESTERDAY
  MAXIMUM        101     92      9       86
  MINIMUM         77     67     10       60
  AVERAGE         89     79     10       73

PRECIPITATION (IN)
  YESTERDAY       MM      0.12  MM        0.00
  MONTH TO DATE    3.09   3.63  -0.54     0.45
  SINCE JUN 1      6.75   8.72  -1.97     7.27
  SINCE JAN 1     20.97  19.92   1.05    13.12

DEGREE DAYS
 HEATING
  YESTERDAY        0      0      0        0
  MONTH TO DATE    0      0      0        1
  SINCE JUN 1      0     11    -11        1
  SINCE JUL 1      0      0      0        1

 COOLING
  YESTERDAY       24     14     10        8
  MONTH TO DATE  446    393     53      367
  SINCE JUN 1    807    663    144      672
  SINCE JAN 1    888    763    125      875
...............................................


WIND (MPH)
  HIGHEST WIND SPEED    25   HIGHEST WIND DIRECTION    NE (40)
  HIGHEST GUST SPEED    35   HIGHEST GUST DIRECTION    NE (40)
  AVERAGE WIND SPEED    12.3


SKY COVER
  AVERAGE SKY COVER 0.1


WEATHER CONDITIONS
 THE FOLLOWING WEATHER WAS RECORDED YESTERDAY.
  NO SIGNIFICANT WEATHER WAS OBSERVED.


RELATIVE HUMIDITY (PERCENT)
 HIGHEST    80
 LOWEST     40
 AVERAGE    60

..........................................................


THE MANHATTAN KS CLIMATE NORMALS FOR TODAY
                         NORMAL
 MAXIMUM TEMPERATURE (F)   92
 MINIMUM TEMPERATURE (F)   67


SUNRISE AND SUNSET
JULY 29 2015..........SUNRISE   624 AM CDT   SUNSET   842 PM CDT
JULY 30 2015..........SUNRISE   625 AM CDT   SUNSET   841 PM CDT


-  INDICATES NEGATIVE NUMBERS.
R  INDICATES RECORD WAS SET OR TIED.
MM INDICATES DATA IS MISSING.
T  INDICATES TRACE AMOUNT.




$$
