000
CDUS43 KTOP 180644
CLIMHK


CLIMATE REPORT
NATIONAL WEATHER SERVICE TOPEKA KS
143 AM CDT WED OCT 18 2017


...................................

...THE MANHATTAN KS CLIMATE SUMMARY FOR OCTOBER 17 2017...

CLIMATE NORMAL PERIOD 1981 TO 2010
CLIMATE RECORD PERIOD 9999 TO 9999


WEATHER ITEM   OBSERVED NORMAL DEPARTURE LAST
                VALUE   VALUE  FROM      YEAR
                               NORMAL
...............................................
TEMPERATURE (F)
 YESTERDAY
  MAXIMUM         76     68      8       90
  MINIMUM         45     42      3       58
  AVERAGE         61     55      6       74

PRECIPITATION (IN)
  YESTERDAY        0.00   0.07  -0.07     0.00
  MONTH TO DATE    3.24   1.33   1.91     1.56
  SINCE SEP 1      4.11   4.50  -0.39     5.18
  SINCE JAN 1     27.67  29.04  -1.37    32.34

DEGREE DAYS
 HEATING
  YESTERDAY        4     11     -7        0
  MONTH TO DATE   81    142    -61       75
  SINCE SEP 1    100    209   -109      100
  SINCE JUL 1    100    212   -112      100

 COOLING
  YESTERDAY        0      0      0        9
  MONTH TO DATE   51     21     30       29
  SINCE SEP 1    305    175    130      272
  SINCE JAN 1   1560   1358    202     1728
...............................................


WIND (MPH)
  HIGHEST WIND SPEED    22   HIGHEST WIND DIRECTION    SW (230)
  HIGHEST GUST SPEED    29   HIGHEST GUST DIRECTION    SW (210)
  AVERAGE WIND SPEED     8.9


SKY COVER
  AVERAGE SKY COVER 0.0


WEATHER CONDITIONS
 THE FOLLOWING WEATHER WAS RECORDED YESTERDAY.
  NO SIGNIFICANT WEATHER WAS OBSERVED.


RELATIVE HUMIDITY (PERCENT)
 HIGHEST    82
 LOWEST     36
 AVERAGE    59

..........................................................


THE MANHATTAN KS CLIMATE NORMALS FOR TODAY
                         NORMAL
 MAXIMUM TEMPERATURE (F)   67
 MINIMUM TEMPERATURE (F)   41


SUNRISE AND SUNSET
OCTOBER 18 2017.......SUNRISE   740 AM CDT   SUNSET   643 PM CDT
OCTOBER 19 2017.......SUNRISE   741 AM CDT   SUNSET   642 PM CDT


-  INDICATES NEGATIVE NUMBERS.
R  INDICATES RECORD WAS SET OR TIED.
MM INDICATES DATA IS MISSING.
T  INDICATES TRACE AMOUNT.




$$
