902
CDUS43 KTOP 080637
CLIMHK


CLIMATE REPORT
NATIONAL WEATHER SERVICE TOPEKA KS
1237 AM CST MON FEB 8 2016


...................................

...THE MANHATTAN KS CLIMATE SUMMARY FOR FEBRUARY 7 2016...

CLIMATE NORMAL PERIOD 1981 TO 2010
CLIMATE RECORD PERIOD 9999 TO 9999


WEATHER ITEM   OBSERVED NORMAL DEPARTURE LAST
                VALUE   VALUE  FROM      YEAR
                               NORMAL
...............................................
TEMPERATURE (F)
 YESTERDAY
  MAXIMUM         53     43     10       73
  MINIMUM         32     19     13       31
  AVERAGE         43     31     12       52

PRECIPITATION (IN)
  YESTERDAY        0.00   0.04  -0.04     0.00
  MONTH TO DATE    0.39   0.24   0.15     0.22
  SINCE DEC 1      4.04   1.91   2.13     3.36
  SINCE JAN 1      0.95   0.89   0.06     1.14

DEGREE DAYS
 HEATING
  YESTERDAY       22     34    -12       13
  MONTH TO DATE  208    241    -33      247
  SINCE DEC 1   2030   2432   -402     2257
  SINCE JUL 1   2769   3507   -738     3394

 COOLING
  YESTERDAY        0      0      0        0
  MONTH TO DATE    0      0      0        0
  SINCE DEC 1      0      0      0        0
  SINCE JAN 1      0      0      0        0
...............................................


WIND (MPH)
  HIGHEST WIND SPEED    21   HIGHEST WIND DIRECTION     W (280)
  HIGHEST GUST SPEED    34   HIGHEST GUST DIRECTION     W (280)
  AVERAGE WIND SPEED    10.1


SKY COVER
  AVERAGE SKY COVER 0.4


WEATHER CONDITIONS
 THE FOLLOWING WEATHER WAS RECORDED YESTERDAY.
  NO SIGNIFICANT WEATHER WAS OBSERVED.


RELATIVE HUMIDITY (PERCENT)
 HIGHEST    75
 LOWEST     22
 AVERAGE    49

..........................................................


THE MANHATTAN KS CLIMATE NORMALS FOR TODAY
                         NORMAL
 MAXIMUM TEMPERATURE (F)   43
 MINIMUM TEMPERATURE (F)   19


SUNRISE AND SUNSET
FEBRUARY  8 2016......SUNRISE   727 AM CST   SUNSET   555 PM CST
FEBRUARY  9 2016......SUNRISE   726 AM CST   SUNSET   556 PM CST


-  INDICATES NEGATIVE NUMBERS.
R  INDICATES RECORD WAS SET OR TIED.
MM INDICATES DATA IS MISSING.
T  INDICATES TRACE AMOUNT.




$$
