000
CDUS43 KTOP 240647
CLIMHK


CLIMATE REPORT
NATIONAL WEATHER SERVICE TOPEKA KS
133 AM CDT FRI MAR 24 2017


...................................

...THE MANHATTAN KS CLIMATE SUMMARY FOR MARCH 23 2017...

CLIMATE NORMAL PERIOD 1981 TO 2010
CLIMATE RECORD PERIOD 9999 TO 9999


WEATHER ITEM   OBSERVED NORMAL DEPARTURE LAST
                VALUE   VALUE  FROM      YEAR
                               NORMAL
...............................................
TEMPERATURE (F)
 YESTERDAY
  MAXIMUM         79     60     19       81
  MINIMUM         46     33     13       41
  AVERAGE         63     46     17       61

PRECIPITATION (IN)
  YESTERDAY        0.03   0.07  -0.04     0.00
  MONTH TO DATE    0.14   1.68  -1.54     0.23
  SINCE MAR 1      0.14   1.68  -1.54     0.23
  SINCE JAN 1      1.94   3.40  -1.46     1.21

DEGREE DAYS
 HEATING
  YESTERDAY        2     19    -17        4
  MONTH TO DATE  386    538   -152      341
  SINCE MAR 1    386    538   -152      341
  SINCE JUL 1   3670   4698  -1028     3638

 COOLING
  YESTERDAY        0      0      0        0
  MONTH TO DATE    6      0      6        5
  SINCE MAR 1      6      0      6        5
  SINCE JAN 1      6      0      6        5
...............................................


WIND (MPH)
  HIGHEST WIND SPEED    30   HIGHEST WIND DIRECTION     S (170)
  HIGHEST GUST SPEED    39   HIGHEST GUST DIRECTION     S (160)
  AVERAGE WIND SPEED    14.6


SKY COVER
  AVERAGE SKY COVER 0.4


WEATHER CONDITIONS
 THE FOLLOWING WEATHER WAS RECORDED YESTERDAY.
  LIGHT RAIN
  FOG


RELATIVE HUMIDITY (PERCENT)
 HIGHEST    86
 LOWEST     40
 AVERAGE    63

..........................................................


THE MANHATTAN KS CLIMATE NORMALS FOR TODAY
                         NORMAL
 MAXIMUM TEMPERATURE (F)   60
 MINIMUM TEMPERATURE (F)   33


SUNRISE AND SUNSET
MARCH 24 2017.........SUNRISE   723 AM CDT   SUNSET   743 PM CDT
MARCH 25 2017.........SUNRISE   722 AM CDT   SUNSET   744 PM CDT


-  INDICATES NEGATIVE NUMBERS.
R  INDICATES RECORD WAS SET OR TIED.
MM INDICATES DATA IS MISSING.
T  INDICATES TRACE AMOUNT.




$$
