000
CDUS43 KTOP 230637
CLIMHK


CLIMATE REPORT
NATIONAL WEATHER SERVICE TOPEKA KS
136 AM CDT FRI JUN 23 2017


...................................

...THE MANHATTAN KS CLIMATE SUMMARY FOR JUNE 22 2017...

CLIMATE NORMAL PERIOD 1981 TO 2010
CLIMATE RECORD PERIOD 9999 TO 9999


WEATHER ITEM   OBSERVED NORMAL DEPARTURE LAST
                VALUE   VALUE  FROM      YEAR
                               NORMAL
...............................................
TEMPERATURE (F)
 YESTERDAY
  MAXIMUM         95     87      8      106
  MINIMUM         72     64      8       78
  AVERAGE         84     76      8       92

PRECIPITATION (IN)
  YESTERDAY        0.00   0.16  -0.16     0.00
  MONTH TO DATE    0.40   3.91  -3.51     0.22
  SINCE JUN 1      0.40   3.91  -3.51     0.22
  SINCE JAN 1     14.26  15.11  -0.85    15.50

DEGREE DAYS
 HEATING
  YESTERDAY        0      0      0        0
  MONTH TO DATE    0      8     -8        0
  SINCE JUN 1      0      8     -8        0
  SINCE JUL 1   4169   5312  -1143     4115

 COOLING
  YESTERDAY       19     11      8       27
  MONTH TO DATE  288    177    111      334
  SINCE JUN 1    288    177    111      334
  SINCE JAN 1    422    277    145      444
...............................................


WIND (MPH)
  HIGHEST WIND SPEED    21   HIGHEST WIND DIRECTION    SW (210)
  HIGHEST GUST SPEED    27   HIGHEST GUST DIRECTION     S (200)
  AVERAGE WIND SPEED    11.0


SKY COVER
  AVERAGE SKY COVER 0.0


WEATHER CONDITIONS
 THE FOLLOWING WEATHER WAS RECORDED YESTERDAY.
  NO SIGNIFICANT WEATHER WAS OBSERVED.


RELATIVE HUMIDITY (PERCENT)
 HIGHEST    74
 LOWEST     41
 AVERAGE    58

..........................................................


THE MANHATTAN KS CLIMATE NORMALS FOR TODAY
                         NORMAL
 MAXIMUM TEMPERATURE (F)   88
 MINIMUM TEMPERATURE (F)   64


SUNRISE AND SUNSET
JUNE 23 2017..........SUNRISE   601 AM CDT   SUNSET   857 PM CDT
JUNE 24 2017..........SUNRISE   602 AM CDT   SUNSET   857 PM CDT


-  INDICATES NEGATIVE NUMBERS.
R  INDICATES RECORD WAS SET OR TIED.
MM INDICATES DATA IS MISSING.
T  INDICATES TRACE AMOUNT.




$$
