000
CDUS46 KMFR 230047
CLIMHS


CLIMATE REPORT
NATIONAL WEATHER SERVICE MEDFORD, OR
437 PM PST WED NOV 22 2017


...................................

...THE MT SHASTA CITY CA CLIMATE SUMMARY FOR NOVEMBER 22 2017...
VALID TODAY AS OF 0400 PM LOCAL TIME.

CLIMATE NORMAL PERIOD 1981 TO 2010
CLIMATE RECORD PERIOD 1908 TO 2017


WEATHER ITEM   OBSERVED TIME   RECORD YEAR NORMAL DEPARTURE LAST
                VALUE   (LST)  VALUE       VALUE  FROM      YEAR
                                                  NORMAL
..................................................................
TEMPERATURE (F)
 TODAY
  MAXIMUM         67    135 PM  75    1914  49     18       45
                                      1954
  MINIMUM         40    731 AM  10    1994  29     11       30
  AVERAGE         54                        38     16       38

PRECIPITATION (IN)
  TODAY            0.00          3.10 1946   0.18  -0.18     0.90
  MONTH TO DATE    3.61                      3.51   0.10     3.62
  SINCE OCT 1      4.26                      5.79  -1.53    15.49
  SINCE JAN 1     43.25                     33.79   9.46    48.39

SNOWFALL (IN)
  TODAY           MM                         0.3   MM       MM
  MONTH TO DATE   MM                         4.4   MM       MM
  SINCE JUL 1     MM                         4.6   MM       MM
  SNOW DEPTH      MM

DEGREE DAYS
 HEATING
  TODAY           11                        26    -15       27
  MONTH TO DATE  517                       513      4      387
  SINCE SEP 1   1068                      1102    -34      952
  SINCE JUL 1   1068                      1177   -109      967

 COOLING
  TODAY            0                         0      0        0
  MONTH TO DATE    0                         0      0        0
  SINCE SEP 1    100                        28     72       35
  SINCE JAN 1    700                       288    412      513
..................................................................


WIND (MPH)
  HIGHEST WIND SPEED     7   HIGHEST WIND DIRECTION     E (100)
  HIGHEST GUST SPEED    12   HIGHEST GUST DIRECTION    SE (140)
  AVERAGE WIND SPEED     0.3


SKY COVER
  POSSIBLE SUNSHINE  MM
  AVERAGE SKY COVER 0.0


WEATHER CONDITIONS
 THE FOLLOWING WEATHER WAS RECORDED TODAY.
  FOG


RELATIVE HUMIDITY (PERCENT)
 HIGHEST   100          1200 AM
 LOWEST     48           100 PM

..........................................................


THE MT SHASTA CITY CA CLIMATE NORMALS FOR TOMORROW
                         NORMAL    RECORD    YEAR
 MAXIMUM TEMPERATURE (F)   48        70      1939
 MINIMUM TEMPERATURE (F)   28        12      1993


SUNRISE AND SUNSET
NOVEMBER 22 2017......SUNRISE   706 AM PST   SUNSET   445 PM PST
NOVEMBER 23 2017......SUNRISE   707 AM PST   SUNSET   444 PM PST


-  INDICATES NEGATIVE NUMBERS.
R  INDICATES RECORD WAS SET OR TIED.
MM INDICATES DATA IS MISSING.
T  INDICATES TRACE AMOUNT.




$$
