000
CDUS46 KMFR 260035
CLIMHS


CLIMATE REPORT
NATIONAL WEATHER SERVICE MEDFORD, OR
535 PM PDT TUE JUL 25 2017


...................................

...THE MT SHASTA CITY CA CLIMATE SUMMARY FOR JULY 25 2017...
VALID TODAY AS OF 0500 PM LOCAL TIME.

CLIMATE NORMAL PERIOD 1981 TO 2010
CLIMATE RECORD PERIOD 1908 TO 2017


WEATHER ITEM   OBSERVED TIME   RECORD YEAR NORMAL DEPARTURE LAST
                VALUE   (LST)  VALUE       VALUE  FROM      YEAR
                                                  NORMAL
..................................................................
TEMPERATURE (F)
 TODAY
  MAXIMUM         93    244 PM 100    1931  88      5       96
  MINIMUM         56    545 AM  38    1929  50      6       53
  AVERAGE         75                        69      6       75

PRECIPITATION (IN)
  TODAY            0.00          0.02 1986   0.01  -0.01     0.00
  MONTH TO DATE    0.00                      0.33  -0.33      T
  SINCE OCT 1     59.73                     42.14  17.59    42.31
  SINCE JAN 1     38.57                     26.93  11.64    32.82

SNOWFALL (IN)
  TODAY           MM                         0.0   MM       MM
  MONTH TO DATE   MM                         0.0   MM       MM
  SINCE JUL 1     MM                         0.0   MM       MM
  SNOW DEPTH      MM

DEGREE DAYS
 HEATING
  TODAY            0                         1     -1        0
  MONTH TO DATE    0                        31    -31       15
  SINCE JUN 1    105                       173    -68      102
  SINCE JUL 1      0                        31    -31       15

 COOLING
  TODAY           10                         5      5       10
  MONTH TO DATE  179                        97     82       94
  SINCE JUN 1    285                       134    151      201
  SINCE JAN 1    299                       142    157      209
..................................................................


WIND (MPH)
  HIGHEST WIND SPEED     7   HIGHEST WIND DIRECTION    SW (240)
  HIGHEST GUST SPEED    14   HIGHEST GUST DIRECTION    SW (240)
  AVERAGE WIND SPEED     0.9


SKY COVER
  POSSIBLE SUNSHINE  MM
  AVERAGE SKY COVER 0.1


WEATHER CONDITIONS
 THE FOLLOWING WEATHER WAS RECORDED TODAY.
  NO SIGNIFICANT WEATHER WAS OBSERVED.


RELATIVE HUMIDITY (PERCENT)
 HIGHEST    72           500 AM
 LOWEST     19           400 PM

..........................................................


THE MT SHASTA CITY CA CLIMATE NORMALS FOR TOMORROW
                         NORMAL    RECORD    YEAR
 MAXIMUM TEMPERATURE (F)   88        99      1931
 MINIMUM TEMPERATURE (F)   50        41      1955


SUNRISE AND SUNSET
JULY 25 2017..........SUNRISE   558 AM PDT   SUNSET   833 PM PDT
JULY 26 2017..........SUNRISE   559 AM PDT   SUNSET   832 PM PDT


-  INDICATES NEGATIVE NUMBERS.
R  INDICATES RECORD WAS SET OR TIED.
MM INDICATES DATA IS MISSING.
T  INDICATES TRACE AMOUNT.




$$
