000
CDUS46 KMFR 290036
CLIMHS


CLIMATE REPORT
NATIONAL WEATHER SERVICE MEDFORD, OR
536 PM PDT TUE MAR 28 2017


...................................

...THE MT SHASTA CITY CA CLIMATE SUMMARY FOR MARCH 28 2017...
VALID TODAY AS OF 0500 PM LOCAL TIME.

CLIMATE NORMAL PERIOD 1981 TO 2010
CLIMATE RECORD PERIOD 1908 TO 2017


WEATHER ITEM   OBSERVED TIME   RECORD YEAR NORMAL DEPARTURE LAST
                VALUE   (LST)  VALUE       VALUE  FROM      YEAR
                                                  NORMAL
..................................................................
TEMPERATURE (F)
 TODAY
  MAXIMUM         57    330 PM  76    1966  57      0       49
  MINIMUM         37    533 AM  17    1975  31      6       31
  AVERAGE         47                        44      3       40

PRECIPITATION (IN)
  TODAY            0.00          2.10 1915   0.14  -0.14      T
  MONTH TO DATE    5.84                      5.57   0.27    11.21
  SINCE OCT 1     49.15                     35.07  14.08    36.73
  SINCE JAN 1     27.99                     19.86   8.13    27.24

SNOWFALL (IN)
  TODAY           MM                         0.3   MM       MM
  MONTH TO DATE   MM                        12.2   MM       MM
  SINCE JUL 1     MM                        85.1   MM       MM
  SNOW DEPTH      MM

DEGREE DAYS
 HEATING
  TODAY           18                        21     -3       25
  MONTH TO DATE  570                       642    -72      578
  SINCE MAR 1    570                       642    -72      578
  SINCE JUL 1   4467                      4617   -150     4093

 COOLING
  TODAY            0                         0      0        0
  MONTH TO DATE    0                         0      0        0
  SINCE MAR 1      0                         0      0        0
  SINCE JAN 1      0                         0      0        0
..................................................................


WIND (MPH)
  HIGHEST WIND SPEED    17   HIGHEST WIND DIRECTION    NW (300)
  HIGHEST GUST SPEED    32   HIGHEST GUST DIRECTION     W (290)
  AVERAGE WIND SPEED     8.3


SKY COVER
  POSSIBLE SUNSHINE  MM
  AVERAGE SKY COVER 0.3


WEATHER CONDITIONS
 THE FOLLOWING WEATHER WAS RECORDED TODAY.
  NO SIGNIFICANT WEATHER WAS OBSERVED.


RELATIVE HUMIDITY (PERCENT)
 HIGHEST    76           200 AM
 LOWEST     40           300 PM

..........................................................


THE MT SHASTA CITY CA CLIMATE NORMALS FOR TOMORROW
                         NORMAL    RECORD    YEAR
 MAXIMUM TEMPERATURE (F)   57        78      1966
 MINIMUM TEMPERATURE (F)   31        17      1929


SUNRISE AND SUNSET
MARCH 28 2017.........SUNRISE   659 AM PDT   SUNSET   731 PM PDT
MARCH 29 2017.........SUNRISE   657 AM PDT   SUNSET   732 PM PDT


-  INDICATES NEGATIVE NUMBERS.
R  INDICATES RECORD WAS SET OR TIED.
MM INDICATES DATA IS MISSING.
T  INDICATES TRACE AMOUNT.




$$
