000
CDUS46 KMFR 210836
CLIMHS


CLIMATE REPORT
NATIONAL WEATHER SERVICE MEDFORD, OR
136 AM PDT SUN SEP 21 2014


...................................

...THE MT SHASTA CITY CA CLIMATE SUMMARY FOR SEPTEMBER 20 2014...

CLIMATE NORMAL PERIOD 1981 TO 2010
CLIMATE RECORD PERIOD 1908 TO 2014


WEATHER ITEM   OBSERVED TIME   RECORD YEAR NORMAL DEPARTURE LAST
                VALUE   (LST)  VALUE       VALUE  FROM      YEAR
                                                  NORMAL
..................................................................
TEMPERATURE (F)
 YESTERDAY
  MAXIMUM         92    300 PM  93    1952  77     15       76
  MINIMUM         49    611 AM  31    1972  42      7       39
  AVERAGE         71                        60     11       58

PRECIPITATION (IN)
  YESTERDAY        0.00          0.35 2013   0.02  -0.02     0.35
  MONTH TO DATE    0.14                      0.40  -0.26     0.39
  SINCE SEP 1      0.14                      0.40  -0.26     0.39
  SINCE JAN 1     12.42                     27.73 -15.31     7.57

SNOWFALL (IN)
  YESTERDAY       MM                         0.0   MM       MM
  MONTH TO DATE   MM                         0.0   MM       MM
  SINCE JUL 1     MM                         0.0   MM       MM
  SNOW DEPTH      MM

DEGREE DAYS
 HEATING
  YESTERDAY        0                         6     -6        7
  MONTH TO DATE    9                        88    -79       36
  SINCE SEP 1      9                        88    -79       36
  SINCE JUL 1     14                       163   -149       48

 COOLING
  YESTERDAY        6                         1      5        0
  MONTH TO DATE   44                        21     23       47
  SINCE SEP 1     44                        21     23       47
  SINCE JAN 1    542                       281    261      474
..................................................................


WIND (MPH)
  HIGHEST WIND SPEED     7   HIGHEST WIND DIRECTION     N (340)
  HIGHEST GUST SPEED    12   HIGHEST GUST DIRECTION     W (280)
  AVERAGE WIND SPEED     2.0


SKY COVER
  POSSIBLE SUNSHINE  MM
  AVERAGE SKY COVER 0.0


WEATHER CONDITIONS
 THE FOLLOWING WEATHER WAS RECORDED YESTERDAY.
  NO SIGNIFICANT WEATHER WAS OBSERVED.


RELATIVE HUMIDITY (PERCENT)
 HIGHEST    74           500 AM
 LOWEST     20           200 PM

..........................................................


THE MT SHASTA CITY CA CLIMATE NORMALS FOR TODAY
                         NORMAL    RECORD    YEAR
 MAXIMUM TEMPERATURE (F)   77        94      1974
 MINIMUM TEMPERATURE (F)   42        28      1933


SUNRISE AND SUNSET
SEPTEMBER 21 2014.....SUNRISE   656 AM PDT   SUNSET   708 PM PDT
SEPTEMBER 22 2014.....SUNRISE   657 AM PDT   SUNSET   706 PM PDT


-  INDICATES NEGATIVE NUMBERS.
R  INDICATES RECORD WAS SET OR TIED.
MM INDICATES DATA IS MISSING.
T  INDICATES TRACE AMOUNT.




$$
