000
CDUS46 KMFR 050837
CLIMHS


CLIMATE REPORT
NATIONAL WEATHER SERVICE MEDFORD, OR
136 AM PDT THU MAY 5 2016


...................................

...THE MT SHASTA CITY CA CLIMATE SUMMARY FOR MAY 4 2016...

CLIMATE NORMAL PERIOD 1981 TO 2010
CLIMATE RECORD PERIOD 1908 TO 2016


WEATHER ITEM   OBSERVED TIME   RECORD YEAR NORMAL DEPARTURE LAST
                VALUE   (LST)  VALUE       VALUE  FROM      YEAR
                                                  NORMAL
..................................................................
TEMPERATURE (F)
 YESTERDAY
  MAXIMUM         65    446 PM  86    1992  66     -1       79
  MINIMUM         43    323 AM  25    1999  37      6       43
  AVERAGE         54                        51      3       61

PRECIPITATION (IN)
  YESTERDAY        0.17          1.09 2009   0.07   0.10     0.00
  MONTH TO DATE    0.17                      0.29  -0.12     0.00
  SINCE OCT 1     38.80                     38.68   0.12    32.91
  SINCE JAN 1     29.31                     23.47   5.84    13.39

SNOWFALL (IN)
  YESTERDAY       MM                         0.0   MM       MM
  MONTH TO DATE   MM                         0.1   MM       MM
  SINCE JUL 1     MM                        91.6   MM       MM
  SNOW DEPTH      MM

DEGREE DAYS
 HEATING
  YESTERDAY       11                        14     -3        4
  MONTH TO DATE   37                        56    -19       18
  SINCE MAR 1   1027                      1296   -269      972
  SINCE JUL 1   4542                      5271   -729     3938

 COOLING
  YESTERDAY        0                         0      0        0
  MONTH TO DATE    0                         0      0        0
  SINCE MAR 1      0                         0      0        0
  SINCE JAN 1      0                         0      0        0
..................................................................


WIND (MPH)
  HIGHEST WIND SPEED     9   HIGHEST WIND DIRECTION     N (340)
  HIGHEST GUST SPEED    20   HIGHEST GUST DIRECTION     N (350)
  AVERAGE WIND SPEED     1.6


SKY COVER
  POSSIBLE SUNSHINE  MM
  AVERAGE SKY COVER 0.5


WEATHER CONDITIONS
 THE FOLLOWING WEATHER WAS RECORDED YESTERDAY.
  RAIN
  LIGHT RAIN
  FOG


RELATIVE HUMIDITY (PERCENT)
 HIGHEST    96           900 AM
 LOWEST     48           500 PM

..........................................................


THE MT SHASTA CITY CA CLIMATE NORMALS FOR TODAY
                         NORMAL    RECORD    YEAR
 MAXIMUM TEMPERATURE (F)   66        88      1992
 MINIMUM TEMPERATURE (F)   37        27      1978


SUNRISE AND SUNSET
MAY  5 2016...........SUNRISE   601 AM PDT   SUNSET   812 PM PDT
MAY  6 2016...........SUNRISE   600 AM PDT   SUNSET   813 PM PDT


-  INDICATES NEGATIVE NUMBERS.
R  INDICATES RECORD WAS SET OR TIED.
MM INDICATES DATA IS MISSING.
T  INDICATES TRACE AMOUNT.




$$
