000
CDUS42 KMFL 220925
CLIMIA


CLIMATE REPORT
NATIONAL WEATHER SERVICE MIAMI, FL
425 AM EST THU FEB 22 2018


...................................

...THE MIAMI CLIMATE SUMMARY FOR FEBRUARY 21 2018...

CLIMATE NORMAL PERIOD 1981 TO 2010
CLIMATE RECORD PERIOD 1895 TO 2018


WEATHER ITEM   OBSERVED TIME   RECORD YEAR NORMAL DEPARTURE LAST
                VALUE   (LST)  VALUE       VALUE  FROM      YEAR
                                                  NORMAL
..................................................................
TEMPERATURE (F)
 YESTERDAY
  MAXIMUM         83    238 PM  86    1989  79      4       79
  MINIMUM         74   1052 PM  41    1977  63     11       67
                                      1901
  AVERAGE         79                        71      8       73

PRECIPITATION (IN)
  YESTERDAY        0.00          2.51 1922   0.07  -0.07      T
  MONTH TO DATE    0.26                      1.67  -1.41      T
  SINCE NOV 1      6.34                      8.60  -2.26     6.67
  SINCE JAN 1      1.27                      3.29  -2.02     3.40

SNOWFALL (IN)
  YESTERDAY        0.0
  MONTH TO DATE    0.0
  SINCE DEC 1      0.0
  SINCE JUL 1      0.0
  SNOW DEPTH       0

DEGREE DAYS
 HEATING
  YESTERDAY        0                         1     -1        0
  MONTH TO DATE    0                        21    -21        0
  SINCE DEC 1     78                       108    -30       14
  SINCE JUL 1     78                       111    -33       14

 COOLING
  YESTERDAY       14                         7      7        8
  MONTH TO DATE  244                       122    122      167
  SINCE DEC 1    638                       476    162      796
  SINCE JAN 1    396                       273    123      425
..................................................................


WIND (MPH)
  HIGHEST WIND SPEED    25   HIGHEST WIND DIRECTION     E (80)
  HIGHEST GUST SPEED    37   HIGHEST GUST DIRECTION     E (90)
  AVERAGE WIND SPEED    16.8


SKY COVER
  POSSIBLE SUNSHINE  MM
  AVERAGE SKY COVER 0.5


WEATHER CONDITIONS
 THE FOLLOWING WEATHER WAS RECORDED YESTERDAY.
  NO SIGNIFICANT WEATHER WAS OBSERVED.


RELATIVE HUMIDITY (PERCENT)
 HIGHEST    87
 LOWEST     62
 AVERAGE    75

..........................................................


THE MIAMI CLIMATE NORMALS FOR TODAY
                         NORMAL    RECORD    YEAR
 MAXIMUM TEMPERATURE (F)   79        87      1987
                                             1974
 MINIMUM TEMPERATURE (F)   63        40      1901


SUNRISE AND SUNSET
FEBRUARY 22 2018......SUNRISE   651 AM EST   SUNSET   619 PM EST
FEBRUARY 23 2018......SUNRISE   650 AM EST   SUNSET   619 PM EST


-  INDICATES NEGATIVE NUMBERS.
R  INDICATES RECORD WAS SET OR TIED.
MM INDICATES DATA IS MISSING.
T  INDICATES TRACE AMOUNT.




$$
