000
CDUS42 KMFL 310825
CLIMIA


CLIMATE REPORT
NATIONAL WEATHER SERVICE MIAMI, FL
425 AM EDT FRI OCT 31 2014


...................................

...THE MIAMI CLIMATE SUMMARY FOR OCTOBER 30 2014...

CLIMATE NORMAL PERIOD 1981 TO 2010
CLIMATE RECORD PERIOD 1839 TO 2014


WEATHER ITEM   OBSERVED TIME   RECORD YEAR NORMAL DEPARTURE LAST
                VALUE   (LST)  VALUE       VALUE  FROM      YEAR
                                                  NORMAL
..................................................................
TEMPERATURE (F)
 YESTERDAY
  MAXIMUM         86   1244 PM  92    2002  84      2       85
  MINIMUM         70    614 AM  46    1938  71     -1       76
  AVERAGE         78                        78      0       81

PRECIPITATION (IN)
  YESTERDAY        0.00          3.48 1969   0.12  -0.12     0.00
  MONTH TO DATE    3.24                      6.20  -2.96     6.86
  SINCE JUN 1     49.47                     41.11   8.36    40.64
  SINCE JAN 1     59.62                     56.46   3.16    60.01

SNOWFALL (IN)
  YESTERDAY        0.0
  MONTH TO DATE    0.0
  SINCE SEP 1      0.0
  SINCE JUL 1      0.0
  SNOW DEPTH       0

DEGREE DAYS
 HEATING
  YESTERDAY        0                         0      0
  MONTH TO DATE    0                         0      0
  SINCE SEP 1      0                         0      0
  SINCE JUL 1      0                         0      0

 COOLING
  YESTERDAY       13                        13      0
  MONTH TO DATE  455                       449      6
  SINCE SEP 1    989                       986      3
  SINCE JAN 1   4284                      4061    223
..................................................................


WIND (MPH)
  HIGHEST WIND SPEED     9   HIGHEST WIND DIRECTION     E (80)
  HIGHEST GUST SPEED    18   HIGHEST GUST DIRECTION     N (350)
  AVERAGE WIND SPEED     3.7


SKY COVER
  POSSIBLE SUNSHINE  75 PERCENT
  AVERAGE SKY COVER 0.5


WEATHER CONDITIONS
 THE FOLLOWING WEATHER WAS RECORDED YESTERDAY.
  NO SIGNIFICANT WEATHER WAS OBSERVED.


RELATIVE HUMIDITY (PERCENT)
 HIGHEST    90
 LOWEST     45
 AVERAGE    68

..........................................................


THE MIAMI CLIMATE NORMALS FOR TODAY
                         NORMAL    RECORD    YEAR
 MAXIMUM TEMPERATURE (F)   84        91      2002
 MINIMUM TEMPERATURE (F)   71        55      1938


SUNRISE AND SUNSET
OCTOBER 31 2014.......SUNRISE   729 AM EDT   SUNSET   640 PM EDT
NOVEMBER  1 2014......SUNRISE   730 AM EDT   SUNSET   640 PM EDT


-  INDICATES NEGATIVE NUMBERS.
R  INDICATES RECORD WAS SET OR TIED.
MM INDICATES DATA IS MISSING.
T  INDICATES TRACE AMOUNT.




$$
