540
CDUS42 KMFL 302021
CLIMIA


CLIMATE REPORT
NATIONAL WEATHER SERVICE MIAMI, FL
419 PM EDT SUN APR 30 2017


...................................

...THE MIAMI CLIMATE SUMMARY FOR APRIL 30 2017...
VALID TODAY AS OF 0400 PM LOCAL TIME.

CLIMATE NORMAL PERIOD 1981 TO 2010
CLIMATE RECORD PERIOD 1895 TO 2017


WEATHER ITEM   OBSERVED TIME   RECORD YEAR NORMAL DEPARTURE LAST
                VALUE   (LST)  VALUE       VALUE  FROM      YEAR
                                                  NORMAL
..................................................................
TEMPERATURE (F)
 TODAY
  MAXIMUM         88    205 PM  96    1971  85      3       84
  MINIMUM         79    636 AM  55    1939  70      9       74
                                      1938
                                      1916
  AVERAGE         84                        78      6       79

PRECIPITATION (IN)
  TODAY            0.00          2.33 2013   0.09  -0.09     0.00
  MONTH TO DATE    2.16                      3.14  -0.98     1.09
  SINCE NOV 1     14.06                     15.32  -1.26    29.49
  SINCE JAN 1     10.79                     10.01   0.78    12.12

SNOWFALL (IN)
  TODAY            0.0
  MONTH TO DATE    0.0
  SINCE MAR 1      0.0
  SINCE JUL 1      0.0
  SNOW DEPTH       0

DEGREE DAYS
 HEATING
  TODAY            0                         0      0        0
  MONTH TO DATE    0                         0      0        0
  SINCE MAR 1      3                        12     -9        0
  SINCE JUL 1     17                       128   -111       67

 COOLING
  TODAY           19                        13      6       14
  MONTH TO DATE  396                       324     72      367
  SINCE MAR 1    667                       571     96      731
  SINCE JAN 1   1161                       893    268      988
..................................................................


WIND (MPH)
  HIGHEST WIND SPEED    24   HIGHEST WIND DIRECTION     E (100)
  HIGHEST GUST SPEED    32   HIGHEST GUST DIRECTION     E (110)
  AVERAGE WIND SPEED    18.3


SKY COVER
  AVERAGE SKY COVER 0.7


WEATHER CONDITIONS
 THE FOLLOWING WEATHER WAS RECORDED TODAY.
  NO SIGNIFICANT WEATHER WAS OBSERVED.


RELATIVE HUMIDITY (PERCENT)
 HIGHEST    74
 LOWEST     61
 AVERAGE    68

..........................................................


THE MIAMI CLIMATE NORMALS FOR TOMORROW
                         NORMAL    RECORD    YEAR
 MAXIMUM TEMPERATURE (F)   85        92      1971
 MINIMUM TEMPERATURE (F)   71        57      1903


SUNRISE AND SUNSET
APRIL 30 2017.........SUNRISE   645 AM EDT   SUNSET   752 PM EDT
MAY  1 2017...........SUNRISE   644 AM EDT   SUNSET   753 PM EDT


-  INDICATES NEGATIVE NUMBERS.
R  INDICATES RECORD WAS SET OR TIED.
MM INDICATES DATA IS MISSING.
T  INDICATES TRACE AMOUNT.




$$
