000
CDUS42 KMFL 260827
CLIMIA


CLIMATE REPORT
NATIONAL WEATHER SERVICE MIAMI, FL
426 AM EDT TUE JUL 26 2016


...................................

...THE MIAMI CLIMATE SUMMARY FOR JULY 25 2016...

CLIMATE NORMAL PERIOD 1981 TO 2010
CLIMATE RECORD PERIOD 1895 TO 2016


WEATHER ITEM   OBSERVED TIME   RECORD YEAR NORMAL DEPARTURE LAST
                VALUE   (LST)  VALUE       VALUE  FROM      YEAR
                                                  NORMAL
..................................................................
TEMPERATURE (F)
 YESTERDAY
  MAXIMUM         91    214 PM  96    1940  91      0       88
  MINIMUM         78    454 AM  71    1984  78      0       73
                                      1951
                                      1910
  AVERAGE         85                        84      1       81

PRECIPITATION (IN)
  YESTERDAY        0.00          2.29 1937   0.19  -0.19     1.07
  MONTH TO DATE    3.79                      5.29  -1.50     3.67
  SINCE JUN 1     12.51                     14.96  -2.45     7.27
  SINCE JAN 1     32.90                     30.31   2.59    18.77

SNOWFALL (IN)
  YESTERDAY        0.0
  MONTH TO DATE    0.0
  SINCE JUN 1      0.0
  SINCE JUL 1      0.0
  SNOW DEPTH       0

DEGREE DAYS
 HEATING
  YESTERDAY        0                         0      0        0
  MONTH TO DATE    0                         0      0        0
  SINCE JUN 1      0                         0      0        0
  SINCE JUL 1      0                         0      0        0

 COOLING
  YESTERDAY       20                        19      1       16
  MONTH TO DATE  499                       474     25      497
  SINCE JUN 1   1060                      1006     54     1062
  SINCE JAN 1   2522                      2362    160     2739
..................................................................


WIND (MPH)
  HIGHEST WIND SPEED    16   HIGHEST WIND DIRECTION    SE (120)
  HIGHEST GUST SPEED    23   HIGHEST GUST DIRECTION     E (100)
  AVERAGE WIND SPEED     7.3


SKY COVER
  POSSIBLE SUNSHINE  94 PERCENT
  AVERAGE SKY COVER 0.5


WEATHER CONDITIONS
 THE FOLLOWING WEATHER WAS RECORDED YESTERDAY.
  NO SIGNIFICANT WEATHER WAS OBSERVED.


RELATIVE HUMIDITY (PERCENT)
 HIGHEST    85
 LOWEST     59
 AVERAGE    72

..........................................................


THE MIAMI CLIMATE NORMALS FOR TODAY
                         NORMAL    RECORD    YEAR
 MAXIMUM TEMPERATURE (F)   91        97      1983
 MINIMUM TEMPERATURE (F)   78        70      1946


SUNRISE AND SUNSET
JULY 26 2016..........SUNRISE   645 AM EDT   SUNSET   810 PM EDT
JULY 27 2016..........SUNRISE   645 AM EDT   SUNSET   810 PM EDT


-  INDICATES NEGATIVE NUMBERS.
R  INDICATES RECORD WAS SET OR TIED.
MM INDICATES DATA IS MISSING.
T  INDICATES TRACE AMOUNT.




$$
