000
CDUS42 KMFL 060923
CLIMIA


CLIMATE REPORT
NATIONAL WEATHER SERVICE MIAMI, FL
422 AM EST FRI MAR 6 2015


...................................

...THE MIAMI CLIMATE SUMMARY FOR MARCH 5 2015...

CLIMATE NORMAL PERIOD 1981 TO 2010
CLIMATE RECORD PERIOD 1895 TO 2015


WEATHER ITEM   OBSERVED TIME   RECORD YEAR NORMAL DEPARTURE LAST
                VALUE   (LST)  VALUE       VALUE  FROM      YEAR
                                                  NORMAL
..................................................................
TEMPERATURE (F)
 YESTERDAY
  MAXIMUM         84    249 PM  90    1964  80      4       84
  MINIMUM         73   1152 PM  44    2010  64      9       72
                                      1930
                                      1909
  AVERAGE         79                        72      7       78

PRECIPITATION (IN)
  YESTERDAY        0.00          1.40 2008   0.08  -0.08      T
  MONTH TO DATE    T                         0.41  -0.41      T
  SINCE NOV 1      7.74                      9.59  -1.85    13.47
  SINCE JAN 1      3.76                      4.28  -0.52     3.07

SNOWFALL (IN)
  YESTERDAY        0.0
  MONTH TO DATE    0.0
  SINCE MAR 1      0.0
  SINCE JUL 1      0.0
  SNOW DEPTH       0

DEGREE DAYS
 HEATING
  YESTERDAY        0                         1     -1        0
  MONTH TO DATE    0                         5     -5        0
  SINCE MAR 1      0                         5     -5        0
  SINCE JUL 1     76                       121    -45       61

 COOLING
  YESTERDAY       14                         7      7       13
  MONTH TO DATE   64                        35     29       44
  SINCE MAR 1     64                        35     29       44
  SINCE JAN 1    403                       357     46      465
..................................................................


WIND (MPH)
  HIGHEST WIND SPEED    20   HIGHEST WIND DIRECTION    SE (130)
  HIGHEST GUST SPEED    27   HIGHEST GUST DIRECTION     S (160)
  AVERAGE WIND SPEED    10.3


SKY COVER
  POSSIBLE SUNSHINE  86 PERCENT
  AVERAGE SKY COVER 0.4


WEATHER CONDITIONS
 THE FOLLOWING WEATHER WAS RECORDED YESTERDAY.
  NO SIGNIFICANT WEATHER WAS OBSERVED.


RELATIVE HUMIDITY (PERCENT)
 HIGHEST    82
 LOWEST     58
 AVERAGE    70

..........................................................


THE MIAMI CLIMATE NORMALS FOR TODAY
                         NORMAL    RECORD    YEAR
 MAXIMUM TEMPERATURE (F)   80        88      2003
                                             1963
 MINIMUM TEMPERATURE (F)   64        44      1920


SUNRISE AND SUNSET
MARCH  6 2015.........SUNRISE   640 AM EST   SUNSET   625 PM EST
MARCH  7 2015.........SUNRISE   639 AM EST   SUNSET   626 PM EST


-  INDICATES NEGATIVE NUMBERS.
R  INDICATES RECORD WAS SET OR TIED.
MM INDICATES DATA IS MISSING.
T  INDICATES TRACE AMOUNT.




$$
