000
CDUS43 KIND 310533
CLIMIE


CLIMATE REPORT
NATIONAL WEATHER SERVICE INDIANAPOLIS IN
131 AM EDT FRI OCT 31 2014


...................................

...THE MUNCIE IN CLIMATE SUMMARY FOR OCTOBER 30 2014...

CLIMATE NORMAL PERIOD 1981 TO 2010
CLIMATE RECORD PERIOD 9999 TO 9999


WEATHER ITEM   OBSERVED TIME   NORMAL DEPARTURE LAST
                VALUE   (LST)  VALUE  FROM      YEAR
                                      NORMAL
......................................................
TEMPERATURE (F)
 YESTERDAY
  MAXIMUM         52    413 PM  59     -7       64
  MINIMUM         41    211 AM  40      1       50
  AVERAGE         47            49     -2       57

PRECIPITATION (IN)
  YESTERDAY        0.00          0.09  -0.09     0.15
  MONTH TO DATE    2.64          2.82  -0.18     2.76
  SINCE SEP 1      6.21          5.78   0.43     6.55
  SINCE JAN 1     34.63         33.69   0.94    31.43

DEGREE DAYS
 HEATING
  YESTERDAY       18            16      2        8
  MONTH TO DATE  330           348    -18      359
  SINCE SEP 1    444           439      5      442
  SINCE JUL 1    470           449     21      468

 COOLING
  YESTERDAY        0             0      0        0
  MONTH TO DATE    9            13     -4       34
  SINCE SEP 1     76           118    -42      158
  SINCE JAN 1    831           952   -121      973
......................................................


WIND (MPH)
  HIGHEST WIND SPEED     7   HIGHEST WIND DIRECTION     S (160)
  HIGHEST GUST SPEED    10   HIGHEST GUST DIRECTION     N (360)
  AVERAGE WIND SPEED     2.2


SKY COVER
  AVERAGE SKY COVER 0.9


WEATHER CONDITIONS
 THE FOLLOWING WEATHER WAS RECORDED YESTERDAY.
  NO SIGNIFICANT WEATHER WAS OBSERVED.


RELATIVE HUMIDITY (PERCENT)
 HIGHEST    82           500 AM
 LOWEST     52           200 PM
 AVERAGE    67

..........................................................


THE MUNCIE IN CLIMATE NORMALS FOR TODAY
                         NORMAL
 MAXIMUM TEMPERATURE (F)   59
 MINIMUM TEMPERATURE (F)   39


SUNRISE AND SUNSET
OCTOBER 31 2014.......SUNRISE   810 AM EDT   SUNSET   640 PM EDT
NOVEMBER  1 2014......SUNRISE   811 AM EDT   SUNSET   639 PM EDT


-  INDICATES NEGATIVE NUMBERS.
R  INDICATES RECORD WAS SET OR TIED.
MM INDICATES DATA IS MISSING.
T  INDICATES TRACE AMOUNT.




$$
