000
CDUS43 KIND 240532
CLIMIE


CLIMATE REPORT
NATIONAL WEATHER SERVICE INDIANAPOLIS IN
131 AM EDT MON APR 24 2017


...................................

...THE MUNCIE IN CLIMATE SUMMARY FOR APRIL 23 2017...

CLIMATE NORMAL PERIOD 1981 TO 2010
CLIMATE RECORD PERIOD 9999 TO 9999


WEATHER ITEM   OBSERVED TIME   NORMAL DEPARTURE LAST
                VALUE   (LST)  VALUE  FROM      YEAR
                                      NORMAL
......................................................
TEMPERATURE (F)
 YESTERDAY
  MAXIMUM         72    440 PM  65      7       64
  MINIMUM         34    613 AM  44    -10       48
  AVERAGE         53            54     -1       56

PRECIPITATION (IN)
  YESTERDAY        0.00          0.11  -0.11     0.00
  MONTH TO DATE    1.98          2.81  -0.83     1.96
  SINCE MAR 1      6.82          5.76   1.06     7.03
  SINCE JAN 1     12.53         10.30   2.23    10.14

DEGREE DAYS
 HEATING
  YESTERDAY       12            11      1        9
  MONTH TO DATE  198           351   -153      331
  SINCE MAR 1    884          1138   -254      835
  SINCE JUL 1   4172          5521  -1349     4426

 COOLING
  YESTERDAY        0             1     -1        0
  MONTH TO DATE   22             6     16        2
  SINCE MAR 1     24             7     17        2
  SINCE JAN 1     24             7     17        2
......................................................


WIND (MPH)
  HIGHEST WIND SPEED    20   HIGHEST WIND DIRECTION    NE (50)
  HIGHEST GUST SPEED    26   HIGHEST GUST DIRECTION    NE (30)
  AVERAGE WIND SPEED     9.8


SKY COVER
  AVERAGE SKY COVER 0.0


WEATHER CONDITIONS
 THE FOLLOWING WEATHER WAS RECORDED YESTERDAY.
  NO SIGNIFICANT WEATHER WAS OBSERVED.


RELATIVE HUMIDITY (PERCENT)
 HIGHEST    82           600 AM
 LOWEST     19           500 PM
 AVERAGE    51

..........................................................


THE MUNCIE IN CLIMATE NORMALS FOR TODAY
                         NORMAL
 MAXIMUM TEMPERATURE (F)   65
 MINIMUM TEMPERATURE (F)   44


SUNRISE AND SUNSET
APRIL 24 2017.........SUNRISE   650 AM EDT   SUNSET   830 PM EDT
APRIL 25 2017.........SUNRISE   649 AM EDT   SUNSET   831 PM EDT


-  INDICATES NEGATIVE NUMBERS.
R  INDICATES RECORD WAS SET OR TIED.
MM INDICATES DATA IS MISSING.
T  INDICATES TRACE AMOUNT.




$$
