000
CDUS43 KIND 250532
CLIMIE


CLIMATE REPORT
NATIONAL WEATHER SERVICE INDIANAPOLIS IN
1231 AM EST SAT NOV 25 2017


...................................

...THE MUNCIE IN CLIMATE SUMMARY FOR NOVEMBER 24 2017...

CLIMATE NORMAL PERIOD 1981 TO 2010
CLIMATE RECORD PERIOD 9999 TO 9999


WEATHER ITEM   OBSERVED TIME   NORMAL DEPARTURE LAST
                VALUE   (LST)  VALUE  FROM      YEAR
                                      NORMAL
......................................................
TEMPERATURE (F)
 YESTERDAY
  MAXIMUM         58    233 PM  47     11       50
  MINIMUM         34    311 AM  31      3       39
  AVERAGE         46            39      7       45

PRECIPITATION (IN)
  YESTERDAY        0.00          0.12  -0.12     0.01
  MONTH TO DATE    5.78          2.78   3.00     1.69
  SINCE SEP 1     11.69          8.66   3.03     8.73
  SINCE JAN 1     46.58         36.57  10.01    38.01

DEGREE DAYS
 HEATING
  YESTERDAY       19            26     -7       20
  MONTH TO DATE  506           504      2      380
  SINCE SEP 1    798           958   -160      577
  SINCE JUL 1    801           968   -167      580

 COOLING
  YESTERDAY        0             0      0        0
  MONTH TO DATE    0             0      0       11
  SINCE SEP 1    212           121     91      255
  SINCE JAN 1   1090           955    135     1355
......................................................


WIND (MPH)
  HIGHEST WIND SPEED    23   HIGHEST WIND DIRECTION     S (190)
  HIGHEST GUST SPEED    30   HIGHEST GUST DIRECTION    SW (210)
  AVERAGE WIND SPEED    11.9


SKY COVER
  AVERAGE SKY COVER 0.0


WEATHER CONDITIONS
 THE FOLLOWING WEATHER WAS RECORDED YESTERDAY.
  NO SIGNIFICANT WEATHER WAS OBSERVED.


RELATIVE HUMIDITY (PERCENT)
 HIGHEST    64          1200 AM
 LOWEST     35           100 PM
 AVERAGE    50

..........................................................


THE MUNCIE IN CLIMATE NORMALS FOR TODAY
                         NORMAL
 MAXIMUM TEMPERATURE (F)   46
 MINIMUM TEMPERATURE (F)   31


SUNRISE AND SUNSET
NOVEMBER 25 2017......SUNRISE   739 AM EST   SUNSET   518 PM EST
NOVEMBER 26 2017......SUNRISE   740 AM EST   SUNSET   518 PM EST


-  INDICATES NEGATIVE NUMBERS.
R  INDICATES RECORD WAS SET OR TIED.
MM INDICATES DATA IS MISSING.
T  INDICATES TRACE AMOUNT.




$$
