000
CDUS43 KMKX 220700
CLIMKE


CLIMATE REPORT
NATIONAL WEATHER SERVICE IN MILWAUKEE
200 AM CDT SAT JUL 22 2017


...................................

...THE MILWAUKEE WI CLIMATE SUMMARY FOR JULY 21 2017...

CLIMATE NORMAL PERIOD 1981 TO 2010
CLIMATE RECORD PERIOD 1871 TO 2017


WEATHER ITEM   OBSERVED TIME   RECORD YEAR NORMAL DEPARTURE LAST
                VALUE   (LST)  VALUE       VALUE  FROM      YEAR
                                                  NORMAL
..................................................................
TEMPERATURE (F)
 YESTERDAY
  MAXIMUM         83    101 PM  99    1983  80      3       93
  MINIMUM         66    953 PM  49    1970  64      2       70
                                      1950
  AVERAGE         75                        72      3       82

PRECIPITATION (IN)
  YESTERDAY        0.38          2.36 1907   0.11   0.27     0.51
  MONTH TO DATE    3.64                      2.52   1.12     0.85
  SINCE JUN 1      8.85                      6.42   2.43     4.34
  SINCE JAN 1     25.64                     19.06   6.58    13.16

SNOWFALL (IN)
  YESTERDAY        0.0           0.0    MM   0.0    0.0      0.0
  MONTH TO DATE    0.0                       0.0    0.0      0.0
  SINCE JUN 1      0.0                       0.0    0.0      0.0
  SINCE JUL 1      0.0                       0.0    0.0      0.0
  SNOW DEPTH       0

DEGREE DAYS
 HEATING
  YESTERDAY        0                         0      0        0
  MONTH TO DATE    1                         4     -3        2
  SINCE JUN 1     15                        88    -73       31
  SINCE JUL 1      1                         4     -3        2

 COOLING
  YESTERDAY       10                         7      3       17
  MONTH TO DATE  158                       146     12      184
  SINCE JUN 1    340                       266     74      335
  SINCE JAN 1    361                       296     65      380
..................................................................


WIND (MPH)
  HIGHEST WIND SPEED    17   HIGHEST WIND DIRECTION    SE (140)
  HIGHEST GUST SPEED    20   HIGHEST GUST DIRECTION    SE (140)
  AVERAGE WIND SPEED     5.9


SKY COVER
  POSSIBLE SUNSHINE  MM
  AVERAGE SKY COVER 0.9


WEATHER CONDITIONS
 THE FOLLOWING WEATHER WAS RECORDED YESTERDAY.
  RAIN
  LIGHT RAIN
  FOG


RELATIVE HUMIDITY (PERCENT)
 HIGHEST    93           300 AM
 LOWEST     69           900 AM
 AVERAGE    81

..........................................................


THE MILWAUKEE WI CLIMATE NORMALS FOR TODAY
                         NORMAL    RECORD    YEAR
 MAXIMUM TEMPERATURE (F)   80        97      1955
 MINIMUM TEMPERATURE (F)   64        47      1947


SUNRISE AND SUNSET
JULY 22 2017..........SUNRISE   533 AM CDT   SUNSET   823 PM CDT
JULY 23 2017..........SUNRISE   534 AM CDT   SUNSET   822 PM CDT


-  INDICATES NEGATIVE NUMBERS.
R  INDICATES RECORD WAS SET OR TIED.
MM INDICATES DATA IS MISSING.
T  INDICATES TRACE AMOUNT.




$$
