000
CDUS43 KMKX 300651
CLIMKE


CLIMATE REPORT
NATIONAL WEATHER SERVICE IN MILWAUKEE
150 AM CDT THU MAR 30 2017


...................................

...THE MILWAUKEE WI CLIMATE SUMMARY FOR MARCH 29 2017...

CLIMATE NORMAL PERIOD 1981 TO 2010
CLIMATE RECORD PERIOD 1871 TO 2017


WEATHER ITEM   OBSERVED TIME   RECORD YEAR NORMAL DEPARTURE LAST
                VALUE   (LST)  VALUE       VALUE  FROM      YEAR
                                                  NORMAL
..................................................................
TEMPERATURE (F)
 YESTERDAY
  MAXIMUM         44   1259 PM  82    1986  47     -3       51
  MINIMUM         32    545 AM   4    1887  32      0       29
  AVERAGE         38                        39     -1       40

PRECIPITATION (IN)
  YESTERDAY        0.11          1.87 1914   0.09   0.02     0.00
  MONTH TO DATE    2.61                      2.08   0.53     2.76
  SINCE MAR 1      2.61                      2.08   0.53     2.76
  SINCE JAN 1      6.62                      5.49   1.13     4.07

SNOWFALL (IN)
  YESTERDAY        0.0           4.7  1972   0.1   -0.1      0.0
  MONTH TO DATE   13.6                       6.7    6.9      6.6
  SINCE MAR 1     13.6                       6.7    6.9      6.6
  SINCE JUL 1     37.6                      44.5   -6.9     35.7
  SNOW DEPTH       0

DEGREE DAYS
 HEATING
  YESTERDAY       27                        26      1       25
  MONTH TO DATE  836                       880    -44      735
  SINCE MAR 1    836                       880    -44      735
  SINCE JUL 1   4835                      5860  -1025     4954

 COOLING
  YESTERDAY        0                         0      0        0
  MONTH TO DATE    0                         0      0        0
  SINCE MAR 1      0                         0      0        0
  SINCE JAN 1      0                         0      0        0
..................................................................


WIND (MPH)
  HIGHEST WIND SPEED    23   HIGHEST WIND DIRECTION     E (80)
  HIGHEST GUST SPEED    28   HIGHEST GUST DIRECTION     E (70)
  AVERAGE WIND SPEED    10.0


SKY COVER
  POSSIBLE SUNSHINE  MM
  AVERAGE SKY COVER 1.0


WEATHER CONDITIONS
 THE FOLLOWING WEATHER WAS RECORDED YESTERDAY.
  LIGHT RAIN
  FOG
  FOG W/VISIBILITY <= 1/4 MILE


RELATIVE HUMIDITY (PERCENT)
 HIGHEST   100          1200 AM
 LOWEST     70          1200 PM
 AVERAGE    85

..........................................................


THE MILWAUKEE WI CLIMATE NORMALS FOR TODAY
                         NORMAL    RECORD    YEAR
 MAXIMUM TEMPERATURE (F)   48        77      1967
                                             1943
 MINIMUM TEMPERATURE (F)   32         7      1969


SUNRISE AND SUNSET
MARCH 30 2017.........SUNRISE   637 AM CDT   SUNSET   716 PM CDT
MARCH 31 2017.........SUNRISE   635 AM CDT   SUNSET   717 PM CDT


-  INDICATES NEGATIVE NUMBERS.
R  INDICATES RECORD WAS SET OR TIED.
MM INDICATES DATA IS MISSING.
T  INDICATES TRACE AMOUNT.




$$
