000
CDUS43 KMKX 282256
CLIMKE


CLIMATE REPORT
NATIONAL WEATHER SERVICE IN MILWAUKEE
455 PM CST SUN DEC 28 2014


...................................

...THE MILWAUKEE WI CLIMATE SUMMARY FOR DECEMBER 28 2014...
VALID TODAY AS OF 0400 PM LOCAL TIME.

CLIMATE NORMAL PERIOD 1981 TO 2010
CLIMATE RECORD PERIOD 1871 TO 2014


WEATHER ITEM   OBSERVED TIME   RECORD YEAR NORMAL DEPARTURE LAST
                VALUE   (LST)  VALUE       VALUE  FROM      YEAR
                                                  NORMAL
..................................................................
TEMPERATURE (F)
 TODAY
  MAXIMUM         34    258 PM  62    1984  30      4       42
  MINIMUM         22    821 AM -20    1880  17      5       25
  AVERAGE         28                        24      4       34

PRECIPITATION (IN)
  TODAY            0.00          0.67 1968   0.06  -0.06     0.00
  MONTH TO DATE    1.03                      1.87  -0.84     1.69
  SINCE DEC 1      1.03                      1.87  -0.84     1.69
  SINCE JAN 1     32.11                     34.59  -2.48    39.92

SNOWFALL (IN)
  TODAY            0.0           5.5  2007   0.4   -0.4      0.0
  MONTH TO DATE    0.5                       9.4   -8.9     18.1
  SINCE DEC 1      0.5                       9.4   -8.9     18.1
  SINCE JUL 1      5.3                      12.1   -6.8     20.1
  SNOW DEPTH       0

DEGREE DAYS
 HEATING
  TODAY           37                        42     -5       31
  MONTH TO DATE  884                      1068   -184     1192
  SINCE DEC 1    884                      1068   -184     1192
  SINCE JUL 1   2455                      2433     22     2567

 COOLING
  TODAY            0                         0      0        0
  MONTH TO DATE    0                         0      0        0
  SINCE DEC 1      0                         0      0        0
  SINCE JAN 1    464                       641   -177      688
..................................................................


WIND (MPH)
  HIGHEST WIND SPEED    15   HIGHEST WIND DIRECTION    NW (300)
  HIGHEST GUST SPEED    19   HIGHEST GUST DIRECTION    NW (300)
  AVERAGE WIND SPEED     8.1


SKY COVER
  POSSIBLE SUNSHINE  MM
  AVERAGE SKY COVER 0.3


WEATHER CONDITIONS
 THE FOLLOWING WEATHER WAS RECORDED TODAY.
  NO SIGNIFICANT WEATHER WAS OBSERVED.


RELATIVE HUMIDITY (PERCENT)
 HIGHEST    74           500 AM
 LOWEST     49           400 PM
 AVERAGE    62

..........................................................


THE MILWAUKEE WI CLIMATE NORMALS FOR TOMORROW
                         NORMAL    RECORD    YEAR
 MAXIMUM TEMPERATURE (F)   30        62      1984
 MINIMUM TEMPERATURE (F)   17       -21      1880


SUNRISE AND SUNSET
DECEMBER 28 2014......SUNRISE   722 AM CST   SUNSET   424 PM CST
DECEMBER 29 2014......SUNRISE   722 AM CST   SUNSET   425 PM CST


-  INDICATES NEGATIVE NUMBERS.
R  INDICATES RECORD WAS SET OR TIED.
MM INDICATES DATA IS MISSING.
T  INDICATES TRACE AMOUNT.




$$
