749
CDUS43 KMKX 222336
CLIMKE


CLIMATE REPORT
NATIONAL WEATHER SERVICE GREEN BAY
634 PM CDT FRI SEP 22 2017


...................................

...THE MILWAUKEE ASOS CLIMATE SUMMARY FOR SEPTEMBER 22 2017...
VALID TODAY AS OF 0500 PM LOCAL TIME.

CLIMATE NORMAL PERIOD 1981 TO 2010
CLIMATE RECORD PERIOD 1871 TO 2017


WEATHER ITEM   OBSERVED TIME   RECORD YEAR NORMAL DEPARTURE LAST
                VALUE   (LST)  VALUE       VALUE  FROM      YEAR
                                                  NORMAL
..................................................................
TEMPERATURE (F)
 TODAY
  MAXIMUM         95R   116 PM  92    1937  69     26       80
  MINIMUM         68    211 AM  32    1974  52     16       63
  AVERAGE         82                        60     22       72

PRECIPITATION (IN)
  TODAY            0.00          2.40 1988   0.11  -0.11      T
  MONTH TO DATE    0.39                      2.34  -1.95     3.13
  SINCE SEP 1      0.39                      2.34  -1.95     3.13
  SINCE JAN 1     27.71                     26.52   1.19    20.75

SNOWFALL (IN)
  TODAY            0.0           T    1949   0.0    0.0      0.0
  MONTH TO DATE    0.0                       0.0    0.0      0.0
  SINCE SEP 1      0.0                       0.0    0.0      0.0
  SINCE JUL 1      0.0                       0.0    0.0      0.0
  SNOW DEPTH       0

DEGREE DAYS
 HEATING
  TODAY            0                         6     -6        0
  MONTH TO DATE   45                        67    -22        0
  SINCE SEP 1     45                        67    -22        0
  SINCE JUL 1     54                        93    -39        2

 COOLING
  TODAY           17                         1     16        7
  MONTH TO DATE   78                        62     16      132
  SINCE SEP 1     78                        62     16      132
  SINCE JAN 1    680                       627     53      968
..................................................................


WIND (MPH)
  HIGHEST WIND SPEED    16   HIGHEST WIND DIRECTION    SE (140)
  HIGHEST GUST SPEED    20   HIGHEST GUST DIRECTION     W (250)
  AVERAGE WIND SPEED     7.8


SKY COVER
  POSSIBLE SUNSHINE  MM
  AVERAGE SKY COVER 0.2


WEATHER CONDITIONS
 THE FOLLOWING WEATHER WAS RECORDED TODAY.
  FOG
  HAZE


RELATIVE HUMIDITY (PERCENT)
 HIGHEST    97          1200 AM
 LOWEST     39          1200 PM
 AVERAGE    68

..........................................................


THE MILWAUKEE ASOS CLIMATE NORMALS FOR TOMORROW
                         NORMAL    RECORD    YEAR
 MAXIMUM TEMPERATURE (F)   68        93      1937
 MINIMUM TEMPERATURE (F)   52        28      1974


SUNRISE AND SUNSET
SEPTEMBER 22 2017.....SUNRISE   639 AM CDT   SUNSET   648 PM CDT
SEPTEMBER 23 2017.....SUNRISE   640 AM CDT   SUNSET   647 PM CDT


-  INDICATES NEGATIVE NUMBERS.
R  INDICATES RECORD WAS SET OR TIED.
MM INDICATES DATA IS MISSING.
T  INDICATES TRACE AMOUNT.




$$
