000
CDUS43 KMKX 010046
CLIMKE


CLIMATE REPORT
NATIONAL WEATHER SERVICE IN MILWAUKEE
745 PM CDT TUE MAY 31 2016


...................................

...THE MILWAUKEE WI CLIMATE SUMMARY FOR MAY 31 2016...
VALID TODAY AS OF 0700 PM LOCAL TIME.

CLIMATE NORMAL PERIOD 1981 TO 2010
CLIMATE RECORD PERIOD 1871 TO 2016


WEATHER ITEM   OBSERVED TIME   RECORD YEAR NORMAL DEPARTURE LAST
                VALUE   (LST)  VALUE       VALUE  FROM      YEAR
                                                  NORMAL
..................................................................
TEMPERATURE (F)
 TODAY
  MAXIMUM         73    243 PM  91    1925  70      3       53
  MINIMUM         60    114 AM  33    1889  51      9       41
  AVERAGE         67                        61      6       47

PRECIPITATION (IN)
  TODAY            0.03          1.12 1892   0.12  -0.09     0.00
  MONTH TO DATE    2.37                      3.40  -1.03     2.43
  SINCE MAR 1      7.51                      9.23  -1.72     8.48
  SINCE JAN 1      8.82                     12.64  -3.82    10.20

SNOWFALL (IN)
  TODAY            0.0           T    1889   0.0    0.0      0.0
  MONTH TO DATE    T                         0.1   -0.1      0.0
  SINCE MAR 1     10.0                       9.1    0.9      4.9
  SINCE JUL 1     39.1                      46.9   -7.8     43.0
  SNOW DEPTH       0

DEGREE DAYS
 HEATING
  TODAY            0                         6     -6       18
  MONTH TO DATE  264                       314    -50      264
  SINCE MAR 1   1661                      1830   -169     1763
  SINCE JUL 1   5880                      6810   -930     7095

 COOLING
  TODAY            2                         2      0        0
  MONTH TO DATE   45                        25     20       26
  SINCE MAR 1     45                        30     15       26
  SINCE JAN 1     45                        30     15       26
..................................................................


WIND (MPH)
  HIGHEST WIND SPEED    15   HIGHEST WIND DIRECTION    NW (310)
  HIGHEST GUST SPEED    20   HIGHEST GUST DIRECTION    NW (320)
  AVERAGE WIND SPEED     6.9


SKY COVER
  POSSIBLE SUNSHINE  MM
  AVERAGE SKY COVER 0.6


WEATHER CONDITIONS
 THE FOLLOWING WEATHER WAS RECORDED TODAY.
  LIGHT RAIN
  HAZE


RELATIVE HUMIDITY (PERCENT)
 HIGHEST    87           600 PM
 LOWEST     61           700 AM
 AVERAGE    74

..........................................................


THE MILWAUKEE WI CLIMATE NORMALS FOR TOMORROW
                         NORMAL    RECORD    YEAR
 MAXIMUM TEMPERATURE (F)   71       104      1934
 MINIMUM TEMPERATURE (F)   52        36      1966


SUNRISE AND SUNSET
MAY 31 2016...........SUNRISE   516 AM CDT   SUNSET   824 PM CDT
JUNE  1 2016..........SUNRISE   515 AM CDT   SUNSET   824 PM CDT


-  INDICATES NEGATIVE NUMBERS.
R  INDICATES RECORD WAS SET OR TIED.
MM INDICATES DATA IS MISSING.
T  INDICATES TRACE AMOUNT.




$$
