000
CDUS43 KMKX 170642
CLIMKE


CLIMATE REPORT
NATIONAL WEATHER SERVICE IN MILWAUKEE
141 AM CDT WED SEP 17 2014


...................................

...THE MILWAUKEE WI CLIMATE SUMMARY FOR SEPTEMBER 16 2014...

CLIMATE NORMAL PERIOD 1981 TO 2010
CLIMATE RECORD PERIOD 1871 TO 2014


WEATHER ITEM   OBSERVED TIME   RECORD YEAR NORMAL DEPARTURE LAST
                VALUE   (LST)  VALUE       VALUE  FROM      YEAR
                                                  NORMAL
..................................................................
TEMPERATURE (F)
 YESTERDAY
  MAXIMUM         65    316 PM  93    1891  71     -6       62
  MINIMUM         44    538 AM  36    1916  55    -11       46
  AVERAGE         55                        63     -8       54

PRECIPITATION (IN)
  YESTERDAY        0.00          1.16 1929   0.11  -0.11     0.00
  MONTH TO DATE    0.86                      1.68  -0.82     0.88
  SINCE SEP 1      0.86                      1.68  -0.82     0.88
  SINCE JAN 1     26.15                     25.86   0.29    31.01

SNOWFALL (IN)
  YESTERDAY        0.0           0.0    MM   0.0    0.0      0.0
  MONTH TO DATE    0.0                       0.0    0.0      0.0
  SINCE SEP 1      0.0                       0.0    0.0      0.0
  SINCE JUL 1      0.0                       0.0    0.0      0.0
  SNOW DEPTH       0

DEGREE DAYS
 HEATING
  YESTERDAY       10                         4      6       11
  MONTH TO DATE   83                        37     46       36
  SINCE SEP 1     83                        37     46       36
  SINCE JUL 1    109                        63     46       58

 COOLING
  YESTERDAY        0                         2     -2        0
  MONTH TO DATE   52                        52      0       81
  SINCE SEP 1     52                        52      0       81
  SINCE JAN 1    453                       617   -164      658
..................................................................


WIND (MPH)
  HIGHEST WIND SPEED    13   HIGHEST WIND DIRECTION    SE (120)
  HIGHEST GUST SPEED    16   HIGHEST GUST DIRECTION    NW (310)
  AVERAGE WIND SPEED     6.4


SKY COVER
  POSSIBLE SUNSHINE  MM
  AVERAGE SKY COVER 0.1


WEATHER CONDITIONS
 THE FOLLOWING WEATHER WAS RECORDED YESTERDAY.
  NO SIGNIFICANT WEATHER WAS OBSERVED.


RELATIVE HUMIDITY (PERCENT)
 HIGHEST    93          1200 AM
 LOWEST     39          1100 AM
 AVERAGE    66

..........................................................


THE MILWAUKEE WI CLIMATE NORMALS FOR TODAY
                         NORMAL    RECORD    YEAR
 MAXIMUM TEMPERATURE (F)   71        92      1891
 MINIMUM TEMPERATURE (F)   54        39      1916
                                             1875


SUNRISE AND SUNSET
SEPTEMBER 17 2014.....SUNRISE   633 AM CDT   SUNSET   658 PM CDT
SEPTEMBER 18 2014.....SUNRISE   634 AM CDT   SUNSET   656 PM CDT


-  INDICATES NEGATIVE NUMBERS.
R  INDICATES RECORD WAS SET OR TIED.
MM INDICATES DATA IS MISSING.
T  INDICATES TRACE AMOUNT.




$$
