000
CDUS43 KGRR 300532
CLIMKG


CLIMATE REPORT
NATIONAL WEATHER SERVICE GRAND RAPIDS, MI
131 AM EDT TUE MAY 30 2017


...................................

...THE MUSKEGON MI CLIMATE SUMMARY FOR MAY 29 2017...

CLIMATE NORMAL PERIOD 1981 TO 2010
CLIMATE RECORD PERIOD 1896 TO 2017


WEATHER ITEM   OBSERVED TIME   RECORD YEAR NORMAL DEPARTURE LAST
                VALUE   (LST)  VALUE       VALUE  FROM      YEAR
                                                  NORMAL
..................................................................
TEMPERATURE (F)
 YESTERDAY
  MAXIMUM         70   1257 PM  93    1962  71     -1       77
  MINIMUM         50    322 AM  33    2008  51     -1       58
  AVERAGE         60                        61     -1       68

PRECIPITATION (IN)
  YESTERDAY        0.01          2.00 1913   0.10  -0.09     0.00
  MONTH TO DATE    1.49                      3.05  -1.56     2.38
  SINCE MAR 1      8.77                      8.21   0.56     9.72
  SINCE JAN 1     14.47                     12.07   2.40    13.93

SNOWFALL (IN)
  YESTERDAY        0.0           T    1947   0.0    0.0      0.0
  MONTH TO DATE    0.0                       0.0    0.0      0.0
  SINCE MAR 1      4.5                      11.3   -6.8      7.3
  SINCE JUL 1     49.0                      93.7  -44.7     61.8
  SNOW DEPTH       0

DEGREE DAYS
 HEATING
  YESTERDAY        5                         6     -1        0
  MONTH TO DATE  267                       267      0      255
  SINCE MAR 1   1594                      1753   -159     1599
  SINCE JUL 1   5459                      6485  -1026     5619

 COOLING
  YESTERDAY        0                         1     -1        3
  MONTH TO DATE   17                        21     -4       38
  SINCE MAR 1     22                        25     -3       38
  SINCE JAN 1     22                        25     -3       38
..................................................................


WIND (MPH)
  RESULTANT WIND SPEED   8   RESULTANT WIND DIRECTION   W (250)
  HIGHEST WIND SPEED    20   HIGHEST WIND DIRECTION     W (260)
  HIGHEST GUST SPEED    28   HIGHEST GUST DIRECTION    SW (240)
  AVERAGE WIND SPEED     8.8


SKY COVER
  AVERAGE SKY COVER 0.3


WEATHER CONDITIONS
 THE FOLLOWING WEATHER WAS RECORDED YESTERDAY.
  NO SIGNIFICANT WEATHER WAS OBSERVED.


RELATIVE HUMIDITY (PERCENT)
 HIGHEST    93          1200 AM
 LOWEST     44          1200 PM
 AVERAGE    69

..........................................................


THE MUSKEGON MI CLIMATE NORMALS FOR TODAY
                         NORMAL    RECORD    YEAR
 MAXIMUM TEMPERATURE (F)   71        86      2013
                                             2011
                                             2010
 MINIMUM TEMPERATURE (F)   51        33      1945


SUNRISE AND SUNSET
MAY 30 2017...........SUNRISE   609 AM EDT   SUNSET   917 PM EDT
MAY 31 2017...........SUNRISE   608 AM EDT   SUNSET   917 PM EDT


-  INDICATES NEGATIVE NUMBERS.
R  INDICATES RECORD WAS SET OR TIED.
MM INDICATES DATA IS MISSING.
T  INDICATES TRACE AMOUNT.




$$
